{"id":82755,"date":"2025-02-20T17:22:11","date_gmt":"2025-02-20T17:22:11","guid":{"rendered":"https:\/\/onlinehardwareshop.de\/index.php\/produkt\/brother-dcp-l2627dwe-1-zustzlicher-schwarzer-xl-toner-2\/"},"modified":"2025-05-14T16:56:08","modified_gmt":"2025-05-14T16:56:08","slug":"brother-dcp-l2627dwe-1-zustzlicher-schwarzer-xl-toner","status":"publish","type":"product","link":"https:\/\/onlinehardwareshop.de\/index.php\/produkt\/brother-dcp-l2627dwe-1-zustzlicher-schwarzer-xl-toner\/","title":{"rendered":"Brother DCP-L2627DWE + 1 zus&#xE4;tzlicher schwarzer XL-Toner"},"content":{"rendered":"<p>Mit diesem Set aus Brother DCP-L2627DWE + 1 zus\u00e4tzlichen schwarzen XL-Toner holst du dir zu deinem Drucker gleich auch den passenden Toner dazu. Mit dem XL-Toner druckst du bis zu 3.000 Schwarz-Wei\u00df-Seiten. Fertige mit dem Brother DCP-L2627DWE Multifunktionsdrucker Laser Schwarz-Wei\u00df im Handumdrehen Ausdrucke, Scans und Kopien an. Du druckst bis zu 32 Seiten in Schwarz-Wei\u00df pro Minute und wartest damit nicht lange auf dein Handout f\u00fcr das n\u00e4chste Meeting. M\u00f6chtest du Papier sparen? Dann verwende den automatischen beidseitigen Druck. Du bedienst den Drucker \u00fcber die Brother Mobile Connect App auf deinem Smartphone oder PC. Der DCP-L2627DWE verf\u00fcgt au\u00dferdem \u00fcber ein eigenes WLAN-Netzwerk, sodass du ihn nicht erst \u00fcber einen Router, sondern direkt mit deinem Drucker verbindest. Alternativ verwendest du ein USB-Kabel, um den Drucker mit deinem PC zu verbinden.<\/p>\n","protected":false},"excerpt":{"rendered":"<p>Mit diesem Set aus Brother DCP-L2627DWE + 1 zus\u00e4tzlichen schwarzen XL-Toner holst du dir zu deinem Drucker gleich auch den passenden Toner dazu. Mit dem XL-Toner druckst du bis zu 3.000 Schwarz-Wei\u00df-Seiten. Fertige mit dem Brother DCP-L2627DWE Multifunktionsdrucker Laser Schwarz-Wei\u00df im Handumdrehen Ausdrucke, Scans und Kopien an. Du druckst bis zu 32 Seiten in Schwarz-Wei\u00df pro Minute und wartest damit nicht lange auf dein Handout f\u00fcr das n\u00e4chste Meeting. M\u00f6chtest du Papier sparen? Dann verwende den automatischen beidseitigen Druck. Du bedienst den Drucker \u00fcber die Brother Mobile Connect App auf deinem Smartphone oder PC. Der DCP-L2627DWE verf\u00fcgt au\u00dferdem \u00fcber ein eigenes WLAN-Netzwerk, sodass du ihn nicht erst \u00fcber einen Router, sondern direkt mit deinem Drucker verbindest. Alternativ verwendest du ein USB-Kabel, um den Drucker mit deinem PC zu verbinden.<\/p>\n","protected":false},"featured_media":0,"comment_status":"closed","ping_status":"open","template":"","meta":{"_acf_changed":false},"brand":[164],"product_brand":[],"product_cat":[2205],"product_tag":[4823],"class_list":{"0":"post-82755","1":"product","2":"type-product","3":"status-publish","5":"brand-brother","6":"product_cat-drucker","7":"product_tag-laserprinters","8":"pa_condition-new","9":"pa_coolblue-de-verzending-morgen-gratis-geliefert","10":"pa_ean-27166","12":"first","13":"instock","14":"product-type-external"},"acf":[],"_links":{"self":[{"href":"https:\/\/onlinehardwareshop.de\/index.php\/wp-json\/wp\/v2\/product\/82755","targetHints":{"allow":["GET"]}}],"collection":[{"href":"https:\/\/onlinehardwareshop.de\/index.php\/wp-json\/wp\/v2\/product"}],"about":[{"href":"https:\/\/onlinehardwareshop.de\/index.php\/wp-json\/wp\/v2\/types\/product"}],"replies":[{"embeddable":true,"href":"https:\/\/onlinehardwareshop.de\/index.php\/wp-json\/wp\/v2\/comments?post=82755"}],"wp:attachment":[{"href":"https:\/\/onlinehardwareshop.de\/index.php\/wp-json\/wp\/v2\/media?parent=82755"}],"wp:term":[{"taxonomy":"brand","embeddable":true,"href":"https:\/\/onlinehardwareshop.de\/index.php\/wp-json\/wp\/v2\/brand?post=82755"},{"taxonomy":"product_brand","embeddable":true,"href":"https:\/\/onlinehardwareshop.de\/index.php\/wp-json\/wp\/v2\/product_brand?post=82755"},{"taxonomy":"product_cat","embeddable":true,"href":"https:\/\/onlinehardwareshop.de\/index.php\/wp-json\/wp\/v2\/product_cat?post=82755"},{"taxonomy":"product_tag","embeddable":true,"href":"https:\/\/onlinehardwareshop.de\/index.php\/wp-json\/wp\/v2\/product_tag?post=82755"}],"curies":[{"name":"wp","href":"https:\/\/api.w.org\/{rel}","templated":true}]}}