{"id":82589,"date":"2024-09-12T15:19:32","date_gmt":"2024-09-12T15:19:32","guid":{"rendered":"https:\/\/onlinehardwareshop.de\/index.php\/produkt\/greenpan-padova-bratpfannenset-20-26cm-schwarz-2\/"},"modified":"2025-05-14T16:42:44","modified_gmt":"2025-05-14T16:42:44","slug":"greenpan-padova-bratpfannenset-20-26cm-schwarz","status":"publish","type":"product","link":"https:\/\/onlinehardwareshop.de\/index.php\/produkt\/greenpan-padova-bratpfannenset-20-26cm-schwarz\/","title":{"rendered":"GreenPan Padova Bratpfannenset 20 + 26&#xA0;cm Schwarz"},"content":{"rendered":"<p>Mit dem zum GreenPan Padova Bratpfannenset 20 + 26\u00a0cm Schwarz mitgelieferten Glasdeckel bereitest du ein k\u00f6stliches H\u00fchnergericht zu. Du hebst den Deckel zwischendurch nicht an, sodass die Hitze nicht entweicht. Dadurch wird dein H\u00fchnchen langsam gar und das Fleisch wird sch\u00f6n zart und saftig. Dieses Bratpfannenset eignet sich f\u00fcr alle W\u00e4rmequellen. So bereitest du deine Gerichte zum Beispiel auf einer Induktionsplatte oder im Backofen bei bis zu 160 Grad Celsius zu. Das ist vor allem n\u00fctzlich, wenn du deine Gerichte zun\u00e4chst auf dem Herd kochst und anschlie\u00dfend im Backofen fertig garst. Die keramische Antihaftbeschichtung h\u00e4lt hohen Temperaturen stand, sodass du dein Fleisch oder den Fisch schnell und knusprig backst. Die Bratpfannen lassen sich in der Sp\u00fclmaschine reinigen.<\/p>\n","protected":false},"excerpt":{"rendered":"<p>Mit dem zum GreenPan Padova Bratpfannenset 20 + 26\u00a0cm Schwarz mitgelieferten Glasdeckel bereitest du ein k\u00f6stliches H\u00fchnergericht zu. Du hebst den Deckel zwischendurch nicht an, sodass die Hitze nicht entweicht. Dadurch wird dein H\u00fchnchen langsam gar und das Fleisch wird sch\u00f6n zart und saftig. Dieses Bratpfannenset eignet sich f\u00fcr alle W\u00e4rmequellen. So bereitest du deine Gerichte zum Beispiel auf einer Induktionsplatte oder im Backofen bei bis zu 160 Grad Celsius zu. Das ist vor allem n\u00fctzlich, wenn du deine Gerichte zun\u00e4chst auf dem Herd kochst und anschlie\u00dfend im Backofen fertig garst. Die keramische Antihaftbeschichtung h\u00e4lt hohen Temperaturen stand, sodass du dein Fleisch oder den Fisch schnell und knusprig backst. Die Bratpfannen lassen sich in der Sp\u00fclmaschine reinigen.<\/p>\n","protected":false},"featured_media":0,"comment_status":"closed","ping_status":"open","template":"","meta":{"_acf_changed":false},"brand":[3971],"product_brand":[],"product_cat":[372],"product_tag":[1788],"class_list":{"0":"post-82589","1":"product","2":"type-product","3":"status-publish","5":"brand-greenpan","6":"product_cat-tpfe-und-pfannen","7":"product_tag-bakpannensets","8":"pa_condition-new","9":"pa_coolblue-de-verzending-morgen-gratis-geliefert","10":"pa_ean-25735","11":"pa_mpn-cc008480-001","13":"first","14":"instock","15":"product-type-external"},"acf":[],"_links":{"self":[{"href":"https:\/\/onlinehardwareshop.de\/index.php\/wp-json\/wp\/v2\/product\/82589","targetHints":{"allow":["GET"]}}],"collection":[{"href":"https:\/\/onlinehardwareshop.de\/index.php\/wp-json\/wp\/v2\/product"}],"about":[{"href":"https:\/\/onlinehardwareshop.de\/index.php\/wp-json\/wp\/v2\/types\/product"}],"replies":[{"embeddable":true,"href":"https:\/\/onlinehardwareshop.de\/index.php\/wp-json\/wp\/v2\/comments?post=82589"}],"wp:attachment":[{"href":"https:\/\/onlinehardwareshop.de\/index.php\/wp-json\/wp\/v2\/media?parent=82589"}],"wp:term":[{"taxonomy":"brand","embeddable":true,"href":"https:\/\/onlinehardwareshop.de\/index.php\/wp-json\/wp\/v2\/brand?post=82589"},{"taxonomy":"product_brand","embeddable":true,"href":"https:\/\/onlinehardwareshop.de\/index.php\/wp-json\/wp\/v2\/product_brand?post=82589"},{"taxonomy":"product_cat","embeddable":true,"href":"https:\/\/onlinehardwareshop.de\/index.php\/wp-json\/wp\/v2\/product_cat?post=82589"},{"taxonomy":"product_tag","embeddable":true,"href":"https:\/\/onlinehardwareshop.de\/index.php\/wp-json\/wp\/v2\/product_tag?post=82589"}],"curies":[{"name":"wp","href":"https:\/\/api.w.org\/{rel}","templated":true}]}}