{"id":82588,"date":"2024-07-22T08:53:25","date_gmt":"2024-07-22T08:53:25","guid":{"rendered":"https:\/\/onlinehardwareshop.de\/index.php\/produkt\/bk-sublime-bratpfannenset-24-28cm-cream-2\/"},"modified":"2025-05-14T16:42:39","modified_gmt":"2025-05-14T16:42:39","slug":"bk-sublime-bratpfannenset-24-28cm-cream","status":"publish","type":"product","link":"https:\/\/onlinehardwareshop.de\/index.php\/produkt\/bk-sublime-bratpfannenset-24-28cm-cream\/","title":{"rendered":"BK Sublime Bratpfannenset 24 + 28&#xA0;cm Cream"},"content":{"rendered":"<p>Mit dem BK Sublime Bratpfannenset 24 + 28\u00a0cm bereitest du ganz leicht ein gro\u00dfes Steak oder Bratkartoffeln f\u00fcr mehrere Personen zu. Dank des Glasdeckels entweicht die Hitze dabei nicht. Deine Gerichte garen langsam, ohne dass du den Deckel zwischendurch anhebst. So bereitest du zum Beispiel eine leckere Nudelso\u00dfe ohne W\u00e4rmeverlust zu. Mit einem Durchmesser von 28\u00a0cm bietet dir die Pfanne gen\u00fcgend Platz zum Anbraten gro\u00dfer St\u00fccke Fleisch oder Gem\u00fcse. Bereite darin zum Beispiel ein ganzes H\u00e4hnchen oder gro\u00dfe Portionen Beilagen zu. Die Pfannen eignen sich f\u00fcr alle W\u00e4rmequellen, auch f\u00fcr Induktion. Das Set ist au\u00dferdem ofenfest bis 220 Grad Celsius. Die mitgelieferten Pfannenschoner sch\u00fctzt deine Pfannen vor Kratzern und Abnutzung.<\/p>\n","protected":false},"excerpt":{"rendered":"<p>Mit dem BK Sublime Bratpfannenset 24 + 28\u00a0cm bereitest du ganz leicht ein gro\u00dfes Steak oder Bratkartoffeln f\u00fcr mehrere Personen zu. Dank des Glasdeckels entweicht die Hitze dabei nicht. Deine Gerichte garen langsam, ohne dass du den Deckel zwischendurch anhebst. So bereitest du zum Beispiel eine leckere Nudelso\u00dfe ohne W\u00e4rmeverlust zu. Mit einem Durchmesser von 28\u00a0cm bietet dir die Pfanne gen\u00fcgend Platz zum Anbraten gro\u00dfer St\u00fccke Fleisch oder Gem\u00fcse. Bereite darin zum Beispiel ein ganzes H\u00e4hnchen oder gro\u00dfe Portionen Beilagen zu. Die Pfannen eignen sich f\u00fcr alle W\u00e4rmequellen, auch f\u00fcr Induktion. Das Set ist au\u00dferdem ofenfest bis 220 Grad Celsius. Die mitgelieferten Pfannenschoner sch\u00fctzt deine Pfannen vor Kratzern und Abnutzung.<\/p>\n","protected":false},"featured_media":0,"comment_status":"closed","ping_status":"open","template":"","meta":{"_acf_changed":false},"brand":[397],"product_brand":[],"product_cat":[372],"product_tag":[1788],"class_list":{"0":"post-82588","1":"product","2":"type-product","3":"status-publish","5":"brand-bk","6":"product_cat-tpfe-und-pfannen","7":"product_tag-bakpannensets","8":"pa_condition-new","9":"pa_coolblue-de-verzending-morgen-gratis-geliefert","10":"pa_ean-25733","11":"pa_mpn-cc009080-001","13":"first","14":"instock","15":"product-type-external"},"acf":[],"_links":{"self":[{"href":"https:\/\/onlinehardwareshop.de\/index.php\/wp-json\/wp\/v2\/product\/82588","targetHints":{"allow":["GET"]}}],"collection":[{"href":"https:\/\/onlinehardwareshop.de\/index.php\/wp-json\/wp\/v2\/product"}],"about":[{"href":"https:\/\/onlinehardwareshop.de\/index.php\/wp-json\/wp\/v2\/types\/product"}],"replies":[{"embeddable":true,"href":"https:\/\/onlinehardwareshop.de\/index.php\/wp-json\/wp\/v2\/comments?post=82588"}],"wp:attachment":[{"href":"https:\/\/onlinehardwareshop.de\/index.php\/wp-json\/wp\/v2\/media?parent=82588"}],"wp:term":[{"taxonomy":"brand","embeddable":true,"href":"https:\/\/onlinehardwareshop.de\/index.php\/wp-json\/wp\/v2\/brand?post=82588"},{"taxonomy":"product_brand","embeddable":true,"href":"https:\/\/onlinehardwareshop.de\/index.php\/wp-json\/wp\/v2\/product_brand?post=82588"},{"taxonomy":"product_cat","embeddable":true,"href":"https:\/\/onlinehardwareshop.de\/index.php\/wp-json\/wp\/v2\/product_cat?post=82588"},{"taxonomy":"product_tag","embeddable":true,"href":"https:\/\/onlinehardwareshop.de\/index.php\/wp-json\/wp\/v2\/product_tag?post=82588"}],"curies":[{"name":"wp","href":"https:\/\/api.w.org\/{rel}","templated":true}]}}