{"id":82556,"date":"2025-02-09T05:52:11","date_gmt":"2025-02-09T05:52:11","guid":{"rendered":"https:\/\/onlinehardwareshop.de\/index.php\/produkt\/bowers-n-bluebuilt-power-delivery-ladegert-mit-usb-c-port-20w-wei-4\/"},"modified":"2025-05-14T16:39:59","modified_gmt":"2025-05-14T16:39:59","slug":"bowers-n-bluebuilt-power-delivery-ladegert-mit-usb-c-port-20w-wei-2","status":"publish","type":"product","link":"https:\/\/onlinehardwareshop.de\/index.php\/produkt\/bowers-n-bluebuilt-power-delivery-ladegert-mit-usb-c-port-20w-wei-2\/","title":{"rendered":"Bowers &#038; Wilkins Px8 Gr&#xFC;n + BlueBuilt Power-Delivery-Ladeger&#xE4;t mit USB-C-Port 20&#xA0;W Wei&#xDF;"},"content":{"rendered":"<p>Mit diesem Set aus Bowers &#038; Wilkins Px8 Gr\u00fcn + BlueBuilt Power-Delivery-Ladeger\u00e4t mit USB-C-Port 20\u00a0W Wei\u00df entscheidest du dich f\u00fcr einen Kopfh\u00f6rer mit klarem Sound. Du l\u00e4dst ihn mit dem Ladeger\u00e4t auch direkt auf. In diesem Kopfh\u00f6rer wurden hochwertige Bestandteile verbaut, wodurch du Audio in einer hohen Aufl\u00f6sung h\u00f6rst. Der Kopfh\u00f6rer verf\u00fcgt au\u00dferdem \u00fcber Noise Cancelling, was Umgebungsger\u00e4usche d\u00e4mpft. So h\u00f6rst du weniger von deiner Umgebung und stellst die Lautst\u00e4rke nicht unn\u00f6tig laut ein. Dank des Bluetooth-Profils aptX streamst du Musik kabellos, ohne dass die Tonqualit\u00e4t schlechter wird. Mit einer vollen Akkuladung verwendest du den Kopfh\u00f6rer f\u00fcr 30 Stunden. So geht dir nach einem langen Arbeitstag nicht so schnell die Musik aus.<\/p>\n","protected":false},"excerpt":{"rendered":"<p>Mit diesem Set aus Bowers &#038; Wilkins Px8 Gr\u00fcn + BlueBuilt Power-Delivery-Ladeger\u00e4t mit USB-C-Port 20\u00a0W Wei\u00df entscheidest du dich f\u00fcr einen Kopfh\u00f6rer mit klarem Sound. Du l\u00e4dst ihn mit dem Ladeger\u00e4t auch direkt auf. In diesem Kopfh\u00f6rer wurden hochwertige Bestandteile verbaut, wodurch du Audio in einer hohen Aufl\u00f6sung h\u00f6rst. Der Kopfh\u00f6rer verf\u00fcgt au\u00dferdem \u00fcber Noise Cancelling, was Umgebungsger\u00e4usche d\u00e4mpft. So h\u00f6rst du weniger von deiner Umgebung und stellst die Lautst\u00e4rke nicht unn\u00f6tig laut ein. Dank des Bluetooth-Profils aptX streamst du Musik kabellos, ohne dass die Tonqualit\u00e4t schlechter wird. Mit einer vollen Akkuladung verwendest du den Kopfh\u00f6rer f\u00fcr 30 Stunden. So geht dir nach einem langen Arbeitstag nicht so schnell die Musik aus.<\/p>\n","protected":false},"featured_media":0,"comment_status":"closed","ping_status":"open","template":"","meta":{"_acf_changed":false},"brand":[2159],"product_brand":[],"product_cat":[1182],"product_tag":[5609],"class_list":{"0":"post-82556","1":"product","2":"type-product","3":"status-publish","5":"brand-bowers-wilkins","6":"product_cat-kopfhrer","7":"product_tag-hoofdtelefoons-met-noisecancelling","8":"pa_condition-new","9":"pa_coolblue-de-verzending-morgen-gratis-geliefert","10":"pa_ean-25669","12":"first","13":"instock","14":"product-type-external"},"acf":[],"_links":{"self":[{"href":"https:\/\/onlinehardwareshop.de\/index.php\/wp-json\/wp\/v2\/product\/82556","targetHints":{"allow":["GET"]}}],"collection":[{"href":"https:\/\/onlinehardwareshop.de\/index.php\/wp-json\/wp\/v2\/product"}],"about":[{"href":"https:\/\/onlinehardwareshop.de\/index.php\/wp-json\/wp\/v2\/types\/product"}],"replies":[{"embeddable":true,"href":"https:\/\/onlinehardwareshop.de\/index.php\/wp-json\/wp\/v2\/comments?post=82556"}],"wp:attachment":[{"href":"https:\/\/onlinehardwareshop.de\/index.php\/wp-json\/wp\/v2\/media?parent=82556"}],"wp:term":[{"taxonomy":"brand","embeddable":true,"href":"https:\/\/onlinehardwareshop.de\/index.php\/wp-json\/wp\/v2\/brand?post=82556"},{"taxonomy":"product_brand","embeddable":true,"href":"https:\/\/onlinehardwareshop.de\/index.php\/wp-json\/wp\/v2\/product_brand?post=82556"},{"taxonomy":"product_cat","embeddable":true,"href":"https:\/\/onlinehardwareshop.de\/index.php\/wp-json\/wp\/v2\/product_cat?post=82556"},{"taxonomy":"product_tag","embeddable":true,"href":"https:\/\/onlinehardwareshop.de\/index.php\/wp-json\/wp\/v2\/product_tag?post=82556"}],"curies":[{"name":"wp","href":"https:\/\/api.w.org\/{rel}","templated":true}]}}