{"id":82472,"date":"2024-06-01T05:34:18","date_gmt":"2024-06-01T05:34:18","guid":{"rendered":"https:\/\/onlinehardwareshop.de\/index.php\/produkt\/lexar-go-portable-ssd-sl400-2tb-hub-2\/"},"modified":"2025-05-14T16:21:49","modified_gmt":"2025-05-14T16:21:49","slug":"lexar-go-portable-ssd-sl400-2tb-hub","status":"publish","type":"product","link":"https:\/\/onlinehardwareshop.de\/index.php\/produkt\/lexar-go-portable-ssd-sl400-2tb-hub\/","title":{"rendered":"Lexar Go Portable SSD SL400 2TB + Hub"},"content":{"rendered":"<p>Mit der Lexar Go Portable SSD SL400 2\u00a0TB + Hub speicherst du wichtige Dateien und machst professionelle Fotos oder Videos. Diese externe Festplatte ist klein im Format und du schlie\u00dft sie dank des USB-C-Adapters ganz einfach an dein iPhone\u00a015 oder 16 an. Der mitgelieferte SSD-Hub verf\u00fcgt \u00fcber vier USB-C-Anschl\u00fcsse, sodass du daran noch mehr Ger\u00e4te anschlie\u00dft. Au\u00dferdem machst du mit dieser externen SSD Apple ProRes Fotos oder Videos f\u00fcr professionellen Content. Auf dem 2\u00a0TB gro\u00dfen Speicher dieser Festplatte ist genug Platz f\u00fcr 200.000 Fotos oder 66 Stunden an 4K-Bildmaterial. Die Go Portable SSD SL400 hat eine Lesegeschwindigkeit von 1.050\u00a0MB\/s und eine Schreibgeschwindigkeit von 1.000\u00a0MB\/s. Daher \u00f6ffnest und \u00fcbertr\u00e4gst du Dateien blitzschnell. Zudem ist diese SSD spritzwasser- und staubgesch\u00fctzt. Dank der Datenverschl\u00fcsselung sind deine Dateien gut gesch\u00fctzt. Au\u00dferdem ist die SSD dank des Metallgeh\u00e4uses besonders stabil. Du erh\u00e4ltst von Lexar f\u00fcnf Jahre Garantie auf diese externe SSD.<\/p>\n","protected":false},"excerpt":{"rendered":"<p>Mit der Lexar Go Portable SSD SL400 2\u00a0TB + Hub speicherst du wichtige Dateien und machst professionelle Fotos oder Videos. Diese externe Festplatte ist klein im Format und du schlie\u00dft sie dank des USB-C-Adapters ganz einfach an dein iPhone\u00a015 oder 16 an. Der mitgelieferte SSD-Hub verf\u00fcgt \u00fcber vier USB-C-Anschl\u00fcsse, sodass du daran noch mehr Ger\u00e4te anschlie\u00dft. Au\u00dferdem machst du mit dieser externen SSD Apple ProRes Fotos oder Videos f\u00fcr professionellen Content. Auf dem 2\u00a0TB gro\u00dfen Speicher dieser Festplatte ist genug Platz f\u00fcr 200.000 Fotos oder 66 Stunden an 4K-Bildmaterial. Die Go Portable SSD SL400 hat eine Lesegeschwindigkeit von 1.050\u00a0MB\/s und eine Schreibgeschwindigkeit von 1.000\u00a0MB\/s. Daher \u00f6ffnest und \u00fcbertr\u00e4gst du Dateien blitzschnell. Zudem ist diese SSD spritzwasser- und staubgesch\u00fctzt. Dank der Datenverschl\u00fcsselung sind deine Dateien gut gesch\u00fctzt. Au\u00dferdem ist die SSD dank des Metallgeh\u00e4uses besonders stabil. Du erh\u00e4ltst von Lexar f\u00fcnf Jahre Garantie auf diese externe SSD.<\/p>\n","protected":false},"featured_media":0,"comment_status":"closed","ping_status":"open","template":"","meta":{"_acf_changed":false},"brand":[12499],"product_brand":[],"product_cat":[4819],"product_tag":[4820],"class_list":{"0":"post-82472","1":"product","2":"type-product","3":"status-publish","5":"brand-lexar","6":"product_cat-externe-ssds","7":"product_tag-harde-schijven-extern-ssd","8":"pa_condition-new","9":"pa_coolblue-de-verzending-morgen-gratis-geliefert","10":"pa_ean-25528","11":"pa_mpn-25529","13":"first","14":"instock","15":"product-type-external"},"acf":[],"_links":{"self":[{"href":"https:\/\/onlinehardwareshop.de\/index.php\/wp-json\/wp\/v2\/product\/82472","targetHints":{"allow":["GET"]}}],"collection":[{"href":"https:\/\/onlinehardwareshop.de\/index.php\/wp-json\/wp\/v2\/product"}],"about":[{"href":"https:\/\/onlinehardwareshop.de\/index.php\/wp-json\/wp\/v2\/types\/product"}],"replies":[{"embeddable":true,"href":"https:\/\/onlinehardwareshop.de\/index.php\/wp-json\/wp\/v2\/comments?post=82472"}],"wp:attachment":[{"href":"https:\/\/onlinehardwareshop.de\/index.php\/wp-json\/wp\/v2\/media?parent=82472"}],"wp:term":[{"taxonomy":"brand","embeddable":true,"href":"https:\/\/onlinehardwareshop.de\/index.php\/wp-json\/wp\/v2\/brand?post=82472"},{"taxonomy":"product_brand","embeddable":true,"href":"https:\/\/onlinehardwareshop.de\/index.php\/wp-json\/wp\/v2\/product_brand?post=82472"},{"taxonomy":"product_cat","embeddable":true,"href":"https:\/\/onlinehardwareshop.de\/index.php\/wp-json\/wp\/v2\/product_cat?post=82472"},{"taxonomy":"product_tag","embeddable":true,"href":"https:\/\/onlinehardwareshop.de\/index.php\/wp-json\/wp\/v2\/product_tag?post=82472"}],"curies":[{"name":"wp","href":"https:\/\/api.w.org\/{rel}","templated":true}]}}