{"id":82235,"date":"2024-12-19T02:49:41","date_gmt":"2024-12-19T02:49:41","guid":{"rendered":"https:\/\/onlinehardwareshop.de\/index.php\/produkt\/apple-macbook-pro-14-m4-max-14-core-cpu-32-core-gpu-36gb-1tb-space-schwarz-qwertz-2\/"},"modified":"2025-05-14T15:57:07","modified_gmt":"2025-05-14T15:57:07","slug":"apple-macbook-pro-14-m4-max-14-core-cpu-32-core-gpu-36gb-1tb-space-schwarz-qwertz","status":"publish","type":"product","link":"https:\/\/onlinehardwareshop.de\/index.php\/produkt\/apple-macbook-pro-14-m4-max-14-core-cpu-32-core-gpu-36gb-1tb-space-schwarz-qwertz\/","title":{"rendered":"Apple MacBook Pro 14&#34; M4 Max (14 Core CPU \/ 32 Core GPU) 36GB\/1TB Space Schwarz QWERTZ"},"content":{"rendered":"<p>Mit dem Apple Apple MacBook Pro 14 Zoll M4 Max (14 Core CPU \/ 32 Core GPU) 36\u00a0GB \/ 1\u00a0TB Space Schwarz QWERTZ bearbeitest du komplexe 3D-Designs m\u00fchelos und entwickelst Apps. So legst du mit deinen Entw\u00fcrfen in Cinema 4D los und entwickelst deine Apps in leistungsintensiven Programmen wie Xcode. Daf\u00fcr sind der Apple M4 Max Chip, der 36\u00a0GB gro\u00dfe Arbeitsspeicher und die 16-Core-NPU leistungsstark genug. Du speicherst Dateien auf der gro\u00dfen 1-TB-Festplatte. Auf dem 1.600 Nits Liquid Retina XDR Bildschirm arbeitest du problemlos in hell beleuchteten R\u00e4umen, profitierst von realistischen Farben und siehst jedes Detail gut. M\u00f6chtest du mehr Bildschirmplatz? Dann schlie\u00dft du m\u00fchelos vier zus\u00e4tzliche Bildschirme mit hoher Aufl\u00f6sung an. Dieses MacBook hat sechs USB-C-Ports, wobei drei Eing\u00e4nge mit Thunderbolt 5 funktionieren. Dadurch \u00fcbertr\u00e4gst du Daten noch schneller und schlie\u00dft noch mehr Peripherieger\u00e4te an deine Dockingstations an. Du arbeitest problemlos einen ganzen Tag an deinen Kreationen, denn ein vollst\u00e4ndig aufgeladenes MacBook Pro h\u00e4lt bis zu 24 Stunden lang durch. L\u00e4ufst du bei Videogespr\u00e4chen gerne herum? Das ist gar kein Problem, denn mit der Folgemodus Technologie bist du mit der Webcam immer in der Bildmitte zu sehen.  Empfehlung unseres Apple-Experten Internet, E-Mail und Textverarbeitung: geeignet Filme und Serien ansehen: geeignet Fotobearbeitung: geeignet Videobearbeitung: geeignet 3D-Entw\u00fcrfe erstellen und rendern: m\u00f6glich Apps in Xcode entwickeln: geeignet Gaming: m\u00f6glich, aber vor allem Low-End-Games. Alle Spiele von Apple Arcade sind allerdings geeignet.<\/p>\n","protected":false},"excerpt":{"rendered":"<p>Mit dem Apple Apple MacBook Pro 14 Zoll M4 Max (14 Core CPU \/ 32 Core GPU) 36\u00a0GB \/ 1\u00a0TB Space Schwarz QWERTZ bearbeitest du komplexe 3D-Designs m\u00fchelos und entwickelst Apps. So legst du mit deinen Entw\u00fcrfen in Cinema 4D los und entwickelst deine Apps in leistungsintensiven Programmen wie Xcode. Daf\u00fcr sind der Apple M4 Max Chip, der 36\u00a0GB gro\u00dfe Arbeitsspeicher und die 16-Core-NPU leistungsstark genug. Du speicherst Dateien auf der gro\u00dfen 1-TB-Festplatte. Auf dem 1.600 Nits Liquid Retina XDR Bildschirm arbeitest du problemlos in hell beleuchteten R\u00e4umen, profitierst von realistischen Farben und siehst jedes Detail gut. M\u00f6chtest du mehr Bildschirmplatz? Dann schlie\u00dft du m\u00fchelos vier zus\u00e4tzliche Bildschirme mit hoher Aufl\u00f6sung an. Dieses MacBook hat sechs USB-C-Ports, wobei drei Eing\u00e4nge mit Thunderbolt 5 funktionieren. Dadurch \u00fcbertr\u00e4gst du Daten noch schneller und schlie\u00dft noch mehr Peripherieger\u00e4te an deine Dockingstations an. Du arbeitest problemlos einen ganzen Tag an deinen Kreationen, denn ein vollst\u00e4ndig aufgeladenes MacBook Pro h\u00e4lt bis zu 24 Stunden lang durch. L\u00e4ufst du bei Videogespr\u00e4chen gerne herum? Das ist gar kein Problem, denn mit der Folgemodus Technologie bist du mit der Webcam immer in der Bildmitte zu sehen.  Empfehlung unseres Apple-Experten Internet, E-Mail und Textverarbeitung: geeignet Filme und Serien ansehen: geeignet Fotobearbeitung: geeignet Videobearbeitung: geeignet 3D-Entw\u00fcrfe erstellen und rendern: m\u00f6glich Apps in Xcode entwickeln: geeignet Gaming: m\u00f6glich, aber vor allem Low-End-Games. Alle Spiele von Apple Arcade sind allerdings geeignet.<\/p>\n","protected":false},"featured_media":0,"comment_status":"closed","ping_status":"open","template":"","meta":{"_acf_changed":false},"brand":[148],"product_brand":[],"product_cat":[8884],"product_tag":[8885],"class_list":{"0":"post-82235","1":"product","2":"type-product","3":"status-publish","5":"brand-apple","6":"product_cat-laptops","7":"product_tag-macbooks-qwertz","8":"pa_condition-new","9":"pa_coolblue-de-verzending-morgen-gratis-geliefert","10":"pa_ean-25120","11":"pa_mpn-mx2k3d-a","13":"first","14":"instock","15":"product-type-external"},"acf":[],"_links":{"self":[{"href":"https:\/\/onlinehardwareshop.de\/index.php\/wp-json\/wp\/v2\/product\/82235","targetHints":{"allow":["GET"]}}],"collection":[{"href":"https:\/\/onlinehardwareshop.de\/index.php\/wp-json\/wp\/v2\/product"}],"about":[{"href":"https:\/\/onlinehardwareshop.de\/index.php\/wp-json\/wp\/v2\/types\/product"}],"replies":[{"embeddable":true,"href":"https:\/\/onlinehardwareshop.de\/index.php\/wp-json\/wp\/v2\/comments?post=82235"}],"wp:attachment":[{"href":"https:\/\/onlinehardwareshop.de\/index.php\/wp-json\/wp\/v2\/media?parent=82235"}],"wp:term":[{"taxonomy":"brand","embeddable":true,"href":"https:\/\/onlinehardwareshop.de\/index.php\/wp-json\/wp\/v2\/brand?post=82235"},{"taxonomy":"product_brand","embeddable":true,"href":"https:\/\/onlinehardwareshop.de\/index.php\/wp-json\/wp\/v2\/product_brand?post=82235"},{"taxonomy":"product_cat","embeddable":true,"href":"https:\/\/onlinehardwareshop.de\/index.php\/wp-json\/wp\/v2\/product_cat?post=82235"},{"taxonomy":"product_tag","embeddable":true,"href":"https:\/\/onlinehardwareshop.de\/index.php\/wp-json\/wp\/v2\/product_tag?post=82235"}],"curies":[{"name":"wp","href":"https:\/\/api.w.org\/{rel}","templated":true}]}}