{"id":82197,"date":"2024-08-04T22:10:52","date_gmt":"2024-08-04T22:10:52","guid":{"rendered":"https:\/\/onlinehardwareshop.de\/index.php\/produkt\/canon-pixma-ts5150-1-satz-xl-reservepatronen-2\/"},"modified":"2025-05-14T15:53:56","modified_gmt":"2025-05-14T15:53:56","slug":"canon-pixma-ts5150-1-satz-xl-reservepatronen","status":"publish","type":"product","link":"https:\/\/onlinehardwareshop.de\/index.php\/produkt\/canon-pixma-ts5150-1-satz-xl-reservepatronen\/","title":{"rendered":"Canon PIXMA TS5150 + 1 Satz XL-Reservepatronen"},"content":{"rendered":"<p>Lege dir mit dem Set aus Canon PIXMA TS5150 + 1 Satz XL-Reservepatronen zus\u00e4tzlich zum Drucker auch eine schwarze Patrone und eine Farbpatrone in XL zu. Mit den XL-Patronen druckst du rund 400 Seiten in Farbe und 600 Seiten in Schwarz-Wei\u00df aus, sodass du vorerst gen\u00fcgend Tinte hast. Mit dem Canon PIXMA TS5150 druckst, scannst und kopierst du Dokumente in Farbe oder Schwarz-Wei\u00df. Fotos druckst du randlos mit einer hohen Aufl\u00f6sung von 4.800\u00a0x 1.200\u00a0dpi. Da der Drucker WLAN unterst\u00fctzt, ben\u00f6tigst du kein Druckerkabel, sondern druckst kabellos \u00fcber deinen Laptop, dein Tablet oder dein Smartphone. Der TS5150 unterst\u00fctzt zudem auch Bluetooth. M\u00f6chtest du die Einstellungen anpassen oder ein neues Ger\u00e4t hinzuf\u00fcgen? Dann geht das ganz einfach \u00fcber den Touchscreen.<\/p>\n","protected":false},"excerpt":{"rendered":"<p>Lege dir mit dem Set aus Canon PIXMA TS5150 + 1 Satz XL-Reservepatronen zus\u00e4tzlich zum Drucker auch eine schwarze Patrone und eine Farbpatrone in XL zu. Mit den XL-Patronen druckst du rund 400 Seiten in Farbe und 600 Seiten in Schwarz-Wei\u00df aus, sodass du vorerst gen\u00fcgend Tinte hast. Mit dem Canon PIXMA TS5150 druckst, scannst und kopierst du Dokumente in Farbe oder Schwarz-Wei\u00df. Fotos druckst du randlos mit einer hohen Aufl\u00f6sung von 4.800\u00a0x 1.200\u00a0dpi. Da der Drucker WLAN unterst\u00fctzt, ben\u00f6tigst du kein Druckerkabel, sondern druckst kabellos \u00fcber deinen Laptop, dein Tablet oder dein Smartphone. Der TS5150 unterst\u00fctzt zudem auch Bluetooth. M\u00f6chtest du die Einstellungen anpassen oder ein neues Ger\u00e4t hinzuf\u00fcgen? Dann geht das ganz einfach \u00fcber den Touchscreen.<\/p>\n","protected":false},"featured_media":0,"comment_status":"closed","ping_status":"open","template":"","meta":{"_acf_changed":false},"brand":[61],"product_brand":[],"product_cat":[2205],"product_tag":[2206],"class_list":{"0":"post-82197","1":"product","2":"type-product","3":"status-publish","5":"brand-canon","6":"product_cat-drucker","7":"product_tag-inkjetprinters","8":"pa_condition-new","9":"pa_coolblue-de-verzending-morgen-gratis-geliefert","10":"pa_ean-25049","12":"first","13":"instock","14":"product-type-external"},"acf":[],"_links":{"self":[{"href":"https:\/\/onlinehardwareshop.de\/index.php\/wp-json\/wp\/v2\/product\/82197","targetHints":{"allow":["GET"]}}],"collection":[{"href":"https:\/\/onlinehardwareshop.de\/index.php\/wp-json\/wp\/v2\/product"}],"about":[{"href":"https:\/\/onlinehardwareshop.de\/index.php\/wp-json\/wp\/v2\/types\/product"}],"replies":[{"embeddable":true,"href":"https:\/\/onlinehardwareshop.de\/index.php\/wp-json\/wp\/v2\/comments?post=82197"}],"wp:attachment":[{"href":"https:\/\/onlinehardwareshop.de\/index.php\/wp-json\/wp\/v2\/media?parent=82197"}],"wp:term":[{"taxonomy":"brand","embeddable":true,"href":"https:\/\/onlinehardwareshop.de\/index.php\/wp-json\/wp\/v2\/brand?post=82197"},{"taxonomy":"product_brand","embeddable":true,"href":"https:\/\/onlinehardwareshop.de\/index.php\/wp-json\/wp\/v2\/product_brand?post=82197"},{"taxonomy":"product_cat","embeddable":true,"href":"https:\/\/onlinehardwareshop.de\/index.php\/wp-json\/wp\/v2\/product_cat?post=82197"},{"taxonomy":"product_tag","embeddable":true,"href":"https:\/\/onlinehardwareshop.de\/index.php\/wp-json\/wp\/v2\/product_tag?post=82197"}],"curies":[{"name":"wp","href":"https:\/\/api.w.org\/{rel}","templated":true}]}}