{"id":82080,"date":"2024-03-25T04:39:04","date_gmt":"2024-03-25T04:39:04","guid":{"rendered":"https:\/\/onlinehardwareshop.de\/index.php\/produkt\/tolino-shine-origami-falttasche-black-2\/"},"modified":"2025-05-14T15:43:11","modified_gmt":"2025-05-14T15:43:11","slug":"tolino-shine-origami-falttasche-black","status":"publish","type":"product","link":"https:\/\/onlinehardwareshop.de\/index.php\/produkt\/tolino-shine-origami-falttasche-black\/","title":{"rendered":"tolino shine &#8211; Origami Falttasche &#8211; Black"},"content":{"rendered":"<p>Sch\u00fctze deinen tolino shine oder tolino shine color eBook-Reader vor Dellen, Kratzern und Staub mit der tolino shine Origami Falttasche in Black. Dank des Magnetverschlusses ist die H\u00fclle jederzeit fest verschlossen. So schont die H\u00fclle das Display sowie die Vorder- und R\u00fcckseite deines eBook-Readers. Du steckst deinen tolino shine oder tolino shine color also getrost in dieselbe Tasche wie deinen Schl\u00fcssel. Wenn du die H\u00fclle aufklappst, geht dein eBook-Reader direkt an. Schlie\u00dft du die H\u00fclle, geht er in den Ruhemodus. Dadurch h\u00e4lt die Batterie l\u00e4nger. Hast du keine Lust, deinen eBook-Reader beim Lesen in der Hand zu halten? Mit der Frontklappe mit integriertem Standfu\u00df stellst du ihn aufrecht hin.<\/p>\n","protected":false},"excerpt":{"rendered":"<p>Sch\u00fctze deinen tolino shine oder tolino shine color eBook-Reader vor Dellen, Kratzern und Staub mit der tolino shine Origami Falttasche in Black. Dank des Magnetverschlusses ist die H\u00fclle jederzeit fest verschlossen. So schont die H\u00fclle das Display sowie die Vorder- und R\u00fcckseite deines eBook-Readers. Du steckst deinen tolino shine oder tolino shine color also getrost in dieselbe Tasche wie deinen Schl\u00fcssel. Wenn du die H\u00fclle aufklappst, geht dein eBook-Reader direkt an. Schlie\u00dft du die H\u00fclle, geht er in den Ruhemodus. Dadurch h\u00e4lt die Batterie l\u00e4nger. Hast du keine Lust, deinen eBook-Reader beim Lesen in der Hand zu halten? Mit der Frontklappe mit integriertem Standfu\u00df stellst du ihn aufrecht hin.<\/p>\n","protected":false},"featured_media":0,"comment_status":"closed","ping_status":"open","template":"","meta":{"_acf_changed":false},"brand":[23320],"product_brand":[],"product_cat":[13328],"product_tag":[13329],"class_list":{"0":"post-82080","1":"product","2":"type-product","3":"status-publish","5":"brand-tolino","6":"product_cat-hllen-fr-ebook-reader","7":"product_tag-cases-e-readers","8":"pa_condition-new","9":"pa_coolblue-de-verzending-morgen-gratis-geliefert","10":"pa_ean-33352","11":"pa_mpn-33353","13":"first","14":"instock","15":"product-type-external"},"acf":[],"_links":{"self":[{"href":"https:\/\/onlinehardwareshop.de\/index.php\/wp-json\/wp\/v2\/product\/82080","targetHints":{"allow":["GET"]}}],"collection":[{"href":"https:\/\/onlinehardwareshop.de\/index.php\/wp-json\/wp\/v2\/product"}],"about":[{"href":"https:\/\/onlinehardwareshop.de\/index.php\/wp-json\/wp\/v2\/types\/product"}],"replies":[{"embeddable":true,"href":"https:\/\/onlinehardwareshop.de\/index.php\/wp-json\/wp\/v2\/comments?post=82080"}],"wp:attachment":[{"href":"https:\/\/onlinehardwareshop.de\/index.php\/wp-json\/wp\/v2\/media?parent=82080"}],"wp:term":[{"taxonomy":"brand","embeddable":true,"href":"https:\/\/onlinehardwareshop.de\/index.php\/wp-json\/wp\/v2\/brand?post=82080"},{"taxonomy":"product_brand","embeddable":true,"href":"https:\/\/onlinehardwareshop.de\/index.php\/wp-json\/wp\/v2\/product_brand?post=82080"},{"taxonomy":"product_cat","embeddable":true,"href":"https:\/\/onlinehardwareshop.de\/index.php\/wp-json\/wp\/v2\/product_cat?post=82080"},{"taxonomy":"product_tag","embeddable":true,"href":"https:\/\/onlinehardwareshop.de\/index.php\/wp-json\/wp\/v2\/product_tag?post=82080"}],"curies":[{"name":"wp","href":"https:\/\/api.w.org\/{rel}","templated":true}]}}