{"id":82069,"date":"2024-01-06T15:24:06","date_gmt":"2024-01-06T15:24:06","guid":{"rendered":"https:\/\/onlinehardwareshop.de\/index.php\/produkt\/hp-laserjet-pro-mfp-4102fdw-1-zustzlicher-schwarzer-xl-toner-2\/"},"modified":"2025-05-14T15:42:17","modified_gmt":"2025-05-14T15:42:17","slug":"hp-laserjet-pro-mfp-4102fdw-1-zustzlicher-schwarzer-xl-toner","status":"publish","type":"product","link":"https:\/\/onlinehardwareshop.de\/index.php\/produkt\/hp-laserjet-pro-mfp-4102fdw-1-zustzlicher-schwarzer-xl-toner\/","title":{"rendered":"HP LaserJet Pro MFP 4102fdw + 1 zus&#xE4;tzlicher schwarzer XL-Toner"},"content":{"rendered":"<p>Mit dem Set aus HP LaserJet Pro MFP 4102fdw + 1 zus\u00e4tzlicher schwarzer XL-Toner erh\u00e4ltst du zu deinem Drucker einen ausreichenden Vorrat an Toner. Mit dem XL-Toner druckst du bis zu 9.500 Schwarz-Wei\u00df-Seiten, sodass du erst einmal genug Tinte zu Hause hast. Mit dem HP LaserJet Pro MFP 4102fdw Laserdrucker kannst du ganze Stapel von Dokumenten drucken, scannen, kopieren oder faxen. Dieser Drucker eignet sich mit einer Druckgeschwindigkeit von 40 Schwarz-Wei\u00df-Seiten pro Minute f\u00fcr ein kleines oder mittelgro\u00dfes Unternehmen. Damit druckst du im Handumdrehen ein umfangreiches Arbeitsdokument aus. Drucke automatisch beidseitig, um Papier zu sparen. Du verschickst deine Druckauftr\u00e4ge per USB-Kabel oder kabellos \u00fcber WLAN oder Wi-Fi Direct. Mit Wi-Fi Direct verbindest du den Laptop direkt mit dem Drucker, ohne dass ein Modem dazwischenfunkt. Die beiden Papierkassetten bieten Platz f\u00fcr 350 B\u00f6gen Papier ist, sodass du das Papier nicht h\u00e4ufig nachf\u00fcllen musst.   Drucker mit dynamischer Sicherheit  Bestimmte HP Drucker sind daf\u00fcr ausgelegt, nur mit Patronen zu funktionieren, die neue oder wiederverwendete HP Chips oder elektronische HP Schaltkreise aufweisen. Diese Drucker nutzen dynamische Sicherheitsfunktionen, um Patronen zu blockieren, die mit einem Chip oder einem elektronischen Schaltkreis ausgestattet sind, die nicht von HP stammen. Die Wirksamkeit dieser Funktionen wird durch regelm\u00e4\u00dfige Firmware-Updates garantiert, sodass auch Patronen blockiert werden, die fr\u00fcher durchaus funktioniert haben. Wiederverwendete HP Chips und elektronische HP Schaltkreise erm\u00f6glichen die Nutzung wiederverwendeter, recycelter und neu bef\u00fcllter Patronen.<\/p>\n","protected":false},"excerpt":{"rendered":"<p>Mit dem Set aus HP LaserJet Pro MFP 4102fdw + 1 zus\u00e4tzlicher schwarzer XL-Toner erh\u00e4ltst du zu deinem Drucker einen ausreichenden Vorrat an Toner. Mit dem XL-Toner druckst du bis zu 9.500 Schwarz-Wei\u00df-Seiten, sodass du erst einmal genug Tinte zu Hause hast. Mit dem HP LaserJet Pro MFP 4102fdw Laserdrucker kannst du ganze Stapel von Dokumenten drucken, scannen, kopieren oder faxen. Dieser Drucker eignet sich mit einer Druckgeschwindigkeit von 40 Schwarz-Wei\u00df-Seiten pro Minute f\u00fcr ein kleines oder mittelgro\u00dfes Unternehmen. Damit druckst du im Handumdrehen ein umfangreiches Arbeitsdokument aus. Drucke automatisch beidseitig, um Papier zu sparen. Du verschickst deine Druckauftr\u00e4ge per USB-Kabel oder kabellos \u00fcber WLAN oder Wi-Fi Direct. Mit Wi-Fi Direct verbindest du den Laptop direkt mit dem Drucker, ohne dass ein Modem dazwischenfunkt. Die beiden Papierkassetten bieten Platz f\u00fcr 350 B\u00f6gen Papier ist, sodass du das Papier nicht h\u00e4ufig nachf\u00fcllen musst.   Drucker mit dynamischer Sicherheit  Bestimmte HP Drucker sind daf\u00fcr ausgelegt, nur mit Patronen zu funktionieren, die neue oder wiederverwendete HP Chips oder elektronische HP Schaltkreise aufweisen. Diese Drucker nutzen dynamische Sicherheitsfunktionen, um Patronen zu blockieren, die mit einem Chip oder einem elektronischen Schaltkreis ausgestattet sind, die nicht von HP stammen. Die Wirksamkeit dieser Funktionen wird durch regelm\u00e4\u00dfige Firmware-Updates garantiert, sodass auch Patronen blockiert werden, die fr\u00fcher durchaus funktioniert haben. Wiederverwendete HP Chips und elektronische HP Schaltkreise erm\u00f6glichen die Nutzung wiederverwendeter, recycelter und neu bef\u00fcllter Patronen.<\/p>\n","protected":false},"featured_media":0,"comment_status":"closed","ping_status":"open","template":"","meta":{"_acf_changed":false},"brand":[90],"product_brand":[],"product_cat":[2205],"product_tag":[4823],"class_list":{"0":"post-82069","1":"product","2":"type-product","3":"status-publish","5":"brand-hp","6":"product_cat-drucker","7":"product_tag-laserprinters","8":"pa_condition-new","9":"pa_coolblue-de-verzending-morgen-gratis-geliefert","10":"pa_ean-24842","12":"first","13":"instock","14":"product-type-external"},"acf":[],"_links":{"self":[{"href":"https:\/\/onlinehardwareshop.de\/index.php\/wp-json\/wp\/v2\/product\/82069","targetHints":{"allow":["GET"]}}],"collection":[{"href":"https:\/\/onlinehardwareshop.de\/index.php\/wp-json\/wp\/v2\/product"}],"about":[{"href":"https:\/\/onlinehardwareshop.de\/index.php\/wp-json\/wp\/v2\/types\/product"}],"replies":[{"embeddable":true,"href":"https:\/\/onlinehardwareshop.de\/index.php\/wp-json\/wp\/v2\/comments?post=82069"}],"wp:attachment":[{"href":"https:\/\/onlinehardwareshop.de\/index.php\/wp-json\/wp\/v2\/media?parent=82069"}],"wp:term":[{"taxonomy":"brand","embeddable":true,"href":"https:\/\/onlinehardwareshop.de\/index.php\/wp-json\/wp\/v2\/brand?post=82069"},{"taxonomy":"product_brand","embeddable":true,"href":"https:\/\/onlinehardwareshop.de\/index.php\/wp-json\/wp\/v2\/product_brand?post=82069"},{"taxonomy":"product_cat","embeddable":true,"href":"https:\/\/onlinehardwareshop.de\/index.php\/wp-json\/wp\/v2\/product_cat?post=82069"},{"taxonomy":"product_tag","embeddable":true,"href":"https:\/\/onlinehardwareshop.de\/index.php\/wp-json\/wp\/v2\/product_tag?post=82069"}],"curies":[{"name":"wp","href":"https:\/\/api.w.org\/{rel}","templated":true}]}}