{"id":81990,"date":"2024-10-08T15:58:00","date_gmt":"2024-10-08T15:58:00","guid":{"rendered":"https:\/\/onlinehardwareshop.de\/index.php\/produkt\/jura-glacette-schwarz-2\/"},"modified":"2025-05-14T15:35:47","modified_gmt":"2025-05-14T15:35:47","slug":"jura-glacette-schwarz","status":"publish","type":"product","link":"https:\/\/onlinehardwareshop.de\/index.php\/produkt\/jura-glacette-schwarz\/","title":{"rendered":"Jura Glacette Schwarz"},"content":{"rendered":"<p>Der Jura Glacette K\u00fchler in Schwarz sorgt daf\u00fcr, dass die Milch in deinem Jura Milchbeh\u00e4lter l\u00e4nger frisch bleibt. Du legst zun\u00e4chst die mitgelieferte K\u00fchlmanschette in das Gefrierfach, um sie zu k\u00fchlen. Nach einigen Stunden legst du sie in den Jura Glacette K\u00fchler. So wird deine Milch ganz ohne Stromversorgung f\u00fcr bis zu zwei Stunden gek\u00fchlt. Du genie\u00dft daher deinen Cappuccino oder Latte Macchiato mit cremigem Milchschaum ganz ohne Bedenken.<\/p>\n","protected":false},"excerpt":{"rendered":"<p>Der Jura Glacette K\u00fchler in Schwarz sorgt daf\u00fcr, dass die Milch in deinem Jura Milchbeh\u00e4lter l\u00e4nger frisch bleibt. Du legst zun\u00e4chst die mitgelieferte K\u00fchlmanschette in das Gefrierfach, um sie zu k\u00fchlen. Nach einigen Stunden legst du sie in den Jura Glacette K\u00fchler. So wird deine Milch ganz ohne Stromversorgung f\u00fcr bis zu zwei Stunden gek\u00fchlt. Du genie\u00dft daher deinen Cappuccino oder Latte Macchiato mit cremigem Milchschaum ganz ohne Bedenken.<\/p>\n","protected":false},"featured_media":0,"comment_status":"closed","ping_status":"open","template":"","meta":{"_acf_changed":false},"brand":[608],"product_brand":[],"product_cat":[2291],"product_tag":[2292],"class_list":{"0":"post-81990","1":"product","2":"type-product","3":"status-publish","5":"brand-jura","6":"product_cat-milchbehlter-fr-kaffeemaschinen","7":"product_tag-melkreservoirs-voor-koffiezetapparaten","8":"pa_condition-new","9":"pa_coolblue-de-verzending-morgen-gratis-geliefert","10":"pa_ean-24699","11":"pa_mpn-24700","13":"first","14":"instock","15":"product-type-external"},"acf":[],"_links":{"self":[{"href":"https:\/\/onlinehardwareshop.de\/index.php\/wp-json\/wp\/v2\/product\/81990","targetHints":{"allow":["GET"]}}],"collection":[{"href":"https:\/\/onlinehardwareshop.de\/index.php\/wp-json\/wp\/v2\/product"}],"about":[{"href":"https:\/\/onlinehardwareshop.de\/index.php\/wp-json\/wp\/v2\/types\/product"}],"replies":[{"embeddable":true,"href":"https:\/\/onlinehardwareshop.de\/index.php\/wp-json\/wp\/v2\/comments?post=81990"}],"wp:attachment":[{"href":"https:\/\/onlinehardwareshop.de\/index.php\/wp-json\/wp\/v2\/media?parent=81990"}],"wp:term":[{"taxonomy":"brand","embeddable":true,"href":"https:\/\/onlinehardwareshop.de\/index.php\/wp-json\/wp\/v2\/brand?post=81990"},{"taxonomy":"product_brand","embeddable":true,"href":"https:\/\/onlinehardwareshop.de\/index.php\/wp-json\/wp\/v2\/product_brand?post=81990"},{"taxonomy":"product_cat","embeddable":true,"href":"https:\/\/onlinehardwareshop.de\/index.php\/wp-json\/wp\/v2\/product_cat?post=81990"},{"taxonomy":"product_tag","embeddable":true,"href":"https:\/\/onlinehardwareshop.de\/index.php\/wp-json\/wp\/v2\/product_tag?post=81990"}],"curies":[{"name":"wp","href":"https:\/\/api.w.org\/{rel}","templated":true}]}}