{"id":81864,"date":"2024-04-18T05:16:27","date_gmt":"2024-04-18T05:16:27","guid":{"rendered":"https:\/\/onlinehardwareshop.de\/index.php\/produkt\/canon-maxify-gx7050-1-satz-reservetinte-2\/"},"modified":"2025-05-14T15:25:21","modified_gmt":"2025-05-14T15:25:21","slug":"canon-maxify-gx7050-1-satz-reservetinte","status":"publish","type":"product","link":"https:\/\/onlinehardwareshop.de\/index.php\/produkt\/canon-maxify-gx7050-1-satz-reservetinte\/","title":{"rendered":"Canon MAXIFY GX7050 + 1 Satz Reservetinte"},"content":{"rendered":"<p>Mit dem Set aus Canon MAXIFY GX7050 + 1 Satz Reservetinte geht dir nicht pl\u00f6tzlich die Tinte aus. Du druckst damit dank der Reservetinte bis zu 12.000 Schwarz-Wei\u00df-Seiten und bis zu 28.000 Farbseiten. Der Canon MAXIFY GX7050 ist ein professioneller 4-in-1 Tintenstrahl-Farbdrucker, der drucken, scannen, kopieren und faxen kann. Dieser Drucker hat einen Tintentank, den du mit Tintenflaschen auff\u00fcllst, sodass du g\u00fcnstig druckst. Mit dem automatischen beidseitigen Druck sparst du Papier. Du legst bis zu 50 Blatt Papier ins DADF-Einzugsfach, woraufhin der Drucker den gesamten Stapel automatisch auf einmal beidseitig kopiert oder scannt. Verschicke deine Druckauftr\u00e4ge kabelgebunden \u00fcber USB oder kabellos \u00fcber Wi-Fi Direct, Apple AirPrint und E-Mail-Print.<\/p>\n","protected":false},"excerpt":{"rendered":"<p>Mit dem Set aus Canon MAXIFY GX7050 + 1 Satz Reservetinte geht dir nicht pl\u00f6tzlich die Tinte aus. Du druckst damit dank der Reservetinte bis zu 12.000 Schwarz-Wei\u00df-Seiten und bis zu 28.000 Farbseiten. Der Canon MAXIFY GX7050 ist ein professioneller 4-in-1 Tintenstrahl-Farbdrucker, der drucken, scannen, kopieren und faxen kann. Dieser Drucker hat einen Tintentank, den du mit Tintenflaschen auff\u00fcllst, sodass du g\u00fcnstig druckst. Mit dem automatischen beidseitigen Druck sparst du Papier. Du legst bis zu 50 Blatt Papier ins DADF-Einzugsfach, woraufhin der Drucker den gesamten Stapel automatisch auf einmal beidseitig kopiert oder scannt. Verschicke deine Druckauftr\u00e4ge kabelgebunden \u00fcber USB oder kabellos \u00fcber Wi-Fi Direct, Apple AirPrint und E-Mail-Print.<\/p>\n","protected":false},"featured_media":0,"comment_status":"closed","ping_status":"open","template":"","meta":{"_acf_changed":false},"brand":[61],"product_brand":[],"product_cat":[2205],"product_tag":[4745],"class_list":{"0":"post-81864","1":"product","2":"type-product","3":"status-publish","5":"brand-canon","6":"product_cat-drucker","7":"product_tag-inkttank-printers","8":"pa_condition-new","9":"pa_coolblue-de-verzending-morgen-gratis-geliefert","10":"pa_ean-27118","12":"first","13":"instock","14":"product-type-external"},"acf":[],"_links":{"self":[{"href":"https:\/\/onlinehardwareshop.de\/index.php\/wp-json\/wp\/v2\/product\/81864","targetHints":{"allow":["GET"]}}],"collection":[{"href":"https:\/\/onlinehardwareshop.de\/index.php\/wp-json\/wp\/v2\/product"}],"about":[{"href":"https:\/\/onlinehardwareshop.de\/index.php\/wp-json\/wp\/v2\/types\/product"}],"replies":[{"embeddable":true,"href":"https:\/\/onlinehardwareshop.de\/index.php\/wp-json\/wp\/v2\/comments?post=81864"}],"wp:attachment":[{"href":"https:\/\/onlinehardwareshop.de\/index.php\/wp-json\/wp\/v2\/media?parent=81864"}],"wp:term":[{"taxonomy":"brand","embeddable":true,"href":"https:\/\/onlinehardwareshop.de\/index.php\/wp-json\/wp\/v2\/brand?post=81864"},{"taxonomy":"product_brand","embeddable":true,"href":"https:\/\/onlinehardwareshop.de\/index.php\/wp-json\/wp\/v2\/product_brand?post=81864"},{"taxonomy":"product_cat","embeddable":true,"href":"https:\/\/onlinehardwareshop.de\/index.php\/wp-json\/wp\/v2\/product_cat?post=81864"},{"taxonomy":"product_tag","embeddable":true,"href":"https:\/\/onlinehardwareshop.de\/index.php\/wp-json\/wp\/v2\/product_tag?post=81864"}],"curies":[{"name":"wp","href":"https:\/\/api.w.org\/{rel}","templated":true}]}}