{"id":81229,"date":"2025-04-22T12:21:20","date_gmt":"2025-04-22T12:21:20","guid":{"rendered":"https:\/\/onlinehardwareshop.de\/index.php\/produkt\/sony-wh-ch520-creme-bluebuilt-quick-charge-ladegert-mit-usb-a-port-18w-schwarz-2\/"},"modified":"2025-05-14T14:19:44","modified_gmt":"2025-05-14T14:19:44","slug":"sony-wh-ch520-creme-bluebuilt-quick-charge-ladegert-mit-usb-a-port-18w-schwarz","status":"publish","type":"product","link":"https:\/\/onlinehardwareshop.de\/index.php\/produkt\/sony-wh-ch520-creme-bluebuilt-quick-charge-ladegert-mit-usb-a-port-18w-schwarz\/","title":{"rendered":"Sony WH-CH520 Creme + BlueBuilt Quick-Charge-Ladeger&#xE4;t mit USB-A-Port 18&#xA0;W Schwarz"},"content":{"rendered":"<p>Mit dem Sony WH-CH520 Creme + BlueBuilt Quick-Charge-Ladeger\u00e4t mit USB-A-Port 18\u00a0W Schwarz Set erh\u00e4ltst du einen Kopfh\u00f6rer mit Ladeset. Dieser Sony Kopfh\u00f6rer hat einen Akku, mit dem du bis zu 50 Stunden Musik h\u00f6rst. Wenn der Akku leer ist, l\u00e4dst du ihn innerhalb von  drei Stunden ausreichend auf, um 1,5 Stunden extra Akku zu haben. Zudem verf\u00fcgt dieser Kopfh\u00f6rer \u00fcber Multipoint-Pairing. Dadurch l\u00e4sst sich der Kopfh\u00f6rer mit zwei Ger\u00e4ten gleichzeitig verbinden. So nimmst du mit dem Kopfh\u00f6rer Anrufe entgegen und h\u00f6rst gleichzeitig Musik auf deinem Laptop. In der Headphones-Connect-App von Sony stellst du deine Pr\u00e4ferenzen ein. Dabei kann es sich zum Beispiel um die Einstellungen f\u00fcr den Bass handeln.<\/p>\n","protected":false},"excerpt":{"rendered":"<p>Mit dem Sony WH-CH520 Creme + BlueBuilt Quick-Charge-Ladeger\u00e4t mit USB-A-Port 18\u00a0W Schwarz Set erh\u00e4ltst du einen Kopfh\u00f6rer mit Ladeset. Dieser Sony Kopfh\u00f6rer hat einen Akku, mit dem du bis zu 50 Stunden Musik h\u00f6rst. Wenn der Akku leer ist, l\u00e4dst du ihn innerhalb von  drei Stunden ausreichend auf, um 1,5 Stunden extra Akku zu haben. Zudem verf\u00fcgt dieser Kopfh\u00f6rer \u00fcber Multipoint-Pairing. Dadurch l\u00e4sst sich der Kopfh\u00f6rer mit zwei Ger\u00e4ten gleichzeitig verbinden. So nimmst du mit dem Kopfh\u00f6rer Anrufe entgegen und h\u00f6rst gleichzeitig Musik auf deinem Laptop. In der Headphones-Connect-App von Sony stellst du deine Pr\u00e4ferenzen ein. Dabei kann es sich zum Beispiel um die Einstellungen f\u00fcr den Bass handeln.<\/p>\n","protected":false},"featured_media":0,"comment_status":"closed","ping_status":"open","template":"","meta":{"_acf_changed":false},"brand":[56],"product_brand":[],"product_cat":[1182],"product_tag":[1183],"class_list":{"0":"post-81229","1":"product","2":"type-product","3":"status-publish","5":"brand-sony","6":"product_cat-kopfhrer","7":"product_tag-hoofdtelefoons-zonder-noisecancelling","8":"pa_condition-new","9":"pa_coolblue-de-verzending-morgen-gratis-geliefert","10":"pa_ean-23392","12":"first","13":"instock","14":"product-type-external"},"acf":[],"_links":{"self":[{"href":"https:\/\/onlinehardwareshop.de\/index.php\/wp-json\/wp\/v2\/product\/81229","targetHints":{"allow":["GET"]}}],"collection":[{"href":"https:\/\/onlinehardwareshop.de\/index.php\/wp-json\/wp\/v2\/product"}],"about":[{"href":"https:\/\/onlinehardwareshop.de\/index.php\/wp-json\/wp\/v2\/types\/product"}],"replies":[{"embeddable":true,"href":"https:\/\/onlinehardwareshop.de\/index.php\/wp-json\/wp\/v2\/comments?post=81229"}],"wp:attachment":[{"href":"https:\/\/onlinehardwareshop.de\/index.php\/wp-json\/wp\/v2\/media?parent=81229"}],"wp:term":[{"taxonomy":"brand","embeddable":true,"href":"https:\/\/onlinehardwareshop.de\/index.php\/wp-json\/wp\/v2\/brand?post=81229"},{"taxonomy":"product_brand","embeddable":true,"href":"https:\/\/onlinehardwareshop.de\/index.php\/wp-json\/wp\/v2\/product_brand?post=81229"},{"taxonomy":"product_cat","embeddable":true,"href":"https:\/\/onlinehardwareshop.de\/index.php\/wp-json\/wp\/v2\/product_cat?post=81229"},{"taxonomy":"product_tag","embeddable":true,"href":"https:\/\/onlinehardwareshop.de\/index.php\/wp-json\/wp\/v2\/product_tag?post=81229"}],"curies":[{"name":"wp","href":"https:\/\/api.w.org\/{rel}","templated":true}]}}