{"id":81196,"date":"2025-04-21T17:26:45","date_gmt":"2025-04-21T17:26:45","guid":{"rendered":"https:\/\/onlinehardwareshop.de\/index.php\/produkt\/tolino-vision-color-2\/"},"modified":"2025-05-14T14:17:13","modified_gmt":"2025-05-14T14:17:13","slug":"tolino-vision-color","status":"publish","type":"product","link":"https:\/\/onlinehardwareshop.de\/index.php\/produkt\/tolino-vision-color\/","title":{"rendered":"tolino vision color"},"content":{"rendered":"<p>Du liest bequem B\u00fccher und erstellst Notizen in Farbe mit dem tolino vision color Schwarz eBook-Reader. Das Farbdisplay erweckt deine B\u00fccher zum Leben. Buchumschl\u00e4ge und Abbildungen erscheinen in Farbe, und du machst farbenfrohe Aufzeichnungen. Mit der smartLight Beleuchtung regelst du Helligkeit und Farbtemperatur nach Bedarf. Morgens w\u00e4hlst du kaltes Licht, abends warmes Licht, um deine Augen zu entlasten und leichter einzuschlafen. Bei Tageslicht schaltest du die Beleuchtung aus, um die Akkulaufzeit zu verl\u00e4ngern. Der 7 Zoll tolino vision color eBook-Reader ist wasserfest. So liest du auch am Strand oder im Schwimmbad entspannt. Durch den ergonomischen Griff h\u00e4ltst du das Ger\u00e4t l\u00e4nger komfortabel in der Hand, und mit den Tasten bl\u00e4tterst du schnell durch die Seiten. Wenn du nicht lesen m\u00f6chtest, genie\u00dft du H\u00f6rb\u00fccher \u00fcber kabellose Kopfh\u00f6rer. Hinweis: Ein tolino stylus Stift ist nicht im Lieferumfang enthalten. Wenn du mehr Notizen auf deinem eBook-Reader machen m\u00f6chtest, bestelle ihn separat.<\/p>\n","protected":false},"excerpt":{"rendered":"<p>Du liest bequem B\u00fccher und erstellst Notizen in Farbe mit dem tolino vision color Schwarz eBook-Reader. Das Farbdisplay erweckt deine B\u00fccher zum Leben. Buchumschl\u00e4ge und Abbildungen erscheinen in Farbe, und du machst farbenfrohe Aufzeichnungen. Mit der smartLight Beleuchtung regelst du Helligkeit und Farbtemperatur nach Bedarf. Morgens w\u00e4hlst du kaltes Licht, abends warmes Licht, um deine Augen zu entlasten und leichter einzuschlafen. Bei Tageslicht schaltest du die Beleuchtung aus, um die Akkulaufzeit zu verl\u00e4ngern. Der 7 Zoll tolino vision color eBook-Reader ist wasserfest. So liest du auch am Strand oder im Schwimmbad entspannt. Durch den ergonomischen Griff h\u00e4ltst du das Ger\u00e4t l\u00e4nger komfortabel in der Hand, und mit den Tasten bl\u00e4tterst du schnell durch die Seiten. Wenn du nicht lesen m\u00f6chtest, genie\u00dft du H\u00f6rb\u00fccher \u00fcber kabellose Kopfh\u00f6rer. Hinweis: Ein tolino stylus Stift ist nicht im Lieferumfang enthalten. Wenn du mehr Notizen auf deinem eBook-Reader machen m\u00f6chtest, bestelle ihn separat.<\/p>\n","protected":false},"featured_media":0,"comment_status":"closed","ping_status":"open","template":"","meta":{"_acf_changed":false},"brand":[23320],"product_brand":[],"product_cat":[8609],"product_tag":[8610],"class_list":{"0":"post-81196","1":"product","2":"type-product","3":"status-publish","5":"brand-tolino","6":"product_cat-ebook-reader","7":"product_tag-e-readers","8":"pa_condition-new","9":"pa_coolblue-de-verzending-morgen-gratis-geliefert","10":"pa_ean-23321","11":"pa_mpn-23322","13":"first","14":"instock","15":"product-type-external"},"acf":[],"_links":{"self":[{"href":"https:\/\/onlinehardwareshop.de\/index.php\/wp-json\/wp\/v2\/product\/81196","targetHints":{"allow":["GET"]}}],"collection":[{"href":"https:\/\/onlinehardwareshop.de\/index.php\/wp-json\/wp\/v2\/product"}],"about":[{"href":"https:\/\/onlinehardwareshop.de\/index.php\/wp-json\/wp\/v2\/types\/product"}],"replies":[{"embeddable":true,"href":"https:\/\/onlinehardwareshop.de\/index.php\/wp-json\/wp\/v2\/comments?post=81196"}],"wp:attachment":[{"href":"https:\/\/onlinehardwareshop.de\/index.php\/wp-json\/wp\/v2\/media?parent=81196"}],"wp:term":[{"taxonomy":"brand","embeddable":true,"href":"https:\/\/onlinehardwareshop.de\/index.php\/wp-json\/wp\/v2\/brand?post=81196"},{"taxonomy":"product_brand","embeddable":true,"href":"https:\/\/onlinehardwareshop.de\/index.php\/wp-json\/wp\/v2\/product_brand?post=81196"},{"taxonomy":"product_cat","embeddable":true,"href":"https:\/\/onlinehardwareshop.de\/index.php\/wp-json\/wp\/v2\/product_cat?post=81196"},{"taxonomy":"product_tag","embeddable":true,"href":"https:\/\/onlinehardwareshop.de\/index.php\/wp-json\/wp\/v2\/product_tag?post=81196"}],"curies":[{"name":"wp","href":"https:\/\/api.w.org\/{rel}","templated":true}]}}