{"id":81044,"date":"2024-10-12T14:23:18","date_gmt":"2024-10-12T14:23:18","guid":{"rendered":"https:\/\/onlinehardwareshop.de\/index.php\/produkt\/house-of-marley-positive-vibration-xl-anc-schwarz-bluebuilt-quick-charge-ladegert-mit-usb-a-2\/"},"modified":"2025-05-14T14:04:08","modified_gmt":"2025-05-14T14:04:08","slug":"house-of-marley-positive-vibration-xl-anc-schwarz-bluebuilt-quick-charge-ladegert-mit-usb-a","status":"publish","type":"product","link":"https:\/\/onlinehardwareshop.de\/index.php\/produkt\/house-of-marley-positive-vibration-xl-anc-schwarz-bluebuilt-quick-charge-ladegert-mit-usb-a\/","title":{"rendered":"House of Marley Positive Vibration XL ANC Schwarz + BlueBuilt Quick-Charge-Ladeger&#xE4;t mit USB-A"},"content":{"rendered":"<p>Mit diesem Set aus House of Marley Positive Vibration XL ANC Schwarz + BlueBuilt Quick-Charge-Ladeger\u00e4t mit USB-A-Port 18\u00a0W Schwarz legst du dir einen umweltfreundlichen Kopfh\u00f6rer zu, den du direkt aufl\u00e4dst. Der Kopfb\u00fcgel des Kopfh\u00f6rers ist aus Recyclingmaterial gefertigt und die Ohrmuscheln sind aus recycelbarem Aluminium. Das Logo von House of Marley auf den Ohrmuscheln besteht aus Holz mit FSC-Zertifizierung. H\u00f6rst du unterwegs gern Musik? Dann schaltest du das aktive Noise Cancelling an. Diese Technologie d\u00e4mpft st\u00f6rende Umgebungsger\u00e4usche und Rauschen. Mit eingeschaltetem Noise Cancelling h\u00e4lt der Kopfh\u00f6rer 26 Stunden durch. Wenn du ohne Noise Cancelling Musik h\u00f6rst, hat der Kopfh\u00f6rer eine Akkulaufzeit von 35 Stunden. Wenn der Akku leer ist, l\u00e4dst du ihn \u00fcber das mitgelieferte USB-C-Ladekabel auf.<\/p>\n","protected":false},"excerpt":{"rendered":"<p>Mit diesem Set aus House of Marley Positive Vibration XL ANC Schwarz + BlueBuilt Quick-Charge-Ladeger\u00e4t mit USB-A-Port 18\u00a0W Schwarz legst du dir einen umweltfreundlichen Kopfh\u00f6rer zu, den du direkt aufl\u00e4dst. Der Kopfb\u00fcgel des Kopfh\u00f6rers ist aus Recyclingmaterial gefertigt und die Ohrmuscheln sind aus recycelbarem Aluminium. Das Logo von House of Marley auf den Ohrmuscheln besteht aus Holz mit FSC-Zertifizierung. H\u00f6rst du unterwegs gern Musik? Dann schaltest du das aktive Noise Cancelling an. Diese Technologie d\u00e4mpft st\u00f6rende Umgebungsger\u00e4usche und Rauschen. Mit eingeschaltetem Noise Cancelling h\u00e4lt der Kopfh\u00f6rer 26 Stunden durch. Wenn du ohne Noise Cancelling Musik h\u00f6rst, hat der Kopfh\u00f6rer eine Akkulaufzeit von 35 Stunden. Wenn der Akku leer ist, l\u00e4dst du ihn \u00fcber das mitgelieferte USB-C-Ladekabel auf.<\/p>\n","protected":false},"featured_media":0,"comment_status":"closed","ping_status":"open","template":"","meta":{"_acf_changed":false},"brand":[4871],"product_brand":[],"product_cat":[1182],"product_tag":[5609],"class_list":{"0":"post-81044","1":"product","2":"type-product","3":"status-publish","5":"brand-house-of-marley","6":"product_cat-kopfhrer","7":"product_tag-hoofdtelefoons-met-noisecancelling","8":"pa_condition-new","9":"pa_coolblue-de-verzending-morgen-gratis-geliefert","10":"pa_ean-23002","12":"first","13":"instock","14":"product-type-external"},"acf":[],"_links":{"self":[{"href":"https:\/\/onlinehardwareshop.de\/index.php\/wp-json\/wp\/v2\/product\/81044","targetHints":{"allow":["GET"]}}],"collection":[{"href":"https:\/\/onlinehardwareshop.de\/index.php\/wp-json\/wp\/v2\/product"}],"about":[{"href":"https:\/\/onlinehardwareshop.de\/index.php\/wp-json\/wp\/v2\/types\/product"}],"replies":[{"embeddable":true,"href":"https:\/\/onlinehardwareshop.de\/index.php\/wp-json\/wp\/v2\/comments?post=81044"}],"wp:attachment":[{"href":"https:\/\/onlinehardwareshop.de\/index.php\/wp-json\/wp\/v2\/media?parent=81044"}],"wp:term":[{"taxonomy":"brand","embeddable":true,"href":"https:\/\/onlinehardwareshop.de\/index.php\/wp-json\/wp\/v2\/brand?post=81044"},{"taxonomy":"product_brand","embeddable":true,"href":"https:\/\/onlinehardwareshop.de\/index.php\/wp-json\/wp\/v2\/product_brand?post=81044"},{"taxonomy":"product_cat","embeddable":true,"href":"https:\/\/onlinehardwareshop.de\/index.php\/wp-json\/wp\/v2\/product_cat?post=81044"},{"taxonomy":"product_tag","embeddable":true,"href":"https:\/\/onlinehardwareshop.de\/index.php\/wp-json\/wp\/v2\/product_tag?post=81044"}],"curies":[{"name":"wp","href":"https:\/\/api.w.org\/{rel}","templated":true}]}}