{"id":81042,"date":"2024-01-03T18:27:13","date_gmt":"2024-01-03T18:27:13","guid":{"rendered":"https:\/\/onlinehardwareshop.de\/index.php\/produkt\/fairbuds-xl-grn-bluebuilt-quick-charge-ladegert-mit-usb-a-2\/"},"modified":"2025-05-14T14:03:58","modified_gmt":"2025-05-14T14:03:58","slug":"fairbuds-xl-grn-bluebuilt-quick-charge-ladegert-mit-usb-a","status":"publish","type":"product","link":"https:\/\/onlinehardwareshop.de\/index.php\/produkt\/fairbuds-xl-grn-bluebuilt-quick-charge-ladegert-mit-usb-a\/","title":{"rendered":"Fairbuds XL Gr&#xFC;n + BlueBuilt Quick-Charge-Ladeger&#xE4;t mit USB-A"},"content":{"rendered":"<p>Mit diesem Set aus Fairbuds XL Gr\u00fcn + BlueBuilt Quick-Charge-Ladeger\u00e4t mit USB-A-Port 18\u00a0W Schwarz h\u00f6rst du auf verantwortungsvolle Weise Musik und l\u00e4dst deinen Kopfh\u00f6rer auch gleich schnell auf. Der Kopfh\u00f6rer besteht aus recycelten Materialien, wodurch er zur Schonung der Umwelt beitr\u00e4gt. Dar\u00fcber hinaus bestehen die Ohrpolster und der Bezug des Kopfb\u00fcgels aus veganem Leder. Somit ist der Fairbuds XL eine umweltbewusste Wahl. Dank Noise Cancelling blendest du deine Umgebung akustisch aus. Das Noise Cancelling l\u00e4sst sich per Tastendruck an der Ohrmuschel ein- und ausschalten. So beh\u00e4ltst du die Regie \u00fcber die Ger\u00e4uschunterdr\u00fcckung. Der Kopfh\u00f6rer hat eine Akkulaufzeit von 30 Stunden. Dank dieser langen Akkulaufzeit geht dir die Musik fast nie aus. Des Weiteren ist die Musik in der Fairbuds App individuell einstellbar. Dazu geh\u00f6ren zum Beispiel die Basswiedergabe oder auch die H\u00f6hen.   Hinweis: Fairphone liefert kein Ladekabel mit. Verwende dein eigenes USB-C-Kabel oder kaufe dir das Zubeh\u00f6r separat dazu.<\/p>\n","protected":false},"excerpt":{"rendered":"<p>Mit diesem Set aus Fairbuds XL Gr\u00fcn + BlueBuilt Quick-Charge-Ladeger\u00e4t mit USB-A-Port 18\u00a0W Schwarz h\u00f6rst du auf verantwortungsvolle Weise Musik und l\u00e4dst deinen Kopfh\u00f6rer auch gleich schnell auf. Der Kopfh\u00f6rer besteht aus recycelten Materialien, wodurch er zur Schonung der Umwelt beitr\u00e4gt. Dar\u00fcber hinaus bestehen die Ohrpolster und der Bezug des Kopfb\u00fcgels aus veganem Leder. Somit ist der Fairbuds XL eine umweltbewusste Wahl. Dank Noise Cancelling blendest du deine Umgebung akustisch aus. Das Noise Cancelling l\u00e4sst sich per Tastendruck an der Ohrmuschel ein- und ausschalten. So beh\u00e4ltst du die Regie \u00fcber die Ger\u00e4uschunterdr\u00fcckung. Der Kopfh\u00f6rer hat eine Akkulaufzeit von 30 Stunden. Dank dieser langen Akkulaufzeit geht dir die Musik fast nie aus. Des Weiteren ist die Musik in der Fairbuds App individuell einstellbar. Dazu geh\u00f6ren zum Beispiel die Basswiedergabe oder auch die H\u00f6hen.   Hinweis: Fairphone liefert kein Ladekabel mit. Verwende dein eigenes USB-C-Kabel oder kaufe dir das Zubeh\u00f6r separat dazu.<\/p>\n","protected":false},"featured_media":0,"comment_status":"closed","ping_status":"open","template":"","meta":{"_acf_changed":false},"brand":[14362],"product_brand":[],"product_cat":[1182],"product_tag":[5609],"class_list":{"0":"post-81042","1":"product","2":"type-product","3":"status-publish","5":"brand-fairphone","6":"product_cat-kopfhrer","7":"product_tag-hoofdtelefoons-met-noisecancelling","8":"pa_condition-new","9":"pa_coolblue-de-verzending-morgen-gratis-geliefert","10":"pa_ean-23000","12":"first","13":"instock","14":"product-type-external"},"acf":[],"_links":{"self":[{"href":"https:\/\/onlinehardwareshop.de\/index.php\/wp-json\/wp\/v2\/product\/81042","targetHints":{"allow":["GET"]}}],"collection":[{"href":"https:\/\/onlinehardwareshop.de\/index.php\/wp-json\/wp\/v2\/product"}],"about":[{"href":"https:\/\/onlinehardwareshop.de\/index.php\/wp-json\/wp\/v2\/types\/product"}],"replies":[{"embeddable":true,"href":"https:\/\/onlinehardwareshop.de\/index.php\/wp-json\/wp\/v2\/comments?post=81042"}],"wp:attachment":[{"href":"https:\/\/onlinehardwareshop.de\/index.php\/wp-json\/wp\/v2\/media?parent=81042"}],"wp:term":[{"taxonomy":"brand","embeddable":true,"href":"https:\/\/onlinehardwareshop.de\/index.php\/wp-json\/wp\/v2\/brand?post=81042"},{"taxonomy":"product_brand","embeddable":true,"href":"https:\/\/onlinehardwareshop.de\/index.php\/wp-json\/wp\/v2\/product_brand?post=81042"},{"taxonomy":"product_cat","embeddable":true,"href":"https:\/\/onlinehardwareshop.de\/index.php\/wp-json\/wp\/v2\/product_cat?post=81042"},{"taxonomy":"product_tag","embeddable":true,"href":"https:\/\/onlinehardwareshop.de\/index.php\/wp-json\/wp\/v2\/product_tag?post=81042"}],"curies":[{"name":"wp","href":"https:\/\/api.w.org\/{rel}","templated":true}]}}