{"id":80995,"date":"2025-05-05T06:39:25","date_gmt":"2025-05-05T06:39:25","guid":{"rendered":"https:\/\/onlinehardwareshop.de\/index.php\/produkt\/jvc-ha-s36w-schwarz-bluebuilt-quick-charge-ladegert-mit-usb-a-port-18w-schwarz-2\/"},"modified":"2025-05-14T14:00:04","modified_gmt":"2025-05-14T14:00:04","slug":"jvc-ha-s36w-schwarz-bluebuilt-quick-charge-ladegert-mit-usb-a-port-18w-schwarz","status":"publish","type":"product","link":"https:\/\/onlinehardwareshop.de\/index.php\/produkt\/jvc-ha-s36w-schwarz-bluebuilt-quick-charge-ladegert-mit-usb-a-port-18w-schwarz\/","title":{"rendered":"JVC HA-S36W Schwarz + BlueBuilt Quick-Charge-Ladeger&#xE4;t mit USB-A-Port 18&#xA0;W Schwarz"},"content":{"rendered":"<p>Mit diesem Set aus JVC HA-S36W Schwarz + BlueBuilt Quick-Charge-Ladeger\u00e4t mit USB-A-Port 18\u00a0W Schwarz h\u00f6rst du schnell und lange deine Musik. Der Akku des Kopfh\u00f6rers h\u00e4lt n\u00e4mlich bis zu 35 Stunden durch. Wenn der Akku leer ist, ist er nach drei Stunden Laden wieder bei voller Leistung. Wirst du angerufen, m\u00f6chtest dein Handy aber nicht aus der Tasche holen? Das integrierte Mikrofon erm\u00f6glicht es dir, \u00fcber den Kopfh\u00f6rer zu telefonieren. Deine Anrufe nimmst du einfach mit der Taste an der Ohrmuschel an. Auch zum \u00dcberspringen von Songs oder zum \u00c4ndern der Lautst\u00e4rke benutzt du die Tasten auf der Ohrmuschel. Da die Ohrmuschel auf dem Ohr aufliegt, h\u00f6rst du deine Umgebung besser. Das ist zum Beispiel beim Fahrrad Fahren angenehm, da du so den Verkehr besser wahrnimmst. Mit dem mitgelieferten Steckernetzteil l\u00e4dst du den Kopfh\u00f6rer direkt auf und tauchst schnell in deine Musik ein.<\/p>\n","protected":false},"excerpt":{"rendered":"<p>Mit diesem Set aus JVC HA-S36W Schwarz + BlueBuilt Quick-Charge-Ladeger\u00e4t mit USB-A-Port 18\u00a0W Schwarz h\u00f6rst du schnell und lange deine Musik. Der Akku des Kopfh\u00f6rers h\u00e4lt n\u00e4mlich bis zu 35 Stunden durch. Wenn der Akku leer ist, ist er nach drei Stunden Laden wieder bei voller Leistung. Wirst du angerufen, m\u00f6chtest dein Handy aber nicht aus der Tasche holen? Das integrierte Mikrofon erm\u00f6glicht es dir, \u00fcber den Kopfh\u00f6rer zu telefonieren. Deine Anrufe nimmst du einfach mit der Taste an der Ohrmuschel an. Auch zum \u00dcberspringen von Songs oder zum \u00c4ndern der Lautst\u00e4rke benutzt du die Tasten auf der Ohrmuschel. Da die Ohrmuschel auf dem Ohr aufliegt, h\u00f6rst du deine Umgebung besser. Das ist zum Beispiel beim Fahrrad Fahren angenehm, da du so den Verkehr besser wahrnimmst. Mit dem mitgelieferten Steckernetzteil l\u00e4dst du den Kopfh\u00f6rer direkt auf und tauchst schnell in deine Musik ein.<\/p>\n","protected":false},"featured_media":0,"comment_status":"closed","ping_status":"open","template":"","meta":{"_acf_changed":false},"brand":[2268],"product_brand":[],"product_cat":[1182],"product_tag":[1183],"class_list":{"0":"post-80995","1":"product","2":"type-product","3":"status-publish","5":"brand-jvc","6":"product_cat-kopfhrer","7":"product_tag-hoofdtelefoons-zonder-noisecancelling","8":"pa_condition-new","9":"pa_coolblue-de-verzending-morgen-gratis-geliefert","10":"pa_ean-22921","12":"first","13":"instock","14":"product-type-external"},"acf":[],"_links":{"self":[{"href":"https:\/\/onlinehardwareshop.de\/index.php\/wp-json\/wp\/v2\/product\/80995","targetHints":{"allow":["GET"]}}],"collection":[{"href":"https:\/\/onlinehardwareshop.de\/index.php\/wp-json\/wp\/v2\/product"}],"about":[{"href":"https:\/\/onlinehardwareshop.de\/index.php\/wp-json\/wp\/v2\/types\/product"}],"replies":[{"embeddable":true,"href":"https:\/\/onlinehardwareshop.de\/index.php\/wp-json\/wp\/v2\/comments?post=80995"}],"wp:attachment":[{"href":"https:\/\/onlinehardwareshop.de\/index.php\/wp-json\/wp\/v2\/media?parent=80995"}],"wp:term":[{"taxonomy":"brand","embeddable":true,"href":"https:\/\/onlinehardwareshop.de\/index.php\/wp-json\/wp\/v2\/brand?post=80995"},{"taxonomy":"product_brand","embeddable":true,"href":"https:\/\/onlinehardwareshop.de\/index.php\/wp-json\/wp\/v2\/product_brand?post=80995"},{"taxonomy":"product_cat","embeddable":true,"href":"https:\/\/onlinehardwareshop.de\/index.php\/wp-json\/wp\/v2\/product_cat?post=80995"},{"taxonomy":"product_tag","embeddable":true,"href":"https:\/\/onlinehardwareshop.de\/index.php\/wp-json\/wp\/v2\/product_tag?post=80995"}],"curies":[{"name":"wp","href":"https:\/\/api.w.org\/{rel}","templated":true}]}}