{"id":80917,"date":"2024-11-22T11:24:18","date_gmt":"2024-11-22T11:24:18","guid":{"rendered":"https:\/\/onlinehardwareshop.de\/index.php\/produkt\/infrarot-nachtsichtgert-easypix-2\/"},"modified":"2025-05-14T13:53:32","modified_gmt":"2025-05-14T13:53:32","slug":"infrarot-nachtsichtgert-easypix","status":"publish","type":"product","link":"https:\/\/onlinehardwareshop.de\/index.php\/produkt\/infrarot-nachtsichtgert-easypix\/","title":{"rendered":"Infrarot-Nachtsichtger&#xE4;t Easypix"},"content":{"rendered":"<p>Mit dem Nachtsichtger\u00e4t Easypix Infrarot beobachtest du Tiere in der Nacht. Dieses Ger\u00e4t hat Infrarotbeleuchtung, sodass du im Dunkeln helle Bilder siehst. Du hast die Wahl aus sieben Infrarotstufen und passt die Beleuchtung so m\u00fchelos an das Umgebungslicht an. Dank des Vierfach-Zooms holst du weiter entfernte Motive nahe heran. So siehst du beispielsweise Nachttiere wie Igel oder F\u00fcchse. Dieses Nachtsichtger\u00e4t hat eine integrierte Foto- und Videofunktion. Hierdurch h\u00e4ltst du deine Motive auch im Bild fest. So siehst du die die Bilder sp\u00e4ter nochmals in allen Details an. Das ist praktisch, wenn du nicht gleich wei\u00dft, welche Tierart du vorbeiflitzen siehst.<\/p>\n","protected":false},"excerpt":{"rendered":"<p>Mit dem Nachtsichtger\u00e4t Easypix Infrarot beobachtest du Tiere in der Nacht. Dieses Ger\u00e4t hat Infrarotbeleuchtung, sodass du im Dunkeln helle Bilder siehst. Du hast die Wahl aus sieben Infrarotstufen und passt die Beleuchtung so m\u00fchelos an das Umgebungslicht an. Dank des Vierfach-Zooms holst du weiter entfernte Motive nahe heran. So siehst du beispielsweise Nachttiere wie Igel oder F\u00fcchse. Dieses Nachtsichtger\u00e4t hat eine integrierte Foto- und Videofunktion. Hierdurch h\u00e4ltst du deine Motive auch im Bild fest. So siehst du die die Bilder sp\u00e4ter nochmals in allen Details an. Das ist praktisch, wenn du nicht gleich wei\u00dft, welche Tierart du vorbeiflitzen siehst.<\/p>\n","protected":false},"featured_media":0,"comment_status":"closed","ping_status":"open","template":"","meta":{"_acf_changed":false},"brand":[6255],"product_brand":[],"product_cat":[448],"product_tag":[1304],"class_list":{"0":"post-80917","1":"product","2":"type-product","3":"status-publish","5":"brand-easypix","6":"product_cat-fernglser","7":"product_tag-dakkant-verrekijkers","8":"pa_condition-new","9":"pa_coolblue-de-verzending-morgen-gratis-geliefert","10":"pa_ean-22780","11":"pa_mpn-22781","13":"first","14":"instock","15":"product-type-external"},"acf":[],"_links":{"self":[{"href":"https:\/\/onlinehardwareshop.de\/index.php\/wp-json\/wp\/v2\/product\/80917","targetHints":{"allow":["GET"]}}],"collection":[{"href":"https:\/\/onlinehardwareshop.de\/index.php\/wp-json\/wp\/v2\/product"}],"about":[{"href":"https:\/\/onlinehardwareshop.de\/index.php\/wp-json\/wp\/v2\/types\/product"}],"replies":[{"embeddable":true,"href":"https:\/\/onlinehardwareshop.de\/index.php\/wp-json\/wp\/v2\/comments?post=80917"}],"wp:attachment":[{"href":"https:\/\/onlinehardwareshop.de\/index.php\/wp-json\/wp\/v2\/media?parent=80917"}],"wp:term":[{"taxonomy":"brand","embeddable":true,"href":"https:\/\/onlinehardwareshop.de\/index.php\/wp-json\/wp\/v2\/brand?post=80917"},{"taxonomy":"product_brand","embeddable":true,"href":"https:\/\/onlinehardwareshop.de\/index.php\/wp-json\/wp\/v2\/product_brand?post=80917"},{"taxonomy":"product_cat","embeddable":true,"href":"https:\/\/onlinehardwareshop.de\/index.php\/wp-json\/wp\/v2\/product_cat?post=80917"},{"taxonomy":"product_tag","embeddable":true,"href":"https:\/\/onlinehardwareshop.de\/index.php\/wp-json\/wp\/v2\/product_tag?post=80917"}],"curies":[{"name":"wp","href":"https:\/\/api.w.org\/{rel}","templated":true}]}}