{"id":80898,"date":"2024-03-08T10:19:58","date_gmt":"2024-03-08T10:19:58","guid":{"rendered":"https:\/\/onlinehardwareshop.de\/index.php\/produkt\/canon-pixma-ts9550a-2\/"},"modified":"2025-05-14T13:51:48","modified_gmt":"2025-05-14T13:51:48","slug":"canon-pixma-ts9550a","status":"publish","type":"product","link":"https:\/\/onlinehardwareshop.de\/index.php\/produkt\/canon-pixma-ts9550a\/","title":{"rendered":"Canon PIXMA TS9550a"},"content":{"rendered":"<p>Der Canon PIXMA TS9550a ist ein kompakter Business A3 Multifunktions-Tintenstrahldrucker, mit dem du all deine Dokumente in A3 oder A4 druckst. Damit druckst du beidseitig auf A4 und scannst einen Stapel A4-Bl\u00e4tter mit dem automatischen Dokumenteneinzug (ADF). Au\u00dferdem unterst\u00fctzt der Drucker randloses Drucken, sodass dein ganzes Papier bedeckt wird. Stecke eine SD-Karte in den Speicherkartensteckplatz und w\u00e4hle auf dem 10,8\u00a0Zentimeter gro\u00dfen Farbtouchscreen sofort die Abbildungen aus, die du drucken m\u00f6chtest. Oder verwende das Display, um deine gescannten Dokumente oder Kopien wunschgerecht einzustellen. Drucke mit diesem Drucker deine Dokumente beidseitig, um Papier zu sparen. Verwende die Canon App f\u00fcr dein Smartphone und Tablet und drucke direkt aus der Cloud. So sind deine Dokumente schon fertig, wenn du im B\u00fcro ankommst.    Bitte beachte: M\u00f6chtest du ein Foto auf Fotopapier drucken? Lege dann die R\u00fcckseite (mit dem Logo) nach oben in den Drucker.<\/p>\n","protected":false},"excerpt":{"rendered":"<p>Der Canon PIXMA TS9550a ist ein kompakter Business A3 Multifunktions-Tintenstrahldrucker, mit dem du all deine Dokumente in A3 oder A4 druckst. Damit druckst du beidseitig auf A4 und scannst einen Stapel A4-Bl\u00e4tter mit dem automatischen Dokumenteneinzug (ADF). Au\u00dferdem unterst\u00fctzt der Drucker randloses Drucken, sodass dein ganzes Papier bedeckt wird. Stecke eine SD-Karte in den Speicherkartensteckplatz und w\u00e4hle auf dem 10,8\u00a0Zentimeter gro\u00dfen Farbtouchscreen sofort die Abbildungen aus, die du drucken m\u00f6chtest. Oder verwende das Display, um deine gescannten Dokumente oder Kopien wunschgerecht einzustellen. Drucke mit diesem Drucker deine Dokumente beidseitig, um Papier zu sparen. Verwende die Canon App f\u00fcr dein Smartphone und Tablet und drucke direkt aus der Cloud. So sind deine Dokumente schon fertig, wenn du im B\u00fcro ankommst.    Bitte beachte: M\u00f6chtest du ein Foto auf Fotopapier drucken? Lege dann die R\u00fcckseite (mit dem Logo) nach oben in den Drucker.<\/p>\n","protected":false},"featured_media":0,"comment_status":"closed","ping_status":"open","template":"","meta":{"_acf_changed":false},"brand":[61],"product_brand":[],"product_cat":[2205],"product_tag":[2206],"class_list":{"0":"post-80898","1":"product","2":"type-product","3":"status-publish","5":"brand-canon","6":"product_cat-drucker","7":"product_tag-inkjetprinters","8":"pa_condition-new","9":"pa_coolblue-de-verzending-morgen-gratis-geliefert","10":"pa_ean-27423","11":"pa_mpn-2988c036","13":"first","14":"instock","15":"product-type-external"},"acf":[],"_links":{"self":[{"href":"https:\/\/onlinehardwareshop.de\/index.php\/wp-json\/wp\/v2\/product\/80898","targetHints":{"allow":["GET"]}}],"collection":[{"href":"https:\/\/onlinehardwareshop.de\/index.php\/wp-json\/wp\/v2\/product"}],"about":[{"href":"https:\/\/onlinehardwareshop.de\/index.php\/wp-json\/wp\/v2\/types\/product"}],"replies":[{"embeddable":true,"href":"https:\/\/onlinehardwareshop.de\/index.php\/wp-json\/wp\/v2\/comments?post=80898"}],"wp:attachment":[{"href":"https:\/\/onlinehardwareshop.de\/index.php\/wp-json\/wp\/v2\/media?parent=80898"}],"wp:term":[{"taxonomy":"brand","embeddable":true,"href":"https:\/\/onlinehardwareshop.de\/index.php\/wp-json\/wp\/v2\/brand?post=80898"},{"taxonomy":"product_brand","embeddable":true,"href":"https:\/\/onlinehardwareshop.de\/index.php\/wp-json\/wp\/v2\/product_brand?post=80898"},{"taxonomy":"product_cat","embeddable":true,"href":"https:\/\/onlinehardwareshop.de\/index.php\/wp-json\/wp\/v2\/product_cat?post=80898"},{"taxonomy":"product_tag","embeddable":true,"href":"https:\/\/onlinehardwareshop.de\/index.php\/wp-json\/wp\/v2\/product_tag?post=80898"}],"curies":[{"name":"wp","href":"https:\/\/api.w.org\/{rel}","templated":true}]}}