{"id":80884,"date":"2024-09-09T05:28:43","date_gmt":"2024-09-09T05:28:43","guid":{"rendered":"https:\/\/onlinehardwareshop.de\/index.php\/produkt\/dewalt-dch172nt-xj-ohne-akku-2\/"},"modified":"2025-05-14T13:50:32","modified_gmt":"2025-05-14T13:50:32","slug":"dewalt-dch172nt-xj-ohne-akku","status":"publish","type":"product","link":"https:\/\/onlinehardwareshop.de\/index.php\/produkt\/dewalt-dch172nt-xj-ohne-akku\/","title":{"rendered":"DeWalt DCH172NT-XJ (ohne Akku)"},"content":{"rendered":"<p>Mit dem DeWalt DCH172NT-XJ (ohne Akku) mei\u00dfelst du dank des Drehstopps ganz einfach Fliesen von einer Wand. Au\u00dferdem bohrst du m\u00fchelos L\u00f6cher von bis zu 26\u00a0mm Durchmesser in Beton. Da der Kombihammer mit einem Akku betrieben wird (nicht im Lieferumfang enthalten), arbeitest du im ganzen Haus. Mit einer Schlagkraft von 1,4 Joule bew\u00e4ltigst du leichte Arbeiten. Dank des Gewichts von nur 1,8\u00a0kg arbeitest du au\u00dferdem lange Zeit am St\u00fcck, ohne dass deine Arme schmerzen. Der verstellbare Seitengriff gibt dir mehr Kontrolle \u00fcber den Kombihammer. Fertig mit Werkeln? Dann verstaust du den Kombihammer im stapelbaren TSTAK Aufbewahrungskoffer. Wenn du bereits einen Akku aus dem DeWalt XR 18V Akkusystem zu Hause hast, dann l\u00e4sst sich dieser Akku auch mit dem DCH172NT-XJ (ohne Akku) verwenden.<\/p>\n","protected":false},"excerpt":{"rendered":"<p>Mit dem DeWalt DCH172NT-XJ (ohne Akku) mei\u00dfelst du dank des Drehstopps ganz einfach Fliesen von einer Wand. Au\u00dferdem bohrst du m\u00fchelos L\u00f6cher von bis zu 26\u00a0mm Durchmesser in Beton. Da der Kombihammer mit einem Akku betrieben wird (nicht im Lieferumfang enthalten), arbeitest du im ganzen Haus. Mit einer Schlagkraft von 1,4 Joule bew\u00e4ltigst du leichte Arbeiten. Dank des Gewichts von nur 1,8\u00a0kg arbeitest du au\u00dferdem lange Zeit am St\u00fcck, ohne dass deine Arme schmerzen. Der verstellbare Seitengriff gibt dir mehr Kontrolle \u00fcber den Kombihammer. Fertig mit Werkeln? Dann verstaust du den Kombihammer im stapelbaren TSTAK Aufbewahrungskoffer. Wenn du bereits einen Akku aus dem DeWalt XR 18V Akkusystem zu Hause hast, dann l\u00e4sst sich dieser Akku auch mit dem DCH172NT-XJ (ohne Akku) verwenden.<\/p>\n","protected":false},"featured_media":0,"comment_status":"closed","ping_status":"open","template":"","meta":{"_acf_changed":false},"brand":[980],"product_brand":[],"product_cat":[261],"product_tag":[262],"class_list":{"0":"post-80884","1":"product","2":"type-product","3":"status-publish","5":"brand-dewalt","6":"product_cat-bohrmaschinen","7":"product_tag-boorhamers","8":"pa_condition-new","9":"pa_coolblue-de-verzending-morgen-gratis-geliefert","10":"pa_ean-22722","11":"pa_mpn-dch172nt-xj","13":"first","14":"instock","15":"product-type-external"},"acf":[],"_links":{"self":[{"href":"https:\/\/onlinehardwareshop.de\/index.php\/wp-json\/wp\/v2\/product\/80884","targetHints":{"allow":["GET"]}}],"collection":[{"href":"https:\/\/onlinehardwareshop.de\/index.php\/wp-json\/wp\/v2\/product"}],"about":[{"href":"https:\/\/onlinehardwareshop.de\/index.php\/wp-json\/wp\/v2\/types\/product"}],"replies":[{"embeddable":true,"href":"https:\/\/onlinehardwareshop.de\/index.php\/wp-json\/wp\/v2\/comments?post=80884"}],"wp:attachment":[{"href":"https:\/\/onlinehardwareshop.de\/index.php\/wp-json\/wp\/v2\/media?parent=80884"}],"wp:term":[{"taxonomy":"brand","embeddable":true,"href":"https:\/\/onlinehardwareshop.de\/index.php\/wp-json\/wp\/v2\/brand?post=80884"},{"taxonomy":"product_brand","embeddable":true,"href":"https:\/\/onlinehardwareshop.de\/index.php\/wp-json\/wp\/v2\/product_brand?post=80884"},{"taxonomy":"product_cat","embeddable":true,"href":"https:\/\/onlinehardwareshop.de\/index.php\/wp-json\/wp\/v2\/product_cat?post=80884"},{"taxonomy":"product_tag","embeddable":true,"href":"https:\/\/onlinehardwareshop.de\/index.php\/wp-json\/wp\/v2\/product_tag?post=80884"}],"curies":[{"name":"wp","href":"https:\/\/api.w.org\/{rel}","templated":true}]}}