{"id":80667,"date":"2025-05-05T02:00:59","date_gmt":"2025-05-05T02:00:59","guid":{"rendered":"https:\/\/onlinehardwareshop.de\/index.php\/produkt\/google-tv-streamer-4k-2\/"},"modified":"2025-05-14T13:33:26","modified_gmt":"2025-05-14T13:33:26","slug":"google-tv-streamer-4k","status":"publish","type":"product","link":"https:\/\/onlinehardwareshop.de\/index.php\/produkt\/google-tv-streamer-4k\/","title":{"rendered":"Google TV Streamer 4K"},"content":{"rendered":"<p>Der Google TV Streamer 4K ist der Nachfolger des Google Chromecast. Er funktioniert auf die gleiche Art, ist jedoch etwas gr\u00f6\u00dfer. Daher platzierst du ihn auf deinem TV-Schrank, anstatt ihn hinter deinem Fernseher an die Wand zu h\u00e4ngen. Du verbindest den Streamer \u00fcber ein HDMI-Kabel mit deinem Fernseher, woraufhin du auf jedem Fernseher \u00fcber Google streamen kannst. Dir stehen auf verschiedenen Apps wie YouTube, Netflix und Videoland \u00fcber 700.000 Filme und Serien zur Verf\u00fcgung. Der Google TV Streamer ist schneller als sein Vorg\u00e4nger. Zudem dient er als Zentrum deines Smart Home. Der Streamer unterst\u00fctzt Google Home oder Matter. Hast du andere Google Smart-Home-Ger\u00e4te wie eine Nest Cam oder Google Nest Doorbell? Dann siehst du dir ihre Bilder auch live auf deinem Fernseher an.<\/p>\n","protected":false},"excerpt":{"rendered":"<p>Der Google TV Streamer 4K ist der Nachfolger des Google Chromecast. Er funktioniert auf die gleiche Art, ist jedoch etwas gr\u00f6\u00dfer. Daher platzierst du ihn auf deinem TV-Schrank, anstatt ihn hinter deinem Fernseher an die Wand zu h\u00e4ngen. Du verbindest den Streamer \u00fcber ein HDMI-Kabel mit deinem Fernseher, woraufhin du auf jedem Fernseher \u00fcber Google streamen kannst. Dir stehen auf verschiedenen Apps wie YouTube, Netflix und Videoland \u00fcber 700.000 Filme und Serien zur Verf\u00fcgung. Der Google TV Streamer ist schneller als sein Vorg\u00e4nger. Zudem dient er als Zentrum deines Smart Home. Der Streamer unterst\u00fctzt Google Home oder Matter. Hast du andere Google Smart-Home-Ger\u00e4te wie eine Nest Cam oder Google Nest Doorbell? Dann siehst du dir ihre Bilder auch live auf deinem Fernseher an.<\/p>\n","protected":false},"featured_media":0,"comment_status":"closed","ping_status":"open","template":"","meta":{"_acf_changed":false},"brand":[12457],"product_brand":[],"product_cat":[5102],"product_tag":[28841],"class_list":{"0":"post-80667","1":"product","2":"type-product","3":"status-publish","5":"brand-google","6":"product_cat-media-player","7":"product_tag-google-chromecast","8":"pa_condition-new","9":"pa_coolblue-de-verzending-morgen-gratis-geliefert","10":"pa_ean-28839","11":"pa_mpn-ga05662-de","13":"first","14":"instock","15":"product-type-external"},"acf":[],"_links":{"self":[{"href":"https:\/\/onlinehardwareshop.de\/index.php\/wp-json\/wp\/v2\/product\/80667","targetHints":{"allow":["GET"]}}],"collection":[{"href":"https:\/\/onlinehardwareshop.de\/index.php\/wp-json\/wp\/v2\/product"}],"about":[{"href":"https:\/\/onlinehardwareshop.de\/index.php\/wp-json\/wp\/v2\/types\/product"}],"replies":[{"embeddable":true,"href":"https:\/\/onlinehardwareshop.de\/index.php\/wp-json\/wp\/v2\/comments?post=80667"}],"wp:attachment":[{"href":"https:\/\/onlinehardwareshop.de\/index.php\/wp-json\/wp\/v2\/media?parent=80667"}],"wp:term":[{"taxonomy":"brand","embeddable":true,"href":"https:\/\/onlinehardwareshop.de\/index.php\/wp-json\/wp\/v2\/brand?post=80667"},{"taxonomy":"product_brand","embeddable":true,"href":"https:\/\/onlinehardwareshop.de\/index.php\/wp-json\/wp\/v2\/product_brand?post=80667"},{"taxonomy":"product_cat","embeddable":true,"href":"https:\/\/onlinehardwareshop.de\/index.php\/wp-json\/wp\/v2\/product_cat?post=80667"},{"taxonomy":"product_tag","embeddable":true,"href":"https:\/\/onlinehardwareshop.de\/index.php\/wp-json\/wp\/v2\/product_tag?post=80667"}],"curies":[{"name":"wp","href":"https:\/\/api.w.org\/{rel}","templated":true}]}}