{"id":80655,"date":"2025-02-06T11:18:50","date_gmt":"2025-02-06T11:18:50","guid":{"rendered":"https:\/\/onlinehardwareshop.de\/index.php\/produkt\/wiim-ultra-2\/"},"modified":"2025-05-14T13:32:33","modified_gmt":"2025-05-14T13:32:33","slug":"wiim-ultra","status":"publish","type":"product","link":"https:\/\/onlinehardwareshop.de\/index.php\/produkt\/wiim-ultra\/","title":{"rendered":"WiiM Ultra"},"content":{"rendered":"<p>Mit dem WiiM Ultra Audio-Streamer erweiterst du deine Audiobibliothek und legst dir ein eigenes Audiosystem zu. Dank der Verbindungsm\u00f6glichkeit mit Spotify, Amazon Music und Tidal h\u00f6rst du bequem kabellos deine Lieblingsmusik online. Dar\u00fcber hinaus h\u00f6rst du auch Podcasts und verschiedene Internetradiosender. Du verwendest den Streamer sogar als Plattenspieler oder im Heimkino mit einer Soundbar. Der Streamer unterst\u00fctzt Audioformate mit hoher Aufl\u00f6sung, weshalb du klaren und detailreichen Klang h\u00f6rst. Au\u00dferdem unterst\u00fctzt er Amazon Alexa und Google Assistant, sodass du ihn auch mit deiner Stimme steuerst. Mit mehreren WiiM Audio-Streamern kreierst du ein Multiroom-Setup. Verbinde die Audio-Streamer mit deinen Lautsprechern in verschiedenen R\u00e4umen und h\u00f6re \u00fcberall dieselbe Musik oder denselben Podcast.<\/p>\n","protected":false},"excerpt":{"rendered":"<p>Mit dem WiiM Ultra Audio-Streamer erweiterst du deine Audiobibliothek und legst dir ein eigenes Audiosystem zu. Dank der Verbindungsm\u00f6glichkeit mit Spotify, Amazon Music und Tidal h\u00f6rst du bequem kabellos deine Lieblingsmusik online. Dar\u00fcber hinaus h\u00f6rst du auch Podcasts und verschiedene Internetradiosender. Du verwendest den Streamer sogar als Plattenspieler oder im Heimkino mit einer Soundbar. Der Streamer unterst\u00fctzt Audioformate mit hoher Aufl\u00f6sung, weshalb du klaren und detailreichen Klang h\u00f6rst. Au\u00dferdem unterst\u00fctzt er Amazon Alexa und Google Assistant, sodass du ihn auch mit deiner Stimme steuerst. Mit mehreren WiiM Audio-Streamern kreierst du ein Multiroom-Setup. Verbinde die Audio-Streamer mit deinen Lautsprechern in verschiedenen R\u00e4umen und h\u00f6re \u00fcberall dieselbe Musik oder denselben Podcast.<\/p>\n","protected":false},"featured_media":0,"comment_status":"closed","ping_status":"open","template":"","meta":{"_acf_changed":false},"brand":[19199],"product_brand":[],"product_cat":[1250],"product_tag":[1251],"class_list":{"0":"post-80655","1":"product","2":"type-product","3":"status-publish","5":"brand-wiim","6":"product_cat-audio-streamer","7":"product_tag-audiostreamers-receivers","8":"pa_condition-new","9":"pa_coolblue-de-verzending-morgen-gratis-geliefert","10":"pa_ean-22273","11":"pa_mpn-wiiult","13":"first","14":"instock","15":"product-type-external"},"acf":[],"_links":{"self":[{"href":"https:\/\/onlinehardwareshop.de\/index.php\/wp-json\/wp\/v2\/product\/80655","targetHints":{"allow":["GET"]}}],"collection":[{"href":"https:\/\/onlinehardwareshop.de\/index.php\/wp-json\/wp\/v2\/product"}],"about":[{"href":"https:\/\/onlinehardwareshop.de\/index.php\/wp-json\/wp\/v2\/types\/product"}],"replies":[{"embeddable":true,"href":"https:\/\/onlinehardwareshop.de\/index.php\/wp-json\/wp\/v2\/comments?post=80655"}],"wp:attachment":[{"href":"https:\/\/onlinehardwareshop.de\/index.php\/wp-json\/wp\/v2\/media?parent=80655"}],"wp:term":[{"taxonomy":"brand","embeddable":true,"href":"https:\/\/onlinehardwareshop.de\/index.php\/wp-json\/wp\/v2\/brand?post=80655"},{"taxonomy":"product_brand","embeddable":true,"href":"https:\/\/onlinehardwareshop.de\/index.php\/wp-json\/wp\/v2\/product_brand?post=80655"},{"taxonomy":"product_cat","embeddable":true,"href":"https:\/\/onlinehardwareshop.de\/index.php\/wp-json\/wp\/v2\/product_cat?post=80655"},{"taxonomy":"product_tag","embeddable":true,"href":"https:\/\/onlinehardwareshop.de\/index.php\/wp-json\/wp\/v2\/product_tag?post=80655"}],"curies":[{"name":"wp","href":"https:\/\/api.w.org\/{rel}","templated":true}]}}