{"id":80619,"date":"2025-03-07T14:05:44","date_gmt":"2025-03-07T14:05:44","guid":{"rendered":"https:\/\/onlinehardwareshop.de\/index.php\/produkt\/dewalt-extreme-metal-trennscheibe-125x-2223x-13mm-2\/"},"modified":"2025-05-14T13:29:46","modified_gmt":"2025-05-14T13:29:46","slug":"dewalt-extreme-metal-trennscheibe-125x-2223x-13mm","status":"publish","type":"product","link":"https:\/\/onlinehardwareshop.de\/index.php\/produkt\/dewalt-extreme-metal-trennscheibe-125x-2223x-13mm\/","title":{"rendered":"DeWalt Extreme Metal Trennscheibe 125&#xA0;x 22,23&#xA0;x 1,3&#xA0;mm"},"content":{"rendered":"<p>Die DeWalt Extreme Metal Trennscheibe 125\u00a0x 22,23\u00a0x 1,3\u00a0mm ist eine Trennscheibe speziell f\u00fcr Metall. Die Scheibe h\u00e4lt besonders lange dank der starken Schneidkante aus Diamant, die nicht abnutzt. Au\u00dferdem bleibt dein Arbeitsbereich sauberer, da sich weniger Staub bildet. Die Trennscheibe ist 125\u00a0mm gro\u00df und f\u00fcr verschiedene Metalle geeignet, darunter (rostfreier) Stahl, Gusseisen oder Aluminium. Die Extreme Metal Trennscheibe ist 1,3\u00a0mm dick.<\/p>\n","protected":false},"excerpt":{"rendered":"<p>Die DeWalt Extreme Metal Trennscheibe 125\u00a0x 22,23\u00a0x 1,3\u00a0mm ist eine Trennscheibe speziell f\u00fcr Metall. Die Scheibe h\u00e4lt besonders lange dank der starken Schneidkante aus Diamant, die nicht abnutzt. Au\u00dferdem bleibt dein Arbeitsbereich sauberer, da sich weniger Staub bildet. Die Trennscheibe ist 125\u00a0mm gro\u00df und f\u00fcr verschiedene Metalle geeignet, darunter (rostfreier) Stahl, Gusseisen oder Aluminium. Die Extreme Metal Trennscheibe ist 1,3\u00a0mm dick.<\/p>\n","protected":false},"featured_media":0,"comment_status":"closed","ping_status":"open","template":"","meta":{"_acf_changed":false},"brand":[980],"product_brand":[],"product_cat":[3140],"product_tag":[3141],"class_list":{"0":"post-80619","1":"product","2":"type-product","3":"status-publish","5":"brand-dewalt","6":"product_cat-schleifscheiben","7":"product_tag-slijpschijven","8":"pa_condition-new","9":"pa_coolblue-de-verzending-morgen-gratis-geliefert","10":"pa_ean-22180","11":"pa_mpn-dt40252-qz","13":"first","14":"instock","15":"product-type-external"},"acf":[],"_links":{"self":[{"href":"https:\/\/onlinehardwareshop.de\/index.php\/wp-json\/wp\/v2\/product\/80619","targetHints":{"allow":["GET"]}}],"collection":[{"href":"https:\/\/onlinehardwareshop.de\/index.php\/wp-json\/wp\/v2\/product"}],"about":[{"href":"https:\/\/onlinehardwareshop.de\/index.php\/wp-json\/wp\/v2\/types\/product"}],"replies":[{"embeddable":true,"href":"https:\/\/onlinehardwareshop.de\/index.php\/wp-json\/wp\/v2\/comments?post=80619"}],"wp:attachment":[{"href":"https:\/\/onlinehardwareshop.de\/index.php\/wp-json\/wp\/v2\/media?parent=80619"}],"wp:term":[{"taxonomy":"brand","embeddable":true,"href":"https:\/\/onlinehardwareshop.de\/index.php\/wp-json\/wp\/v2\/brand?post=80619"},{"taxonomy":"product_brand","embeddable":true,"href":"https:\/\/onlinehardwareshop.de\/index.php\/wp-json\/wp\/v2\/product_brand?post=80619"},{"taxonomy":"product_cat","embeddable":true,"href":"https:\/\/onlinehardwareshop.de\/index.php\/wp-json\/wp\/v2\/product_cat?post=80619"},{"taxonomy":"product_tag","embeddable":true,"href":"https:\/\/onlinehardwareshop.de\/index.php\/wp-json\/wp\/v2\/product_tag?post=80619"}],"curies":[{"name":"wp","href":"https:\/\/api.w.org\/{rel}","templated":true}]}}