{"id":80594,"date":"2025-03-09T20:12:34","date_gmt":"2025-03-09T20:12:34","guid":{"rendered":"https:\/\/onlinehardwareshop.de\/index.php\/produkt\/canon-pixma-ts5350i-1-schwarze-ersatzpatrone\/"},"modified":"2025-05-14T13:27:41","modified_gmt":"2025-05-14T13:27:41","slug":"canon-pixma-ts5350i-1-schwarze-ersatzpatrone","status":"publish","type":"product","link":"https:\/\/onlinehardwareshop.de\/index.php\/produkt\/canon-pixma-ts5350i-1-schwarze-ersatzpatrone\/","title":{"rendered":"Canon PIXMA TS5350I + 1 schwarze Ersatzpatrone"},"content":{"rendered":"<p>Lege dir mit dem Set aus Canon PIXMA TS5350I + 1 schwarze Ersatzpatrone vorerst gen\u00fcgend Tinte f\u00fcr alle deine Schwarz-Wei\u00df-Dokumente zu. Du erh\u00e4ltst eine schwarze Ersatzpatrone, mit der du bis zu 180 Schwarz-Wei\u00df-Seiten druckst. Der Canon PIXMA TS5350I ist ein Multifunktions-Tintenstrahldrucker f\u00fcr den Heimgebrauch. Dieser Drucker eignet sich nicht nur zum Drucken, sondern auch zum Scannen und Kopieren. Durch die hohe Druckaufl\u00f6sung von 4.800\u00a0x 1.200\u00a0dpi werden Abbildungen und Grafiken scharf gedruckt. Fotopapier bewahrst du in einer separaten Papierkassette auf. Damit entfallen st\u00e4ndige Papierwechsel. Du stellst die Verbindung mit dem Drucker \u00fcber Wi-Fi Direct her, sodass du den Drucker nicht erst mit einem Modem verbinden musst. Deine Druckauftr\u00e4ge kannst du aber auch \u00fcber ein USB-Kabel, Apple AirPrint oder \u00fcber E-Mail-Druck senden.   Canon PIXMA Print Plan  Dieser Drucker eignet sich f\u00fcr den Canon PIXMA Print Plan. Dabei handelt es sich um einen Tintenservice, der dir eine bestimmte Anzahl Ausdrucke f\u00fcr einen festen Monatsbetrag zur Verf\u00fcgung stellt. Wenn die Patronen fast leer sind, bestellt dein Drucker selbstst\u00e4ndig neue, die kostenlos geliefert werden. So geht dir nie mehr die Tinte aus. M\u00f6chtest du mehr \u00fcber den PIXMA Print Plan erfahren? Sieh dir unseren Beratungsartikel an.<\/p>\n","protected":false},"excerpt":{"rendered":"<p>Lege dir mit dem Set aus Canon PIXMA TS5350I + 1 schwarze Ersatzpatrone vorerst gen\u00fcgend Tinte f\u00fcr alle deine Schwarz-Wei\u00df-Dokumente zu. Du erh\u00e4ltst eine schwarze Ersatzpatrone, mit der du bis zu 180 Schwarz-Wei\u00df-Seiten druckst. Der Canon PIXMA TS5350I ist ein Multifunktions-Tintenstrahldrucker f\u00fcr den Heimgebrauch. Dieser Drucker eignet sich nicht nur zum Drucken, sondern auch zum Scannen und Kopieren. Durch die hohe Druckaufl\u00f6sung von 4.800\u00a0x 1.200\u00a0dpi werden Abbildungen und Grafiken scharf gedruckt. Fotopapier bewahrst du in einer separaten Papierkassette auf. Damit entfallen st\u00e4ndige Papierwechsel. Du stellst die Verbindung mit dem Drucker \u00fcber Wi-Fi Direct her, sodass du den Drucker nicht erst mit einem Modem verbinden musst. Deine Druckauftr\u00e4ge kannst du aber auch \u00fcber ein USB-Kabel, Apple AirPrint oder \u00fcber E-Mail-Druck senden.   Canon PIXMA Print Plan  Dieser Drucker eignet sich f\u00fcr den Canon PIXMA Print Plan. Dabei handelt es sich um einen Tintenservice, der dir eine bestimmte Anzahl Ausdrucke f\u00fcr einen festen Monatsbetrag zur Verf\u00fcgung stellt. Wenn die Patronen fast leer sind, bestellt dein Drucker selbstst\u00e4ndig neue, die kostenlos geliefert werden. So geht dir nie mehr die Tinte aus. M\u00f6chtest du mehr \u00fcber den PIXMA Print Plan erfahren? Sieh dir unseren Beratungsartikel an.<\/p>\n","protected":false},"featured_media":0,"comment_status":"closed","ping_status":"open","template":"","meta":{"_acf_changed":false},"brand":[61],"product_brand":[],"product_cat":[2205],"product_tag":[2206],"class_list":{"0":"post-80594","1":"product","2":"type-product","3":"status-publish","5":"brand-canon","6":"product_cat-drucker","7":"product_tag-inkjetprinters","8":"pa_condition-new","9":"pa_coolblue-de-verzending-morgen-gratis-geliefert","10":"pa_ean-22124","12":"first","13":"instock","14":"product-type-external"},"acf":[],"_links":{"self":[{"href":"https:\/\/onlinehardwareshop.de\/index.php\/wp-json\/wp\/v2\/product\/80594","targetHints":{"allow":["GET"]}}],"collection":[{"href":"https:\/\/onlinehardwareshop.de\/index.php\/wp-json\/wp\/v2\/product"}],"about":[{"href":"https:\/\/onlinehardwareshop.de\/index.php\/wp-json\/wp\/v2\/types\/product"}],"replies":[{"embeddable":true,"href":"https:\/\/onlinehardwareshop.de\/index.php\/wp-json\/wp\/v2\/comments?post=80594"}],"wp:attachment":[{"href":"https:\/\/onlinehardwareshop.de\/index.php\/wp-json\/wp\/v2\/media?parent=80594"}],"wp:term":[{"taxonomy":"brand","embeddable":true,"href":"https:\/\/onlinehardwareshop.de\/index.php\/wp-json\/wp\/v2\/brand?post=80594"},{"taxonomy":"product_brand","embeddable":true,"href":"https:\/\/onlinehardwareshop.de\/index.php\/wp-json\/wp\/v2\/product_brand?post=80594"},{"taxonomy":"product_cat","embeddable":true,"href":"https:\/\/onlinehardwareshop.de\/index.php\/wp-json\/wp\/v2\/product_cat?post=80594"},{"taxonomy":"product_tag","embeddable":true,"href":"https:\/\/onlinehardwareshop.de\/index.php\/wp-json\/wp\/v2\/product_tag?post=80594"}],"curies":[{"name":"wp","href":"https:\/\/api.w.org\/{rel}","templated":true}]}}