{"id":80328,"date":"2024-05-29T00:54:30","date_gmt":"2024-05-29T00:54:30","guid":{"rendered":"https:\/\/onlinehardwareshop.de\/index.php\/produkt\/jbl-quantum360-wireless-wei-2\/"},"modified":"2025-05-14T13:04:27","modified_gmt":"2025-05-14T13:04:27","slug":"jbl-quantum360-wireless-wei","status":"publish","type":"product","link":"https:\/\/onlinehardwareshop.de\/index.php\/produkt\/jbl-quantum360-wireless-wei\/","title":{"rendered":"JBL Quantum&#xA0;360 Wireless Wei&#xDF;"},"content":{"rendered":"<p>Erlebe deine Spiele in Surround Sound mit dem wei\u00dfen JBL Quantum\u00a0360 Wireless. Dieses Headset verbindest du \u00fcber einen USB-A-Dongle kabellos mit deiner PlayStation oder deinem PC. So hast du beim Gaming keinen Kabelsalat. \u00dcber Bluetooth verbindest du dieses Headset auch mit deinem Smartphone und wechselst bequem zwischen deinen Ger\u00e4ten. Dank des Surround Sounds in 360 Grad erlebst du dein Spiel intensiver und h\u00f6rst genau, aus welcher Richtung deine Gegner kommen. Damit bist du ihnen jederzeit einen Schritt voraus. Die durchschnittliche Akkulaufzeit des Headsets betr\u00e4gt 22\u00a0Stunden. So erlebst du ausgiebigen Gaming-Spa\u00df, ohne das Headset zwischendurch zu laden. Spielst du \u00f6fter im Single-Player-Modus oder ben\u00f6tigst kein Mikrofon? Dann entferne das Mikrofon einfach vom Headset.<\/p>\n","protected":false},"excerpt":{"rendered":"<p>Erlebe deine Spiele in Surround Sound mit dem wei\u00dfen JBL Quantum\u00a0360 Wireless. Dieses Headset verbindest du \u00fcber einen USB-A-Dongle kabellos mit deiner PlayStation oder deinem PC. So hast du beim Gaming keinen Kabelsalat. \u00dcber Bluetooth verbindest du dieses Headset auch mit deinem Smartphone und wechselst bequem zwischen deinen Ger\u00e4ten. Dank des Surround Sounds in 360 Grad erlebst du dein Spiel intensiver und h\u00f6rst genau, aus welcher Richtung deine Gegner kommen. Damit bist du ihnen jederzeit einen Schritt voraus. Die durchschnittliche Akkulaufzeit des Headsets betr\u00e4gt 22\u00a0Stunden. So erlebst du ausgiebigen Gaming-Spa\u00df, ohne das Headset zwischendurch zu laden. Spielst du \u00f6fter im Single-Player-Modus oder ben\u00f6tigst kein Mikrofon? Dann entferne das Mikrofon einfach vom Headset.<\/p>\n","protected":false},"featured_media":0,"comment_status":"closed","ping_status":"open","template":"","meta":{"_acf_changed":false},"brand":[5677],"product_brand":[],"product_cat":[3435],"product_tag":[3436],"class_list":{"0":"post-80328","1":"product","2":"type-product","3":"status-publish","5":"brand-jbl","6":"product_cat-gaming-headsets","7":"product_tag-gaming-headsets","8":"pa_condition-new","9":"pa_coolblue-de-verzending-morgen-gratis-geliefert","10":"pa_ean-21598","11":"pa_mpn-jblqtum360wht","13":"first","14":"instock","15":"product-type-external"},"acf":[],"_links":{"self":[{"href":"https:\/\/onlinehardwareshop.de\/index.php\/wp-json\/wp\/v2\/product\/80328","targetHints":{"allow":["GET"]}}],"collection":[{"href":"https:\/\/onlinehardwareshop.de\/index.php\/wp-json\/wp\/v2\/product"}],"about":[{"href":"https:\/\/onlinehardwareshop.de\/index.php\/wp-json\/wp\/v2\/types\/product"}],"replies":[{"embeddable":true,"href":"https:\/\/onlinehardwareshop.de\/index.php\/wp-json\/wp\/v2\/comments?post=80328"}],"wp:attachment":[{"href":"https:\/\/onlinehardwareshop.de\/index.php\/wp-json\/wp\/v2\/media?parent=80328"}],"wp:term":[{"taxonomy":"brand","embeddable":true,"href":"https:\/\/onlinehardwareshop.de\/index.php\/wp-json\/wp\/v2\/brand?post=80328"},{"taxonomy":"product_brand","embeddable":true,"href":"https:\/\/onlinehardwareshop.de\/index.php\/wp-json\/wp\/v2\/product_brand?post=80328"},{"taxonomy":"product_cat","embeddable":true,"href":"https:\/\/onlinehardwareshop.de\/index.php\/wp-json\/wp\/v2\/product_cat?post=80328"},{"taxonomy":"product_tag","embeddable":true,"href":"https:\/\/onlinehardwareshop.de\/index.php\/wp-json\/wp\/v2\/product_tag?post=80328"}],"curies":[{"name":"wp","href":"https:\/\/api.w.org\/{rel}","templated":true}]}}