{"id":80289,"date":"2024-10-23T12:51:58","date_gmt":"2024-10-23T12:51:58","guid":{"rendered":"https:\/\/onlinehardwareshop.de\/index.php\/produkt\/bosch-kreissgeblatt-expert-for-wood-305x-30x-24mm-72t-2\/"},"modified":"2025-05-14T13:01:38","modified_gmt":"2025-05-14T13:01:38","slug":"bosch-kreissgeblatt-expert-for-wood-305x-30x-24mm-72t","status":"publish","type":"product","link":"https:\/\/onlinehardwareshop.de\/index.php\/produkt\/bosch-kreissgeblatt-expert-for-wood-305x-30x-24mm-72t\/","title":{"rendered":"Bosch Kreiss&#xE4;geblatt Expert for Wood 305&#xA0;x 30&#xA0;x 2,4&#xA0;mm 72&#xA0;T"},"content":{"rendered":"<p>Mit dem Bosch Zirkels\u00e4geblatt Expert for Wood 305\u00a0x 30\u00a0x 2,4\u00a0mm \/ 72\u00a0T s\u00e4gst du im Handumdrehen die verschiedensten Holzarten. Dank der 72 Z\u00e4hne ist das Ergebnis immer sch\u00f6n und splitterfrei und dank der speziellen PROtection Schicht ist das S\u00e4geblatt langlebiger. Es hat einen Au\u00dfendurchmesser von 305\u00a0mm und eine Bohrung von 30\u00a0mm. \u00dcberpr\u00fcfe vorab genau, ob dieses Kreiss\u00e4geblatt Expert for Wood auf deine S\u00e4ge passt.<\/p>\n","protected":false},"excerpt":{"rendered":"<p>Mit dem Bosch Zirkels\u00e4geblatt Expert for Wood 305\u00a0x 30\u00a0x 2,4\u00a0mm \/ 72\u00a0T s\u00e4gst du im Handumdrehen die verschiedensten Holzarten. Dank der 72 Z\u00e4hne ist das Ergebnis immer sch\u00f6n und splitterfrei und dank der speziellen PROtection Schicht ist das S\u00e4geblatt langlebiger. Es hat einen Au\u00dfendurchmesser von 305\u00a0mm und eine Bohrung von 30\u00a0mm. \u00dcberpr\u00fcfe vorab genau, ob dieses Kreiss\u00e4geblatt Expert for Wood auf deine S\u00e4ge passt.<\/p>\n","protected":false},"featured_media":0,"comment_status":"closed","ping_status":"open","template":"","meta":{"_acf_changed":false},"brand":[332],"product_brand":[],"product_cat":[333],"product_tag":[334],"class_list":{"0":"post-80289","1":"product","2":"type-product","3":"status-publish","5":"brand-bosch-professional","6":"product_cat-sgebltter","7":"product_tag-zaagbladen","8":"pa_condition-new","9":"pa_coolblue-de-verzending-morgen-gratis-geliefert","10":"pa_ean-21524","11":"pa_mpn-21525","13":"first","14":"instock","15":"product-type-external"},"acf":[],"_links":{"self":[{"href":"https:\/\/onlinehardwareshop.de\/index.php\/wp-json\/wp\/v2\/product\/80289","targetHints":{"allow":["GET"]}}],"collection":[{"href":"https:\/\/onlinehardwareshop.de\/index.php\/wp-json\/wp\/v2\/product"}],"about":[{"href":"https:\/\/onlinehardwareshop.de\/index.php\/wp-json\/wp\/v2\/types\/product"}],"replies":[{"embeddable":true,"href":"https:\/\/onlinehardwareshop.de\/index.php\/wp-json\/wp\/v2\/comments?post=80289"}],"wp:attachment":[{"href":"https:\/\/onlinehardwareshop.de\/index.php\/wp-json\/wp\/v2\/media?parent=80289"}],"wp:term":[{"taxonomy":"brand","embeddable":true,"href":"https:\/\/onlinehardwareshop.de\/index.php\/wp-json\/wp\/v2\/brand?post=80289"},{"taxonomy":"product_brand","embeddable":true,"href":"https:\/\/onlinehardwareshop.de\/index.php\/wp-json\/wp\/v2\/product_brand?post=80289"},{"taxonomy":"product_cat","embeddable":true,"href":"https:\/\/onlinehardwareshop.de\/index.php\/wp-json\/wp\/v2\/product_cat?post=80289"},{"taxonomy":"product_tag","embeddable":true,"href":"https:\/\/onlinehardwareshop.de\/index.php\/wp-json\/wp\/v2\/product_tag?post=80289"}],"curies":[{"name":"wp","href":"https:\/\/api.w.org\/{rel}","templated":true}]}}