{"id":80044,"date":"2024-05-29T04:27:32","date_gmt":"2024-05-29T04:27:32","guid":{"rendered":"https:\/\/onlinehardwareshop.de\/index.php\/produkt\/wd-blue-sa510-2tb-sata-m-2-ssd-2\/"},"modified":"2025-05-14T12:40:39","modified_gmt":"2025-05-14T12:40:39","slug":"wd-blue-sa510-2tb-sata-m-2-ssd","status":"publish","type":"product","link":"https:\/\/onlinehardwareshop.de\/index.php\/produkt\/wd-blue-sa510-2tb-sata-m-2-ssd\/","title":{"rendered":"WD Blue SA510 2TB SATA M.2 SSD"},"content":{"rendered":"<p>Hinweis: Diese M.2-SSD hat eine SATA-Schnittstelle und funktioniert nur, wenn dein System SATA unterst\u00fctzt. Dies solltest du in der Gebrauchsanleitung deines Laptops oder Motherboards \u00fcberpr\u00fcfen.  Erweitere den Speicher deines PCs oder Laptops mit der WD Blue SA510 SATA M.2 SSD 2\u00a0TB. Diese SSD hat einen M-Key mit f\u00fcnf Pins. Dar\u00fcber hinaus verf\u00fcgt die WD Blue SA510 \u00fcber 2\u00a0TB Speicherkapazit\u00e4t. Damit bietet sie Platz f\u00fcr ungef\u00e4hr 200.000 Fotos oder 66 Stunden 4K-Bildmaterial. Durch die maximale Schreibgeschwindigkeit von 520\u00a0MB\/s und die Lesegeschwindigkeit von 560\u00a0MB\/s lassen sich Dateien schnell \u00fcbertragen und in wenigen Sekunden \u00f6ffnen. Mit dieser internen SSD f\u00fchrst du anspruchsvolle Programme ohne Verz\u00f6gerungen aus und f\u00e4hrst deinen Laptop oder PC schnell hoch. Du erh\u00e4ltst au\u00dferdem ganze 5 Jahre Garantie von Western Digital.<\/p>\n","protected":false},"excerpt":{"rendered":"<p>Hinweis: Diese M.2-SSD hat eine SATA-Schnittstelle und funktioniert nur, wenn dein System SATA unterst\u00fctzt. Dies solltest du in der Gebrauchsanleitung deines Laptops oder Motherboards \u00fcberpr\u00fcfen.  Erweitere den Speicher deines PCs oder Laptops mit der WD Blue SA510 SATA M.2 SSD 2\u00a0TB. Diese SSD hat einen M-Key mit f\u00fcnf Pins. Dar\u00fcber hinaus verf\u00fcgt die WD Blue SA510 \u00fcber 2\u00a0TB Speicherkapazit\u00e4t. Damit bietet sie Platz f\u00fcr ungef\u00e4hr 200.000 Fotos oder 66 Stunden 4K-Bildmaterial. Durch die maximale Schreibgeschwindigkeit von 520\u00a0MB\/s und die Lesegeschwindigkeit von 560\u00a0MB\/s lassen sich Dateien schnell \u00fcbertragen und in wenigen Sekunden \u00f6ffnen. Mit dieser internen SSD f\u00fchrst du anspruchsvolle Programme ohne Verz\u00f6gerungen aus und f\u00e4hrst deinen Laptop oder PC schnell hoch. Du erh\u00e4ltst au\u00dferdem ganze 5 Jahre Garantie von Western Digital.<\/p>\n","protected":false},"featured_media":0,"comment_status":"closed","ping_status":"open","template":"","meta":{"_acf_changed":false},"brand":[645],"product_brand":[],"product_cat":[2957],"product_tag":[7168],"class_list":{"0":"post-80044","1":"product","2":"type-product","3":"status-publish","5":"brand-western-digital","6":"product_cat-solid-state-drives-ssd","7":"product_tag-m-2-ssd","8":"pa_condition-new","9":"pa_coolblue-de-verzending-morgen-gratis-geliefert","10":"pa_ean-20975","11":"pa_mpn-wds200t3b0b","13":"first","14":"instock","15":"product-type-external"},"acf":[],"_links":{"self":[{"href":"https:\/\/onlinehardwareshop.de\/index.php\/wp-json\/wp\/v2\/product\/80044","targetHints":{"allow":["GET"]}}],"collection":[{"href":"https:\/\/onlinehardwareshop.de\/index.php\/wp-json\/wp\/v2\/product"}],"about":[{"href":"https:\/\/onlinehardwareshop.de\/index.php\/wp-json\/wp\/v2\/types\/product"}],"replies":[{"embeddable":true,"href":"https:\/\/onlinehardwareshop.de\/index.php\/wp-json\/wp\/v2\/comments?post=80044"}],"wp:attachment":[{"href":"https:\/\/onlinehardwareshop.de\/index.php\/wp-json\/wp\/v2\/media?parent=80044"}],"wp:term":[{"taxonomy":"brand","embeddable":true,"href":"https:\/\/onlinehardwareshop.de\/index.php\/wp-json\/wp\/v2\/brand?post=80044"},{"taxonomy":"product_brand","embeddable":true,"href":"https:\/\/onlinehardwareshop.de\/index.php\/wp-json\/wp\/v2\/product_brand?post=80044"},{"taxonomy":"product_cat","embeddable":true,"href":"https:\/\/onlinehardwareshop.de\/index.php\/wp-json\/wp\/v2\/product_cat?post=80044"},{"taxonomy":"product_tag","embeddable":true,"href":"https:\/\/onlinehardwareshop.de\/index.php\/wp-json\/wp\/v2\/product_tag?post=80044"}],"curies":[{"name":"wp","href":"https:\/\/api.w.org\/{rel}","templated":true}]}}