{"id":80039,"date":"2024-11-24T05:34:41","date_gmt":"2024-11-24T05:34:41","guid":{"rendered":"https:\/\/onlinehardwareshop.de\/index.php\/produkt\/crucial-pro-32gb-2x16gb-ddr5-dimm-cl36-6-000mhz-2\/"},"modified":"2025-05-14T12:40:12","modified_gmt":"2025-05-14T12:40:12","slug":"crucial-pro-32gb-2x16gb-ddr5-dimm-cl36-6-000mhz","status":"publish","type":"product","link":"https:\/\/onlinehardwareshop.de\/index.php\/produkt\/crucial-pro-32gb-2x16gb-ddr5-dimm-cl36-6-000mhz\/","title":{"rendered":"Crucial Pro 32GB (2x16GB) DDR5 DIMM CL36 6.000&#xA0;MHz"},"content":{"rendered":"<p>Hinweis:Dieser DDR5 DIMM Speicher ist nur f\u00fcr PCs geeignet, nicht aber f\u00fcr Laptops oder Macs. Der Computer ben\u00f6tigt dazu einen DDR5-Anschluss. \u00dcberpr\u00fcfe dies \u00fcber Windows Taskmanager > Mehr Details > unter dem Reiter &#8222;Leistung&#8220;. Unter &#8222;Speicher&#8220; steht dann DDR5. Ein DDR5-Speichermodul funktioniert nicht mit einem DDR3- oder DDR4-Motherboard. Au\u00dferdem ben\u00f6tigst du mindestens einen Intel Prozessor der 12. Generation oder einen Zen\u00a04 AMD Prozessor.  Verpasse deinem Gaming-PC mit dem Crucial Pro 32\u00a0GB (2&#215;16\u00a0GB) DDR5 DIMM CL36 6.000\u00a0MHz RAM-Modul ein Upgrade. Der Crucial Pro 32\u00a0GB DDR5 wurde speziell f\u00fcr Hardcore-Gamer entwickelt. Du verwendest die beiden Module im Dual-Channel-Modus, sodass sie schneller arbeiten. Das RAM-Modul hat eine Taktfrequenz von 6.000\u00a0MHz und eine CAS-Latenz von 36. Au\u00dferdem passt sich das Modul automatisch an die maximale Taktfrequenz deines Motherboards an. Verwendest du lieber deine eigenen Geschwindigkeits-Einstellungen? Dann passe sie dank der XMP-3.0-Unterst\u00fctzung einfach selbst an. Dieses RAM-Modul ist f\u00fcr Android, Chrome, Linux, Synology und Windows geeignet. Du erh\u00e4ltst auf dieses Modul au\u00dferdem eine lebenslange Garantie.<\/p>\n","protected":false},"excerpt":{"rendered":"<p>Hinweis:Dieser DDR5 DIMM Speicher ist nur f\u00fcr PCs geeignet, nicht aber f\u00fcr Laptops oder Macs. Der Computer ben\u00f6tigt dazu einen DDR5-Anschluss. \u00dcberpr\u00fcfe dies \u00fcber Windows Taskmanager > Mehr Details > unter dem Reiter &#8222;Leistung&#8220;. Unter &#8222;Speicher&#8220; steht dann DDR5. Ein DDR5-Speichermodul funktioniert nicht mit einem DDR3- oder DDR4-Motherboard. Au\u00dferdem ben\u00f6tigst du mindestens einen Intel Prozessor der 12. Generation oder einen Zen\u00a04 AMD Prozessor.  Verpasse deinem Gaming-PC mit dem Crucial Pro 32\u00a0GB (2&#215;16\u00a0GB) DDR5 DIMM CL36 6.000\u00a0MHz RAM-Modul ein Upgrade. Der Crucial Pro 32\u00a0GB DDR5 wurde speziell f\u00fcr Hardcore-Gamer entwickelt. Du verwendest die beiden Module im Dual-Channel-Modus, sodass sie schneller arbeiten. Das RAM-Modul hat eine Taktfrequenz von 6.000\u00a0MHz und eine CAS-Latenz von 36. Au\u00dferdem passt sich das Modul automatisch an die maximale Taktfrequenz deines Motherboards an. Verwendest du lieber deine eigenen Geschwindigkeits-Einstellungen? Dann passe sie dank der XMP-3.0-Unterst\u00fctzung einfach selbst an. Dieses RAM-Modul ist f\u00fcr Android, Chrome, Linux, Synology und Windows geeignet. Du erh\u00e4ltst auf dieses Modul au\u00dferdem eine lebenslange Garantie.<\/p>\n","protected":false},"featured_media":0,"comment_status":"closed","ping_status":"open","template":"","meta":{"_acf_changed":false},"brand":[3456],"product_brand":[],"product_cat":[2796],"product_tag":[2797],"class_list":{"0":"post-80039","1":"product","2":"type-product","3":"status-publish","5":"brand-crucial","6":"product_cat-ram","7":"product_tag-intern-geheugen-voor-desktop","8":"pa_condition-new","9":"pa_coolblue-de-verzending-morgen-gratis-geliefert","10":"pa_ean-20967","11":"pa_mpn-cp2k16g60c36u5b","13":"first","14":"instock","15":"product-type-external"},"acf":[],"_links":{"self":[{"href":"https:\/\/onlinehardwareshop.de\/index.php\/wp-json\/wp\/v2\/product\/80039","targetHints":{"allow":["GET"]}}],"collection":[{"href":"https:\/\/onlinehardwareshop.de\/index.php\/wp-json\/wp\/v2\/product"}],"about":[{"href":"https:\/\/onlinehardwareshop.de\/index.php\/wp-json\/wp\/v2\/types\/product"}],"replies":[{"embeddable":true,"href":"https:\/\/onlinehardwareshop.de\/index.php\/wp-json\/wp\/v2\/comments?post=80039"}],"wp:attachment":[{"href":"https:\/\/onlinehardwareshop.de\/index.php\/wp-json\/wp\/v2\/media?parent=80039"}],"wp:term":[{"taxonomy":"brand","embeddable":true,"href":"https:\/\/onlinehardwareshop.de\/index.php\/wp-json\/wp\/v2\/brand?post=80039"},{"taxonomy":"product_brand","embeddable":true,"href":"https:\/\/onlinehardwareshop.de\/index.php\/wp-json\/wp\/v2\/product_brand?post=80039"},{"taxonomy":"product_cat","embeddable":true,"href":"https:\/\/onlinehardwareshop.de\/index.php\/wp-json\/wp\/v2\/product_cat?post=80039"},{"taxonomy":"product_tag","embeddable":true,"href":"https:\/\/onlinehardwareshop.de\/index.php\/wp-json\/wp\/v2\/product_tag?post=80039"}],"curies":[{"name":"wp","href":"https:\/\/api.w.org\/{rel}","templated":true}]}}