{"id":80036,"date":"2025-01-26T15:48:59","date_gmt":"2025-01-26T15:48:59","guid":{"rendered":"https:\/\/onlinehardwareshop.de\/index.php\/produkt\/crucial-t705-2tb-heatsink-pcie-5-0-m-2-ssd-2\/"},"modified":"2025-05-14T12:39:57","modified_gmt":"2025-05-14T12:39:57","slug":"crucial-t705-2tb-heatsink-pcie-5-0-m-2-ssd","status":"publish","type":"product","link":"https:\/\/onlinehardwareshop.de\/index.php\/produkt\/crucial-t705-2tb-heatsink-pcie-5-0-m-2-ssd\/","title":{"rendered":"Crucial T705 2TB Heatsink PCIe 5.0 M.2 SSD"},"content":{"rendered":"<p>Hinweis: Diese M.2 SSD verf\u00fcgt \u00fcber einen M-Key, der nur auf Systeme mit M-Slot passt. \u00dcberpr\u00fcfe dies in der Gebrauchsanleitung deines Laptops oder Motherboards.  Mit der Crucial T705 2\u00a0TB Heatsink PCIe 5.0 M.2 SSD \u00fcbertr\u00e4gst du deine Dateien in nur wenigen Sekunden und zockst deine Spiele ohne l\u00e4stige Ladebalken. Diese interne SSD verwendest du f\u00fcr Laptops, PCs und Gaming-Konsolen. Dank der besonders hohen Lesegeschwindigkeit von 14.500\u00a0Mbit\/s sowie der Schreibgeschwindigkeit von 12.700\u00a0Mbit\/s laden deine gro\u00dfen Dateien und Spiele sehr schnell. So ersparst du dir stockende Bilder und genie\u00dft deine Spiele in der besten Grafik. Dank des 2-TB-Arbeitsspeichers hast du au\u00dferdem viel Speicherplatz zur Verf\u00fcgung und speicherst gro\u00dfe Mengen an Fotos und Videos. Der eingebaute K\u00fchlk\u00f6rper leitet die W\u00e4rme von der SSD weg. Das sorgt daf\u00fcr, dass sie nicht \u00fcberhitzt und dein PC oder deine Konsole auch weiterhin eine gute Leistung bringen. Du erh\u00e4ltst auf diese SSD 5 Jahre Garantie von Crucial.<\/p>\n","protected":false},"excerpt":{"rendered":"<p>Hinweis: Diese M.2 SSD verf\u00fcgt \u00fcber einen M-Key, der nur auf Systeme mit M-Slot passt. \u00dcberpr\u00fcfe dies in der Gebrauchsanleitung deines Laptops oder Motherboards.  Mit der Crucial T705 2\u00a0TB Heatsink PCIe 5.0 M.2 SSD \u00fcbertr\u00e4gst du deine Dateien in nur wenigen Sekunden und zockst deine Spiele ohne l\u00e4stige Ladebalken. Diese interne SSD verwendest du f\u00fcr Laptops, PCs und Gaming-Konsolen. Dank der besonders hohen Lesegeschwindigkeit von 14.500\u00a0Mbit\/s sowie der Schreibgeschwindigkeit von 12.700\u00a0Mbit\/s laden deine gro\u00dfen Dateien und Spiele sehr schnell. So ersparst du dir stockende Bilder und genie\u00dft deine Spiele in der besten Grafik. Dank des 2-TB-Arbeitsspeichers hast du au\u00dferdem viel Speicherplatz zur Verf\u00fcgung und speicherst gro\u00dfe Mengen an Fotos und Videos. Der eingebaute K\u00fchlk\u00f6rper leitet die W\u00e4rme von der SSD weg. Das sorgt daf\u00fcr, dass sie nicht \u00fcberhitzt und dein PC oder deine Konsole auch weiterhin eine gute Leistung bringen. Du erh\u00e4ltst auf diese SSD 5 Jahre Garantie von Crucial.<\/p>\n","protected":false},"featured_media":0,"comment_status":"closed","ping_status":"open","template":"","meta":{"_acf_changed":false},"brand":[3456],"product_brand":[],"product_cat":[2957],"product_tag":[7168],"class_list":{"0":"post-80036","1":"product","2":"type-product","3":"status-publish","5":"brand-crucial","6":"product_cat-solid-state-drives-ssd","7":"product_tag-m-2-ssd","8":"pa_condition-new","9":"pa_coolblue-de-verzending-morgen-gratis-geliefert","10":"pa_ean-20961","11":"pa_mpn-ct2000t705ssd5","13":"first","14":"instock","15":"product-type-external"},"acf":[],"_links":{"self":[{"href":"https:\/\/onlinehardwareshop.de\/index.php\/wp-json\/wp\/v2\/product\/80036","targetHints":{"allow":["GET"]}}],"collection":[{"href":"https:\/\/onlinehardwareshop.de\/index.php\/wp-json\/wp\/v2\/product"}],"about":[{"href":"https:\/\/onlinehardwareshop.de\/index.php\/wp-json\/wp\/v2\/types\/product"}],"replies":[{"embeddable":true,"href":"https:\/\/onlinehardwareshop.de\/index.php\/wp-json\/wp\/v2\/comments?post=80036"}],"wp:attachment":[{"href":"https:\/\/onlinehardwareshop.de\/index.php\/wp-json\/wp\/v2\/media?parent=80036"}],"wp:term":[{"taxonomy":"brand","embeddable":true,"href":"https:\/\/onlinehardwareshop.de\/index.php\/wp-json\/wp\/v2\/brand?post=80036"},{"taxonomy":"product_brand","embeddable":true,"href":"https:\/\/onlinehardwareshop.de\/index.php\/wp-json\/wp\/v2\/product_brand?post=80036"},{"taxonomy":"product_cat","embeddable":true,"href":"https:\/\/onlinehardwareshop.de\/index.php\/wp-json\/wp\/v2\/product_cat?post=80036"},{"taxonomy":"product_tag","embeddable":true,"href":"https:\/\/onlinehardwareshop.de\/index.php\/wp-json\/wp\/v2\/product_tag?post=80036"}],"curies":[{"name":"wp","href":"https:\/\/api.w.org\/{rel}","templated":true}]}}