{"id":80032,"date":"2024-04-14T05:10:11","date_gmt":"2024-04-14T05:10:11","guid":{"rendered":"https:\/\/onlinehardwareshop.de\/index.php\/produkt\/crucial-x6-2tb-portable-ssd-2\/"},"modified":"2025-05-14T12:39:38","modified_gmt":"2025-05-14T12:39:38","slug":"crucial-x6-2tb-portable-ssd","status":"publish","type":"product","link":"https:\/\/onlinehardwareshop.de\/index.php\/produkt\/crucial-x6-2tb-portable-ssd\/","title":{"rendered":"Crucial X6 2TB Portable SSD"},"content":{"rendered":"<p>Mit der Crucial X6 2\u00a0TB Portable SSD nimmst du deine Arbeit, Filme oder andere Dateien mit. Die Crucial X6 2\u00a0TB ist eine externe SSD f\u00fcr wichtige Dateien deiner Arbeit und zum Beispiel Filme oder Fotos. Das moderne Design macht sich gut auf deinem Schreibtisch. Die Crucial X6 2\u00a0TB passt dank ihrer kleinen Gr\u00f6\u00dfe problemlos in deine Hosen- oder Laptoptasche. Mit einer Lesegeschwindigkeit von 800\u00a0MB\/s \u00f6ffnest du Dateien innerhalb weniger Sekunden. Du verbindest die SSD mit deiner Kamera oder deinem Laptop \u00fcber USB-C. Zudem funktioniert die SSD mit Android, iOS, Mac und Windows Ger\u00e4ten. Die SSD ist dank ihrer Fall-, Sto\u00df-, Wasser- und Staubbest\u00e4ndigkeit allen Elementen gewachsen. Du erh\u00e4ltst von Crucial zudem nicht weniger als drei Jahre Garantie.<\/p>\n","protected":false},"excerpt":{"rendered":"<p>Mit der Crucial X6 2\u00a0TB Portable SSD nimmst du deine Arbeit, Filme oder andere Dateien mit. Die Crucial X6 2\u00a0TB ist eine externe SSD f\u00fcr wichtige Dateien deiner Arbeit und zum Beispiel Filme oder Fotos. Das moderne Design macht sich gut auf deinem Schreibtisch. Die Crucial X6 2\u00a0TB passt dank ihrer kleinen Gr\u00f6\u00dfe problemlos in deine Hosen- oder Laptoptasche. Mit einer Lesegeschwindigkeit von 800\u00a0MB\/s \u00f6ffnest du Dateien innerhalb weniger Sekunden. Du verbindest die SSD mit deiner Kamera oder deinem Laptop \u00fcber USB-C. Zudem funktioniert die SSD mit Android, iOS, Mac und Windows Ger\u00e4ten. Die SSD ist dank ihrer Fall-, Sto\u00df-, Wasser- und Staubbest\u00e4ndigkeit allen Elementen gewachsen. Du erh\u00e4ltst von Crucial zudem nicht weniger als drei Jahre Garantie.<\/p>\n","protected":false},"featured_media":0,"comment_status":"closed","ping_status":"open","template":"","meta":{"_acf_changed":false},"brand":[3456],"product_brand":[],"product_cat":[4819],"product_tag":[4820],"class_list":{"0":"post-80032","1":"product","2":"type-product","3":"status-publish","5":"brand-crucial","6":"product_cat-externe-ssds","7":"product_tag-harde-schijven-extern-ssd","8":"pa_condition-new","9":"pa_coolblue-de-verzending-morgen-gratis-geliefert","10":"pa_ean-28532","11":"pa_mpn-ct2000x6ssd9","13":"first","14":"instock","15":"product-type-external"},"acf":[],"_links":{"self":[{"href":"https:\/\/onlinehardwareshop.de\/index.php\/wp-json\/wp\/v2\/product\/80032","targetHints":{"allow":["GET"]}}],"collection":[{"href":"https:\/\/onlinehardwareshop.de\/index.php\/wp-json\/wp\/v2\/product"}],"about":[{"href":"https:\/\/onlinehardwareshop.de\/index.php\/wp-json\/wp\/v2\/types\/product"}],"replies":[{"embeddable":true,"href":"https:\/\/onlinehardwareshop.de\/index.php\/wp-json\/wp\/v2\/comments?post=80032"}],"wp:attachment":[{"href":"https:\/\/onlinehardwareshop.de\/index.php\/wp-json\/wp\/v2\/media?parent=80032"}],"wp:term":[{"taxonomy":"brand","embeddable":true,"href":"https:\/\/onlinehardwareshop.de\/index.php\/wp-json\/wp\/v2\/brand?post=80032"},{"taxonomy":"product_brand","embeddable":true,"href":"https:\/\/onlinehardwareshop.de\/index.php\/wp-json\/wp\/v2\/product_brand?post=80032"},{"taxonomy":"product_cat","embeddable":true,"href":"https:\/\/onlinehardwareshop.de\/index.php\/wp-json\/wp\/v2\/product_cat?post=80032"},{"taxonomy":"product_tag","embeddable":true,"href":"https:\/\/onlinehardwareshop.de\/index.php\/wp-json\/wp\/v2\/product_tag?post=80032"}],"curies":[{"name":"wp","href":"https:\/\/api.w.org\/{rel}","templated":true}]}}