{"id":80001,"date":"2025-02-05T02:28:13","date_gmt":"2025-02-05T02:28:13","guid":{"rendered":"https:\/\/onlinehardwareshop.de\/index.php\/produkt\/makita-kappsgeblatt-holz-efficut-260x30x215-45t-2\/"},"modified":"2025-05-14T12:36:39","modified_gmt":"2025-05-14T12:36:39","slug":"makita-kappsgeblatt-holz-efficut-260x30x215-45t","status":"publish","type":"product","link":"https:\/\/onlinehardwareshop.de\/index.php\/produkt\/makita-kappsgeblatt-holz-efficut-260x30x215-45t\/","title":{"rendered":"Makita Kapps&#xE4;geblatt Holz Efficut 260x30x2,15 45T"},"content":{"rendered":"<p>Mit dem Makita Kapps\u00e4geblatt Holz Efficut 260x30x2,15 45T s\u00e4gst du mit deiner Akku-Kapps\u00e4ge m\u00fchelos durch Holz. Das Blatt ist besonders d\u00fcnn und erzeugt so weniger Widerstand. Dadurch verbraucht die Maschine weniger Energie und du kommst l\u00e4nger mit einer Akkuladung aus. Das S\u00e4geblatt passt auf mittelgro\u00dfe Kapps\u00e4gen mit einem Durchmesser von 260 mm. Dank der 45 Z\u00e4hne des Kapps\u00e4geblatts Holz Efficut 260x30x2,15 45T wird dein Ergebnis au\u00dferdem splitterfrei.<\/p>\n","protected":false},"excerpt":{"rendered":"<p>Mit dem Makita Kapps\u00e4geblatt Holz Efficut 260x30x2,15 45T s\u00e4gst du mit deiner Akku-Kapps\u00e4ge m\u00fchelos durch Holz. Das Blatt ist besonders d\u00fcnn und erzeugt so weniger Widerstand. Dadurch verbraucht die Maschine weniger Energie und du kommst l\u00e4nger mit einer Akkuladung aus. Das S\u00e4geblatt passt auf mittelgro\u00dfe Kapps\u00e4gen mit einem Durchmesser von 260 mm. Dank der 45 Z\u00e4hne des Kapps\u00e4geblatts Holz Efficut 260x30x2,15 45T wird dein Ergebnis au\u00dferdem splitterfrei.<\/p>\n","protected":false},"featured_media":0,"comment_status":"closed","ping_status":"open","template":"","meta":{"_acf_changed":false},"brand":[42],"product_brand":[],"product_cat":[333],"product_tag":[334],"class_list":{"0":"post-80001","1":"product","2":"type-product","3":"status-publish","5":"brand-makita","6":"product_cat-sgebltter","7":"product_tag-zaagbladen","8":"pa_condition-new","9":"pa_coolblue-de-verzending-morgen-gratis-geliefert","10":"pa_ean-20873","11":"pa_mpn-b-64630","13":"first","14":"instock","15":"product-type-external"},"acf":[],"_links":{"self":[{"href":"https:\/\/onlinehardwareshop.de\/index.php\/wp-json\/wp\/v2\/product\/80001","targetHints":{"allow":["GET"]}}],"collection":[{"href":"https:\/\/onlinehardwareshop.de\/index.php\/wp-json\/wp\/v2\/product"}],"about":[{"href":"https:\/\/onlinehardwareshop.de\/index.php\/wp-json\/wp\/v2\/types\/product"}],"replies":[{"embeddable":true,"href":"https:\/\/onlinehardwareshop.de\/index.php\/wp-json\/wp\/v2\/comments?post=80001"}],"wp:attachment":[{"href":"https:\/\/onlinehardwareshop.de\/index.php\/wp-json\/wp\/v2\/media?parent=80001"}],"wp:term":[{"taxonomy":"brand","embeddable":true,"href":"https:\/\/onlinehardwareshop.de\/index.php\/wp-json\/wp\/v2\/brand?post=80001"},{"taxonomy":"product_brand","embeddable":true,"href":"https:\/\/onlinehardwareshop.de\/index.php\/wp-json\/wp\/v2\/product_brand?post=80001"},{"taxonomy":"product_cat","embeddable":true,"href":"https:\/\/onlinehardwareshop.de\/index.php\/wp-json\/wp\/v2\/product_cat?post=80001"},{"taxonomy":"product_tag","embeddable":true,"href":"https:\/\/onlinehardwareshop.de\/index.php\/wp-json\/wp\/v2\/product_tag?post=80001"}],"curies":[{"name":"wp","href":"https:\/\/api.w.org\/{rel}","templated":true}]}}