{"id":80000,"date":"2024-07-17T11:45:22","date_gmt":"2024-07-17T11:45:22","guid":{"rendered":"https:\/\/onlinehardwareshop.de\/index.php\/produkt\/kreissgeblatt-laminat-makita-specialized-85x15x10-24t-2\/"},"modified":"2025-05-14T12:36:27","modified_gmt":"2025-05-14T12:36:27","slug":"kreissgeblatt-laminat-makita-specialized-85x15x10-24t","status":"publish","type":"product","link":"https:\/\/onlinehardwareshop.de\/index.php\/produkt\/kreissgeblatt-laminat-makita-specialized-85x15x10-24t\/","title":{"rendered":"Kreiss&#xE4;geblatt Laminat Makita Specialized 85x15x1,0 24T"},"content":{"rendered":"<p>Das Kreiss\u00e4geblatt f\u00fcr Laminat Makita 85x15x1,0 24T ist ein Kreiss\u00e4geblatt speziell f\u00fcr Laminat. Das S\u00e4geblatt passt auf eine 85-mm-Handkreiss\u00e4ge und hat 24 Z\u00e4hne, weshalb das S\u00e4geergebnis splitterfrei ist. Das Kreiss\u00e4geblatt f\u00fcr Laminat Specialized 85x15x1,0 24T hat eine Bohrung von 15 Millimetern. Pr\u00fcfen Sie genau, ob es damit auf deine Maschine passt.<\/p>\n","protected":false},"excerpt":{"rendered":"<p>Das Kreiss\u00e4geblatt f\u00fcr Laminat Makita 85x15x1,0 24T ist ein Kreiss\u00e4geblatt speziell f\u00fcr Laminat. Das S\u00e4geblatt passt auf eine 85-mm-Handkreiss\u00e4ge und hat 24 Z\u00e4hne, weshalb das S\u00e4geergebnis splitterfrei ist. Das Kreiss\u00e4geblatt f\u00fcr Laminat Specialized 85x15x1,0 24T hat eine Bohrung von 15 Millimetern. Pr\u00fcfen Sie genau, ob es damit auf deine Maschine passt.<\/p>\n","protected":false},"featured_media":0,"comment_status":"closed","ping_status":"open","template":"","meta":{"_acf_changed":false},"brand":[42],"product_brand":[],"product_cat":[333],"product_tag":[334],"class_list":{"0":"post-80000","1":"product","2":"type-product","3":"status-publish","5":"brand-makita","6":"product_cat-sgebltter","7":"product_tag-zaagbladen","8":"pa_condition-new","9":"pa_coolblue-de-verzending-morgen-gratis-geliefert","10":"pa_ean-20871","11":"pa_mpn-b-33819","13":"first","14":"instock","15":"product-type-external"},"acf":[],"_links":{"self":[{"href":"https:\/\/onlinehardwareshop.de\/index.php\/wp-json\/wp\/v2\/product\/80000","targetHints":{"allow":["GET"]}}],"collection":[{"href":"https:\/\/onlinehardwareshop.de\/index.php\/wp-json\/wp\/v2\/product"}],"about":[{"href":"https:\/\/onlinehardwareshop.de\/index.php\/wp-json\/wp\/v2\/types\/product"}],"replies":[{"embeddable":true,"href":"https:\/\/onlinehardwareshop.de\/index.php\/wp-json\/wp\/v2\/comments?post=80000"}],"wp:attachment":[{"href":"https:\/\/onlinehardwareshop.de\/index.php\/wp-json\/wp\/v2\/media?parent=80000"}],"wp:term":[{"taxonomy":"brand","embeddable":true,"href":"https:\/\/onlinehardwareshop.de\/index.php\/wp-json\/wp\/v2\/brand?post=80000"},{"taxonomy":"product_brand","embeddable":true,"href":"https:\/\/onlinehardwareshop.de\/index.php\/wp-json\/wp\/v2\/product_brand?post=80000"},{"taxonomy":"product_cat","embeddable":true,"href":"https:\/\/onlinehardwareshop.de\/index.php\/wp-json\/wp\/v2\/product_cat?post=80000"},{"taxonomy":"product_tag","embeddable":true,"href":"https:\/\/onlinehardwareshop.de\/index.php\/wp-json\/wp\/v2\/product_tag?post=80000"}],"curies":[{"name":"wp","href":"https:\/\/api.w.org\/{rel}","templated":true}]}}