{"id":79901,"date":"2024-08-18T03:01:52","date_gmt":"2024-08-18T03:01:52","guid":{"rendered":"https:\/\/onlinehardwareshop.de\/index.php\/produkt\/nikon-prostaff-p3-8x30-2\/"},"modified":"2025-05-14T12:27:57","modified_gmt":"2025-05-14T12:27:57","slug":"nikon-prostaff-p3-8x30","status":"publish","type":"product","link":"https:\/\/onlinehardwareshop.de\/index.php\/produkt\/nikon-prostaff-p3-8x30\/","title":{"rendered":"Nikon Prostaff P3 8&#215;30"},"content":{"rendered":"<p>Das Nikon Prostaff P3 8&#215;30 ist ein Fernglas f\u00fcr Naturliebhaber und Menschen, die gern reisen. Durch die kompakte Gr\u00f6\u00dfe nimmst du dieses Fernglas problemlos mit. Deshalb eignet es sich nicht nur auf Reisen, sondern auch f\u00fcr Konzerte oder Theatervorstellungen. Durch die achtfache Vergr\u00f6\u00dferung holst du Details in der Ferne heran, zum Beispiel V\u00f6gel oder K\u00fcnstler auf der B\u00fchne. Das weite Sehfeld von 152 Metern sorgt daf\u00fcr, dass du dem, was du beobachtest, m\u00fchelos folgst. Das ist praktisch, wenn du V\u00f6gel beobachtest. Brillentr\u00e4ger verwenden dieses Fernglas dank des gro\u00dfen Abstands der Austrittspupille ohne Probleme. Das Geh\u00e4use des Fernglases verf\u00fcgt \u00fcber eine Gummiarmierung, sodass du es immer gut im Griff hast. \u00dcber das Wetter musst du dir bei diesem Fernglas nicht den Kopf zerbrechen. Es ist wasserdicht bis zu 1 Meter, wodurch du es auch bei einem heftigen Regenguss nutzen kannst.<\/p>\n","protected":false},"excerpt":{"rendered":"<p>Das Nikon Prostaff P3 8&#215;30 ist ein Fernglas f\u00fcr Naturliebhaber und Menschen, die gern reisen. Durch die kompakte Gr\u00f6\u00dfe nimmst du dieses Fernglas problemlos mit. Deshalb eignet es sich nicht nur auf Reisen, sondern auch f\u00fcr Konzerte oder Theatervorstellungen. Durch die achtfache Vergr\u00f6\u00dferung holst du Details in der Ferne heran, zum Beispiel V\u00f6gel oder K\u00fcnstler auf der B\u00fchne. Das weite Sehfeld von 152 Metern sorgt daf\u00fcr, dass du dem, was du beobachtest, m\u00fchelos folgst. Das ist praktisch, wenn du V\u00f6gel beobachtest. Brillentr\u00e4ger verwenden dieses Fernglas dank des gro\u00dfen Abstands der Austrittspupille ohne Probleme. Das Geh\u00e4use des Fernglases verf\u00fcgt \u00fcber eine Gummiarmierung, sodass du es immer gut im Griff hast. \u00dcber das Wetter musst du dir bei diesem Fernglas nicht den Kopf zerbrechen. Es ist wasserdicht bis zu 1 Meter, wodurch du es auch bei einem heftigen Regenguss nutzen kannst.<\/p>\n","protected":false},"featured_media":0,"comment_status":"closed","ping_status":"open","template":"","meta":{"_acf_changed":false},"brand":[133],"product_brand":[],"product_cat":[448],"product_tag":[1304],"class_list":{"0":"post-79901","1":"product","2":"type-product","3":"status-publish","5":"brand-nikon","6":"product_cat-fernglser","7":"product_tag-dakkant-verrekijkers","8":"pa_condition-new","9":"pa_coolblue-de-verzending-morgen-gratis-geliefert","10":"pa_ean-20665","11":"pa_mpn-baa930ya","13":"first","14":"instock","15":"product-type-external"},"acf":[],"_links":{"self":[{"href":"https:\/\/onlinehardwareshop.de\/index.php\/wp-json\/wp\/v2\/product\/79901","targetHints":{"allow":["GET"]}}],"collection":[{"href":"https:\/\/onlinehardwareshop.de\/index.php\/wp-json\/wp\/v2\/product"}],"about":[{"href":"https:\/\/onlinehardwareshop.de\/index.php\/wp-json\/wp\/v2\/types\/product"}],"replies":[{"embeddable":true,"href":"https:\/\/onlinehardwareshop.de\/index.php\/wp-json\/wp\/v2\/comments?post=79901"}],"wp:attachment":[{"href":"https:\/\/onlinehardwareshop.de\/index.php\/wp-json\/wp\/v2\/media?parent=79901"}],"wp:term":[{"taxonomy":"brand","embeddable":true,"href":"https:\/\/onlinehardwareshop.de\/index.php\/wp-json\/wp\/v2\/brand?post=79901"},{"taxonomy":"product_brand","embeddable":true,"href":"https:\/\/onlinehardwareshop.de\/index.php\/wp-json\/wp\/v2\/product_brand?post=79901"},{"taxonomy":"product_cat","embeddable":true,"href":"https:\/\/onlinehardwareshop.de\/index.php\/wp-json\/wp\/v2\/product_cat?post=79901"},{"taxonomy":"product_tag","embeddable":true,"href":"https:\/\/onlinehardwareshop.de\/index.php\/wp-json\/wp\/v2\/product_tag?post=79901"}],"curies":[{"name":"wp","href":"https:\/\/api.w.org\/{rel}","templated":true}]}}