{"id":79899,"date":"2024-04-28T09:09:47","date_gmt":"2024-04-28T09:09:47","guid":{"rendered":"https:\/\/onlinehardwareshop.de\/index.php\/produkt\/nikon-prostaff-p7-8x30-2\/"},"modified":"2025-05-14T12:27:47","modified_gmt":"2025-05-14T12:27:47","slug":"nikon-prostaff-p7-8x30","status":"publish","type":"product","link":"https:\/\/onlinehardwareshop.de\/index.php\/produkt\/nikon-prostaff-p7-8x30\/","title":{"rendered":"Nikon Prostaff P7 8&#215;30"},"content":{"rendered":"<p>Das Nikon Prostaff P7 8&#215;30 ist ein Fernglas, womit du V\u00f6gel aufsp\u00fcrst oder Wildtiere beobachtest. Durch die kompakte Gr\u00f6\u00dfe nimmst du dieses Fernglas problemlos mit. Deshalb eignet es sich nicht nur auf Reisen, sondern auch f\u00fcr Konzerte oder Theatervorstellungen. Durch die achtfache Vergr\u00f6\u00dferung holst du m\u00fchelos Details in der Ferne heran. Mit dem Dioptrienausgleich stellst du das Fernglas an deine Augen an. Das weite Sehfeld von 62,2 Grad sorgt daf\u00fcr, dass du dem, was du beobachtest, m\u00fchelos folgst. Das ist praktisch, wenn du V\u00f6gel beobachtest. Brillentr\u00e4ger verwenden dieses Fernglas dank des gro\u00dfen Abstands der Austrittspupille ohne Probleme. Das Geh\u00e4use des Fernglases verf\u00fcgt \u00fcber eine Gummiarmierung, sodass du es immer gut im Griff hast. \u00dcber das Wetter musst du dir bei diesem Fernglas nicht den Kopf zerbrechen. Es ist wasserdicht bis zu 1 Meter, wodurch du es auch bei einem heftigen Regenguss nutzen kannst.<\/p>\n","protected":false},"excerpt":{"rendered":"<p>Das Nikon Prostaff P7 8&#215;30 ist ein Fernglas, womit du V\u00f6gel aufsp\u00fcrst oder Wildtiere beobachtest. Durch die kompakte Gr\u00f6\u00dfe nimmst du dieses Fernglas problemlos mit. Deshalb eignet es sich nicht nur auf Reisen, sondern auch f\u00fcr Konzerte oder Theatervorstellungen. Durch die achtfache Vergr\u00f6\u00dferung holst du m\u00fchelos Details in der Ferne heran. Mit dem Dioptrienausgleich stellst du das Fernglas an deine Augen an. Das weite Sehfeld von 62,2 Grad sorgt daf\u00fcr, dass du dem, was du beobachtest, m\u00fchelos folgst. Das ist praktisch, wenn du V\u00f6gel beobachtest. Brillentr\u00e4ger verwenden dieses Fernglas dank des gro\u00dfen Abstands der Austrittspupille ohne Probleme. Das Geh\u00e4use des Fernglases verf\u00fcgt \u00fcber eine Gummiarmierung, sodass du es immer gut im Griff hast. \u00dcber das Wetter musst du dir bei diesem Fernglas nicht den Kopf zerbrechen. Es ist wasserdicht bis zu 1 Meter, wodurch du es auch bei einem heftigen Regenguss nutzen kannst.<\/p>\n","protected":false},"featured_media":0,"comment_status":"closed","ping_status":"open","template":"","meta":{"_acf_changed":false},"brand":[133],"product_brand":[],"product_cat":[448],"product_tag":[1304],"class_list":{"0":"post-79899","1":"product","2":"type-product","3":"status-publish","5":"brand-nikon","6":"product_cat-fernglser","7":"product_tag-dakkant-verrekijkers","8":"pa_condition-new","9":"pa_coolblue-de-verzending-morgen-gratis-geliefert","10":"pa_ean-20661","11":"pa_mpn-baa920sa","13":"first","14":"instock","15":"product-type-external"},"acf":[],"_links":{"self":[{"href":"https:\/\/onlinehardwareshop.de\/index.php\/wp-json\/wp\/v2\/product\/79899","targetHints":{"allow":["GET"]}}],"collection":[{"href":"https:\/\/onlinehardwareshop.de\/index.php\/wp-json\/wp\/v2\/product"}],"about":[{"href":"https:\/\/onlinehardwareshop.de\/index.php\/wp-json\/wp\/v2\/types\/product"}],"replies":[{"embeddable":true,"href":"https:\/\/onlinehardwareshop.de\/index.php\/wp-json\/wp\/v2\/comments?post=79899"}],"wp:attachment":[{"href":"https:\/\/onlinehardwareshop.de\/index.php\/wp-json\/wp\/v2\/media?parent=79899"}],"wp:term":[{"taxonomy":"brand","embeddable":true,"href":"https:\/\/onlinehardwareshop.de\/index.php\/wp-json\/wp\/v2\/brand?post=79899"},{"taxonomy":"product_brand","embeddable":true,"href":"https:\/\/onlinehardwareshop.de\/index.php\/wp-json\/wp\/v2\/product_brand?post=79899"},{"taxonomy":"product_cat","embeddable":true,"href":"https:\/\/onlinehardwareshop.de\/index.php\/wp-json\/wp\/v2\/product_cat?post=79899"},{"taxonomy":"product_tag","embeddable":true,"href":"https:\/\/onlinehardwareshop.de\/index.php\/wp-json\/wp\/v2\/product_tag?post=79899"}],"curies":[{"name":"wp","href":"https:\/\/api.w.org\/{rel}","templated":true}]}}