{"id":79880,"date":"2024-02-13T23:10:00","date_gmt":"2024-02-13T23:10:00","guid":{"rendered":"https:\/\/onlinehardwareshop.de\/index.php\/produkt\/turtle-beach-pure-air-wireless-gaming-maus-schwarz-2\/"},"modified":"2025-05-14T12:26:18","modified_gmt":"2025-05-14T12:26:18","slug":"turtle-beach-pure-air-wireless-gaming-maus-schwarz","status":"publish","type":"product","link":"https:\/\/onlinehardwareshop.de\/index.php\/produkt\/turtle-beach-pure-air-wireless-gaming-maus-schwarz\/","title":{"rendered":"Turtle Beach Pure AIR Wireless Gaming-Maus Schwarz"},"content":{"rendered":"<p>Spiele pr\u00e4zise mit der Turtle Beach Pure AIR Wireless Gaming-Maus Schwarz und \u00fcberliste deine Gegner. Diese kabellose Gaming-Maus verf\u00fcgt \u00fcber optische TITAN-Switches. Dadurch h\u00e4lt die Gaming-Maus besonders lange. Spielst du viele unterschiedliche Games? Mit einem einstellbaren dpi von bis zu 26.000 verwendest du deine Maus f\u00fcr eine Partie Warzone, aber auch f\u00fcr einen ruhigen Abend mit The Sims. Mit den beiden zus\u00e4tzlichen Daumentasten legst du Aktionen im Spiel fest, sodass du mit einem Klick auf die Taste ein Spezialangriff ausf\u00fchrst. Au\u00dferdem bedienst du die Maus mit \u00e4u\u00dferster Pr\u00e4zision, da sie nur 54 Gramm wiegt. Du spielst 125 Stunden \u00fcber Bluetooth oder 43 Stunden mit dem kabellosen Dongle, ohne sie aufzuladen. Daher zockst du problemlos lange am St\u00fcck. \u00dcber die Swarm II Software passt du noch mehr Einstellungen wie beispielsweise die Makros an. So hast du immer die perfekte Maus in der Hand.<\/p>\n","protected":false},"excerpt":{"rendered":"<p>Spiele pr\u00e4zise mit der Turtle Beach Pure AIR Wireless Gaming-Maus Schwarz und \u00fcberliste deine Gegner. Diese kabellose Gaming-Maus verf\u00fcgt \u00fcber optische TITAN-Switches. Dadurch h\u00e4lt die Gaming-Maus besonders lange. Spielst du viele unterschiedliche Games? Mit einem einstellbaren dpi von bis zu 26.000 verwendest du deine Maus f\u00fcr eine Partie Warzone, aber auch f\u00fcr einen ruhigen Abend mit The Sims. Mit den beiden zus\u00e4tzlichen Daumentasten legst du Aktionen im Spiel fest, sodass du mit einem Klick auf die Taste ein Spezialangriff ausf\u00fchrst. Au\u00dferdem bedienst du die Maus mit \u00e4u\u00dferster Pr\u00e4zision, da sie nur 54 Gramm wiegt. Du spielst 125 Stunden \u00fcber Bluetooth oder 43 Stunden mit dem kabellosen Dongle, ohne sie aufzuladen. Daher zockst du problemlos lange am St\u00fcck. \u00dcber die Swarm II Software passt du noch mehr Einstellungen wie beispielsweise die Makros an. So hast du immer die perfekte Maus in der Hand.<\/p>\n","protected":false},"featured_media":0,"comment_status":"closed","ping_status":"open","template":"","meta":{"_acf_changed":false},"brand":[20632],"product_brand":[],"product_cat":[33],"product_tag":[3752],"class_list":{"0":"post-79880","1":"product","2":"type-product","3":"status-publish","5":"brand-turtle-beach","6":"product_cat-muse","7":"product_tag-gaming-muizen","8":"pa_condition-new","9":"pa_coolblue-de-verzending-morgen-gratis-geliefert","10":"pa_ean-20630","11":"pa_mpn-tura39-bx-gana","13":"first","14":"instock","15":"product-type-external"},"acf":[],"_links":{"self":[{"href":"https:\/\/onlinehardwareshop.de\/index.php\/wp-json\/wp\/v2\/product\/79880","targetHints":{"allow":["GET"]}}],"collection":[{"href":"https:\/\/onlinehardwareshop.de\/index.php\/wp-json\/wp\/v2\/product"}],"about":[{"href":"https:\/\/onlinehardwareshop.de\/index.php\/wp-json\/wp\/v2\/types\/product"}],"replies":[{"embeddable":true,"href":"https:\/\/onlinehardwareshop.de\/index.php\/wp-json\/wp\/v2\/comments?post=79880"}],"wp:attachment":[{"href":"https:\/\/onlinehardwareshop.de\/index.php\/wp-json\/wp\/v2\/media?parent=79880"}],"wp:term":[{"taxonomy":"brand","embeddable":true,"href":"https:\/\/onlinehardwareshop.de\/index.php\/wp-json\/wp\/v2\/brand?post=79880"},{"taxonomy":"product_brand","embeddable":true,"href":"https:\/\/onlinehardwareshop.de\/index.php\/wp-json\/wp\/v2\/product_brand?post=79880"},{"taxonomy":"product_cat","embeddable":true,"href":"https:\/\/onlinehardwareshop.de\/index.php\/wp-json\/wp\/v2\/product_cat?post=79880"},{"taxonomy":"product_tag","embeddable":true,"href":"https:\/\/onlinehardwareshop.de\/index.php\/wp-json\/wp\/v2\/product_tag?post=79880"}],"curies":[{"name":"wp","href":"https:\/\/api.w.org\/{rel}","templated":true}]}}