{"id":79784,"date":"2024-04-28T12:47:55","date_gmt":"2024-04-28T12:47:55","guid":{"rendered":"https:\/\/onlinehardwareshop.de\/index.php\/produkt\/razer-blackshark-v2-hyperspeed-schwarz-2\/"},"modified":"2025-05-14T12:16:58","modified_gmt":"2025-05-14T12:16:58","slug":"razer-blackshark-v2-hyperspeed-schwarz","status":"publish","type":"product","link":"https:\/\/onlinehardwareshop.de\/index.php\/produkt\/razer-blackshark-v2-hyperspeed-schwarz\/","title":{"rendered":"Razer BlackShark V2 HyperSpeed Schwarz"},"content":{"rendered":"<p>Zocke mit dem schwarzen Razer Blackshark V2 HyperSpeed stundenlang mit einer Spitzen-Tonqualit\u00e4t. Dieses Headset verbindest du \u00fcber den USB-C-Dongle oder Bluetooth kabellos mit deinem PC. So hast du beim Zocken keinen Kabelsalat. Die Lautsprecher dieses Headsets sind titanbeschichtet und in drei Bereiche gegliedert. Dadurch genie\u00dft du einen satteren Sound mit deutlichem Bass sowie Mitten und H\u00f6hen. Mit Surround Sound genie\u00dft du einen 360-Grad-Sound deines Gameplays und wei\u00dft immer genau, aus welcher Richtung sich deine Gegner n\u00e4hern. So bist du ihnen immer einen Schritt voraus. Au\u00dferdem kommunizierst du dank der Rauschunterdr\u00fcckung des Mikrofons online ohne Hintergrundger\u00e4usche mit deinen Freunden. So kommen deine Kommentare immer deutlich r\u00fcber. Die durchschnittliche Akkulaufzeit des Headsets betr\u00e4gt 70 Stunden. So erlebst du ausgiebigen Gaming-Spa\u00df, ohne das Headset zwischendurch zu laden.<\/p>\n","protected":false},"excerpt":{"rendered":"<p>Zocke mit dem schwarzen Razer Blackshark V2 HyperSpeed stundenlang mit einer Spitzen-Tonqualit\u00e4t. Dieses Headset verbindest du \u00fcber den USB-C-Dongle oder Bluetooth kabellos mit deinem PC. So hast du beim Zocken keinen Kabelsalat. Die Lautsprecher dieses Headsets sind titanbeschichtet und in drei Bereiche gegliedert. Dadurch genie\u00dft du einen satteren Sound mit deutlichem Bass sowie Mitten und H\u00f6hen. Mit Surround Sound genie\u00dft du einen 360-Grad-Sound deines Gameplays und wei\u00dft immer genau, aus welcher Richtung sich deine Gegner n\u00e4hern. So bist du ihnen immer einen Schritt voraus. Au\u00dferdem kommunizierst du dank der Rauschunterdr\u00fcckung des Mikrofons online ohne Hintergrundger\u00e4usche mit deinen Freunden. So kommen deine Kommentare immer deutlich r\u00fcber. Die durchschnittliche Akkulaufzeit des Headsets betr\u00e4gt 70 Stunden. So erlebst du ausgiebigen Gaming-Spa\u00df, ohne das Headset zwischendurch zu laden.<\/p>\n","protected":false},"featured_media":0,"comment_status":"closed","ping_status":"open","template":"","meta":{"_acf_changed":false},"brand":[3451],"product_brand":[],"product_cat":[3435],"product_tag":[3436],"class_list":{"0":"post-79784","1":"product","2":"type-product","3":"status-publish","5":"brand-razer","6":"product_cat-gaming-headsets","7":"product_tag-gaming-headsets","8":"pa_condition-new","9":"pa_coolblue-de-verzending-morgen-gratis-geliefert","10":"pa_ean-20447","11":"pa_mpn-rz04-04960100-r3m1","13":"first","14":"instock","15":"product-type-external"},"acf":[],"_links":{"self":[{"href":"https:\/\/onlinehardwareshop.de\/index.php\/wp-json\/wp\/v2\/product\/79784","targetHints":{"allow":["GET"]}}],"collection":[{"href":"https:\/\/onlinehardwareshop.de\/index.php\/wp-json\/wp\/v2\/product"}],"about":[{"href":"https:\/\/onlinehardwareshop.de\/index.php\/wp-json\/wp\/v2\/types\/product"}],"replies":[{"embeddable":true,"href":"https:\/\/onlinehardwareshop.de\/index.php\/wp-json\/wp\/v2\/comments?post=79784"}],"wp:attachment":[{"href":"https:\/\/onlinehardwareshop.de\/index.php\/wp-json\/wp\/v2\/media?parent=79784"}],"wp:term":[{"taxonomy":"brand","embeddable":true,"href":"https:\/\/onlinehardwareshop.de\/index.php\/wp-json\/wp\/v2\/brand?post=79784"},{"taxonomy":"product_brand","embeddable":true,"href":"https:\/\/onlinehardwareshop.de\/index.php\/wp-json\/wp\/v2\/product_brand?post=79784"},{"taxonomy":"product_cat","embeddable":true,"href":"https:\/\/onlinehardwareshop.de\/index.php\/wp-json\/wp\/v2\/product_cat?post=79784"},{"taxonomy":"product_tag","embeddable":true,"href":"https:\/\/onlinehardwareshop.de\/index.php\/wp-json\/wp\/v2\/product_tag?post=79784"}],"curies":[{"name":"wp","href":"https:\/\/api.w.org\/{rel}","templated":true}]}}