{"id":79728,"date":"2024-02-07T14:45:20","date_gmt":"2024-02-07T14:45:20","guid":{"rendered":"https:\/\/onlinehardwareshop.de\/index.php\/produkt\/wisberg-wb7cmaf30b-2\/"},"modified":"2025-05-14T12:11:33","modified_gmt":"2025-05-14T12:11:33","slug":"wisberg-wb7cmaf30b","status":"publish","type":"product","link":"https:\/\/onlinehardwareshop.de\/index.php\/produkt\/wisberg-wb7cmaf30b\/","title":{"rendered":"Wisberg WB7CMAF30B"},"content":{"rendered":"<p>Die WB7CMAF30B Kombi-Mikrowelle bietet dir genug Platz f\u00fcr deine gro\u00dfen Auflaufformen. Mit einem Fassungsverm\u00f6gen von 30 Litern passt hier eine gro\u00dfe Auflaufform oder auch ein ganzes H\u00e4hnchen hinein. Dank der Hei\u00dfluftfunktion bereitest du Pommes frites oder Gem\u00fcsesnacks mit wenig \u00d6l zu und erh\u00e4ltst trotzdem ein sch\u00f6n knuspriges Ergebnis. Mit einer Leistung von 1.000 Watt sind die Reste von gestern im Handumdrehen aufgew\u00e4rmt. So zauberst du innerhalb weniger Minuten einen warmen Teller Curry auf den Tisch. Bist du nicht sicher, welche Einstellungen die richtigen sind? Kein Problem, denn mit den 19 automatischen Zubereitungsprogrammen nimmt dir diese Mikrowelle die Arbeit ab. W\u00e4hle einfach das gew\u00fcnschte Gericht aus, gib das Gewicht an und das Ger\u00e4t nimmt automatisch die richtigen Einstellungen vor.<\/p>\n","protected":false},"excerpt":{"rendered":"<p>Die WB7CMAF30B Kombi-Mikrowelle bietet dir genug Platz f\u00fcr deine gro\u00dfen Auflaufformen. Mit einem Fassungsverm\u00f6gen von 30 Litern passt hier eine gro\u00dfe Auflaufform oder auch ein ganzes H\u00e4hnchen hinein. Dank der Hei\u00dfluftfunktion bereitest du Pommes frites oder Gem\u00fcsesnacks mit wenig \u00d6l zu und erh\u00e4ltst trotzdem ein sch\u00f6n knuspriges Ergebnis. Mit einer Leistung von 1.000 Watt sind die Reste von gestern im Handumdrehen aufgew\u00e4rmt. So zauberst du innerhalb weniger Minuten einen warmen Teller Curry auf den Tisch. Bist du nicht sicher, welche Einstellungen die richtigen sind? Kein Problem, denn mit den 19 automatischen Zubereitungsprogrammen nimmt dir diese Mikrowelle die Arbeit ab. W\u00e4hle einfach das gew\u00fcnschte Gericht aus, gib das Gewicht an und das Ger\u00e4t nimmt automatisch die richtigen Einstellungen vor.<\/p>\n","protected":false},"featured_media":0,"comment_status":"closed","ping_status":"open","template":"","meta":{"_acf_changed":false},"brand":[16705],"product_brand":[],"product_cat":[927],"product_tag":[928],"class_list":{"0":"post-79728","1":"product","2":"type-product","3":"status-publish","5":"brand-wisberg","6":"product_cat-mikrowellen","7":"product_tag-vrijstaande-combimagnetrons","8":"pa_condition-new","9":"pa_coolblue-de-verzending-morgen-gratis-geliefert","10":"pa_ean-32797","11":"pa_mpn-tc034e2lx-s00e0c","13":"first","14":"instock","15":"product-type-external"},"acf":[],"_links":{"self":[{"href":"https:\/\/onlinehardwareshop.de\/index.php\/wp-json\/wp\/v2\/product\/79728","targetHints":{"allow":["GET"]}}],"collection":[{"href":"https:\/\/onlinehardwareshop.de\/index.php\/wp-json\/wp\/v2\/product"}],"about":[{"href":"https:\/\/onlinehardwareshop.de\/index.php\/wp-json\/wp\/v2\/types\/product"}],"replies":[{"embeddable":true,"href":"https:\/\/onlinehardwareshop.de\/index.php\/wp-json\/wp\/v2\/comments?post=79728"}],"wp:attachment":[{"href":"https:\/\/onlinehardwareshop.de\/index.php\/wp-json\/wp\/v2\/media?parent=79728"}],"wp:term":[{"taxonomy":"brand","embeddable":true,"href":"https:\/\/onlinehardwareshop.de\/index.php\/wp-json\/wp\/v2\/brand?post=79728"},{"taxonomy":"product_brand","embeddable":true,"href":"https:\/\/onlinehardwareshop.de\/index.php\/wp-json\/wp\/v2\/product_brand?post=79728"},{"taxonomy":"product_cat","embeddable":true,"href":"https:\/\/onlinehardwareshop.de\/index.php\/wp-json\/wp\/v2\/product_cat?post=79728"},{"taxonomy":"product_tag","embeddable":true,"href":"https:\/\/onlinehardwareshop.de\/index.php\/wp-json\/wp\/v2\/product_tag?post=79728"}],"curies":[{"name":"wp","href":"https:\/\/api.w.org\/{rel}","templated":true}]}}