{"id":79361,"date":"2024-11-02T06:23:48","date_gmt":"2024-11-02T06:23:48","guid":{"rendered":"https:\/\/onlinehardwareshop.de\/index.php\/produkt\/siemens-ea64rgna1e-herdgesteuert-2\/"},"modified":"2025-05-14T11:41:24","modified_gmt":"2025-05-14T11:41:24","slug":"siemens-ea64rgna1e-herdgesteuert","status":"publish","type":"product","link":"https:\/\/onlinehardwareshop.de\/index.php\/produkt\/siemens-ea64rgna1e-herdgesteuert\/","title":{"rendered":"Siemens EA64RGNA1E &#8211; herdgesteuert"},"content":{"rendered":"<p>Mit dem Siemens EA64RGNA1E Einbau Elektrokochfeld und der Br\u00e4terzone bekochst du deine ganze Familie mit einem leckeren Abendessen. Denn diese Zone ist besonders lang und daher perfekt f\u00fcr gro\u00dfe Br\u00e4ter oder Bratpfannen geeignet. Du hast somit genug Platz, um einen Gulascheintopf zuzubereiten. Dank der Restw\u00e4rmeanzeige machst du dir nach dem Kochen keine Gedanken mehr um verbrannte Finger. Sie zeigt dir an, wann die Oberfl\u00e4che nicht mehr hei\u00df ist. M\u00f6chtest du eine besonders gro\u00dfe Menge Spaghetti Bolognese kochen? Dann nutzt du die Zweikreis-Zone. Sie passt sich an deine Bed\u00fcrfnisse an, denn sie ist auf Wunsch erweiterbar.<\/p>\n","protected":false},"excerpt":{"rendered":"<p>Mit dem Siemens EA64RGNA1E Einbau Elektrokochfeld und der Br\u00e4terzone bekochst du deine ganze Familie mit einem leckeren Abendessen. Denn diese Zone ist besonders lang und daher perfekt f\u00fcr gro\u00dfe Br\u00e4ter oder Bratpfannen geeignet. Du hast somit genug Platz, um einen Gulascheintopf zuzubereiten. Dank der Restw\u00e4rmeanzeige machst du dir nach dem Kochen keine Gedanken mehr um verbrannte Finger. Sie zeigt dir an, wann die Oberfl\u00e4che nicht mehr hei\u00df ist. M\u00f6chtest du eine besonders gro\u00dfe Menge Spaghetti Bolognese kochen? Dann nutzt du die Zweikreis-Zone. Sie passt sich an deine Bed\u00fcrfnisse an, denn sie ist auf Wunsch erweiterbar.<\/p>\n","protected":false},"featured_media":0,"comment_status":"closed","ping_status":"open","template":"","meta":{"_acf_changed":false},"brand":[2594],"product_brand":[],"product_cat":[2595],"product_tag":[2596],"class_list":{"0":"post-79361","1":"product","2":"type-product","3":"status-publish","5":"brand-siemens","6":"product_cat-kochfelder","7":"product_tag-inbouw-keramische-kookplaten","8":"pa_condition-new","9":"pa_coolblue-de-verzending-morgen-gratis-geliefert","10":"pa_ean-19530","11":"pa_mpn-ea64rgna1e","13":"first","14":"instock","15":"product-type-external"},"acf":[],"_links":{"self":[{"href":"https:\/\/onlinehardwareshop.de\/index.php\/wp-json\/wp\/v2\/product\/79361","targetHints":{"allow":["GET"]}}],"collection":[{"href":"https:\/\/onlinehardwareshop.de\/index.php\/wp-json\/wp\/v2\/product"}],"about":[{"href":"https:\/\/onlinehardwareshop.de\/index.php\/wp-json\/wp\/v2\/types\/product"}],"replies":[{"embeddable":true,"href":"https:\/\/onlinehardwareshop.de\/index.php\/wp-json\/wp\/v2\/comments?post=79361"}],"wp:attachment":[{"href":"https:\/\/onlinehardwareshop.de\/index.php\/wp-json\/wp\/v2\/media?parent=79361"}],"wp:term":[{"taxonomy":"brand","embeddable":true,"href":"https:\/\/onlinehardwareshop.de\/index.php\/wp-json\/wp\/v2\/brand?post=79361"},{"taxonomy":"product_brand","embeddable":true,"href":"https:\/\/onlinehardwareshop.de\/index.php\/wp-json\/wp\/v2\/product_brand?post=79361"},{"taxonomy":"product_cat","embeddable":true,"href":"https:\/\/onlinehardwareshop.de\/index.php\/wp-json\/wp\/v2\/product_cat?post=79361"},{"taxonomy":"product_tag","embeddable":true,"href":"https:\/\/onlinehardwareshop.de\/index.php\/wp-json\/wp\/v2\/product_tag?post=79361"}],"curies":[{"name":"wp","href":"https:\/\/api.w.org\/{rel}","templated":true}]}}