{"id":79318,"date":"2024-08-28T16:55:26","date_gmt":"2024-08-28T16:55:26","guid":{"rendered":"https:\/\/onlinehardwareshop.de\/index.php\/produkt\/tefal-optigrill-xl-gc7278-schwarz-2\/"},"modified":"2025-05-14T11:37:56","modified_gmt":"2025-05-14T11:37:56","slug":"tefal-optigrill-xl-gc7278-schwarz","status":"publish","type":"product","link":"https:\/\/onlinehardwareshop.de\/index.php\/produkt\/tefal-optigrill-xl-gc7278-schwarz\/","title":{"rendered":"Tefal OptiGrill+ XL GC7278 Schwarz"},"content":{"rendered":"<p>Mit dem Tefal OptiGrill+ XL GC7278 Schwarz grillst du f\u00fcr sechs bis acht Personen gleichzeitig. Das ist dank der gro\u00dfen Backfl\u00e4che von 40\u00a0x 20\u00a0cm kein Problem. Praktisch, wenn du h\u00e4ufig Besuch bekommst oder eine gro\u00dfe Familie hast. Dank der Garstufenanzeige wird das Fleisch nie zu lange durchgebraten, da die Anzeige dir Bescheid gibt, wenn das Fleisch den gew\u00fcnschten Garzustand erreicht hat. Super, so grillst du Fleisch immer genau so, wie du es gerne magst. Au\u00dferdem bietet der Kontaktgrill neun vorprogrammierte Backprogramme. So hast du auf Knopfdruck die richtigen Einstellungen. M\u00f6chtest du die Temperatur selbst einstellen? Dann nutze den Drehknopf an der Seite des Grills.<\/p>\n","protected":false},"excerpt":{"rendered":"<p>Mit dem Tefal OptiGrill+ XL GC7278 Schwarz grillst du f\u00fcr sechs bis acht Personen gleichzeitig. Das ist dank der gro\u00dfen Backfl\u00e4che von 40\u00a0x 20\u00a0cm kein Problem. Praktisch, wenn du h\u00e4ufig Besuch bekommst oder eine gro\u00dfe Familie hast. Dank der Garstufenanzeige wird das Fleisch nie zu lange durchgebraten, da die Anzeige dir Bescheid gibt, wenn das Fleisch den gew\u00fcnschten Garzustand erreicht hat. Super, so grillst du Fleisch immer genau so, wie du es gerne magst. Au\u00dferdem bietet der Kontaktgrill neun vorprogrammierte Backprogramme. So hast du auf Knopfdruck die richtigen Einstellungen. M\u00f6chtest du die Temperatur selbst einstellen? Dann nutze den Drehknopf an der Seite des Grills.<\/p>\n","protected":false},"featured_media":0,"comment_status":"closed","ping_status":"open","template":"","meta":{"_acf_changed":false},"brand":[506],"product_brand":[],"product_cat":[300],"product_tag":[301],"class_list":{"0":"post-79318","1":"product","2":"type-product","3":"status-publish","5":"brand-tefal","6":"product_cat-kontaktgrills","7":"product_tag-contactgrills","8":"pa_condition-new","9":"pa_coolblue-de-verzending-morgen-gratis-geliefert","10":"pa_ean-19441","11":"pa_mpn-gc7278","13":"first","14":"instock","15":"product-type-external"},"acf":[],"_links":{"self":[{"href":"https:\/\/onlinehardwareshop.de\/index.php\/wp-json\/wp\/v2\/product\/79318","targetHints":{"allow":["GET"]}}],"collection":[{"href":"https:\/\/onlinehardwareshop.de\/index.php\/wp-json\/wp\/v2\/product"}],"about":[{"href":"https:\/\/onlinehardwareshop.de\/index.php\/wp-json\/wp\/v2\/types\/product"}],"replies":[{"embeddable":true,"href":"https:\/\/onlinehardwareshop.de\/index.php\/wp-json\/wp\/v2\/comments?post=79318"}],"wp:attachment":[{"href":"https:\/\/onlinehardwareshop.de\/index.php\/wp-json\/wp\/v2\/media?parent=79318"}],"wp:term":[{"taxonomy":"brand","embeddable":true,"href":"https:\/\/onlinehardwareshop.de\/index.php\/wp-json\/wp\/v2\/brand?post=79318"},{"taxonomy":"product_brand","embeddable":true,"href":"https:\/\/onlinehardwareshop.de\/index.php\/wp-json\/wp\/v2\/product_brand?post=79318"},{"taxonomy":"product_cat","embeddable":true,"href":"https:\/\/onlinehardwareshop.de\/index.php\/wp-json\/wp\/v2\/product_cat?post=79318"},{"taxonomy":"product_tag","embeddable":true,"href":"https:\/\/onlinehardwareshop.de\/index.php\/wp-json\/wp\/v2\/product_tag?post=79318"}],"curies":[{"name":"wp","href":"https:\/\/api.w.org\/{rel}","templated":true}]}}