{"id":79213,"date":"2025-04-21T02:10:22","date_gmt":"2025-04-21T02:10:22","guid":{"rendered":"https:\/\/onlinehardwareshop.de\/index.php\/produkt\/displayschutz-just-in-case-tempered-glass-xiaomi-redmi-note-13-pro-2\/"},"modified":"2025-05-14T11:28:51","modified_gmt":"2025-05-14T11:28:51","slug":"displayschutz-just-in-case-tempered-glass-xiaomi-redmi-note-13-pro","status":"publish","type":"product","link":"https:\/\/onlinehardwareshop.de\/index.php\/produkt\/displayschutz-just-in-case-tempered-glass-xiaomi-redmi-note-13-pro\/","title":{"rendered":"Displayschutz Just In Case Tempered Glass Xiaomi Redmi Note 13 Pro"},"content":{"rendered":"<p>Mit dem Displayschutz Just In Case Tempered Xiaomi Redmi Note 13 Pro sch\u00fctzt du das Display deines Smartphones vor Besch\u00e4digungen. Daher kannst du dein Handy ruhig gemeinsam mit deinen Schl\u00fcsseln in deine Hosentasche stecken. Bei einem harten Schlag kann das Glas zwar brechen, das Display deines Smartphones wird dann allerdings gesch\u00fctzt. Der Case-Friendly-Displayschutz reicht nicht ganz bis zu den Displaykanten. Dadurch wird verhindert, dass deine Handyh\u00fclle den Just In Case Displayschutz vom Display dr\u00fcckt. Dieses Panzerglas ist ma\u00dfgefertigt f\u00fcr dein Redmi Note 13 Pro und verf\u00fcgt \u00fcber eine Aussparung f\u00fcr die Selfiekamera.<\/p>\n","protected":false},"excerpt":{"rendered":"<p>Mit dem Displayschutz Just In Case Tempered Xiaomi Redmi Note 13 Pro sch\u00fctzt du das Display deines Smartphones vor Besch\u00e4digungen. Daher kannst du dein Handy ruhig gemeinsam mit deinen Schl\u00fcsseln in deine Hosentasche stecken. Bei einem harten Schlag kann das Glas zwar brechen, das Display deines Smartphones wird dann allerdings gesch\u00fctzt. Der Case-Friendly-Displayschutz reicht nicht ganz bis zu den Displaykanten. Dadurch wird verhindert, dass deine Handyh\u00fclle den Just In Case Displayschutz vom Display dr\u00fcckt. Dieses Panzerglas ist ma\u00dfgefertigt f\u00fcr dein Redmi Note 13 Pro und verf\u00fcgt \u00fcber eine Aussparung f\u00fcr die Selfiekamera.<\/p>\n","protected":false},"featured_media":0,"comment_status":"closed","ping_status":"open","template":"","meta":{"_acf_changed":false},"brand":[4982],"product_brand":[],"product_cat":[5188],"product_tag":[19109],"class_list":{"0":"post-79213","1":"product","2":"type-product","3":"status-publish","5":"brand-just-in-case","6":"product_cat-displayschutzfolien-fr-mobiltelefone","7":"product_tag-screenprotectors-voor-xiaomi","8":"pa_condition-new","9":"pa_coolblue-de-verzending-morgen-gratis-geliefert","10":"pa_ean-19265","11":"pa_mpn-19266","13":"first","14":"instock","15":"product-type-external"},"acf":[],"_links":{"self":[{"href":"https:\/\/onlinehardwareshop.de\/index.php\/wp-json\/wp\/v2\/product\/79213","targetHints":{"allow":["GET"]}}],"collection":[{"href":"https:\/\/onlinehardwareshop.de\/index.php\/wp-json\/wp\/v2\/product"}],"about":[{"href":"https:\/\/onlinehardwareshop.de\/index.php\/wp-json\/wp\/v2\/types\/product"}],"replies":[{"embeddable":true,"href":"https:\/\/onlinehardwareshop.de\/index.php\/wp-json\/wp\/v2\/comments?post=79213"}],"wp:attachment":[{"href":"https:\/\/onlinehardwareshop.de\/index.php\/wp-json\/wp\/v2\/media?parent=79213"}],"wp:term":[{"taxonomy":"brand","embeddable":true,"href":"https:\/\/onlinehardwareshop.de\/index.php\/wp-json\/wp\/v2\/brand?post=79213"},{"taxonomy":"product_brand","embeddable":true,"href":"https:\/\/onlinehardwareshop.de\/index.php\/wp-json\/wp\/v2\/product_brand?post=79213"},{"taxonomy":"product_cat","embeddable":true,"href":"https:\/\/onlinehardwareshop.de\/index.php\/wp-json\/wp\/v2\/product_cat?post=79213"},{"taxonomy":"product_tag","embeddable":true,"href":"https:\/\/onlinehardwareshop.de\/index.php\/wp-json\/wp\/v2\/product_tag?post=79213"}],"curies":[{"name":"wp","href":"https:\/\/api.w.org\/{rel}","templated":true}]}}