{"id":79212,"date":"2024-04-25T14:39:49","date_gmt":"2024-04-25T14:39:49","guid":{"rendered":"https:\/\/onlinehardwareshop.de\/index.php\/produkt\/displayschutz-just-in-case-full-cover-motorola-edge-40-neo-schwarz-2\/"},"modified":"2025-05-14T11:28:46","modified_gmt":"2025-05-14T11:28:46","slug":"displayschutz-just-in-case-full-cover-motorola-edge-40-neo-schwarz","status":"publish","type":"product","link":"https:\/\/onlinehardwareshop.de\/index.php\/produkt\/displayschutz-just-in-case-full-cover-motorola-edge-40-neo-schwarz\/","title":{"rendered":"Displayschutz Just In Case Full Cover Motorola Edge 40 Neo Schwarz"},"content":{"rendered":"<p>Mit dem Panzerglas Just In Case Full Cover Motorola Edge 40 Neo Schwarz sch\u00fctzt du das Display deines Smartphones vor Besch\u00e4digungen. Dieses Panzerglas verhindert Kratzer und Macken auf deinem Display. Dadurch kannst du dein Handy ruhig gemeinsam mit deinem Schl\u00fcssel in deine Hosentasche stecken. Bei einem harten Schlag kann das Glas zwar brechen, das Display deines Smartphones wird dann allerdings gesch\u00fctzt. Dieser Full-Cover-Displayschutz reicht bis zu den R\u00e4ndern des Displays. Hierdurch wird zwar eine gr\u00f6\u00dfere Fl\u00e4che gesch\u00fctzt, das Handy passt damit aber nicht mehr in jede Handyh\u00fclle. Dieses Panzerglas ist ma\u00dfgefertigt f\u00fcr das Motorola Edge 40 Neo und hat eine Aussparung f\u00fcr die Selfiekamera.<\/p>\n","protected":false},"excerpt":{"rendered":"<p>Mit dem Panzerglas Just In Case Full Cover Motorola Edge 40 Neo Schwarz sch\u00fctzt du das Display deines Smartphones vor Besch\u00e4digungen. Dieses Panzerglas verhindert Kratzer und Macken auf deinem Display. Dadurch kannst du dein Handy ruhig gemeinsam mit deinem Schl\u00fcssel in deine Hosentasche stecken. Bei einem harten Schlag kann das Glas zwar brechen, das Display deines Smartphones wird dann allerdings gesch\u00fctzt. Dieser Full-Cover-Displayschutz reicht bis zu den R\u00e4ndern des Displays. Hierdurch wird zwar eine gr\u00f6\u00dfere Fl\u00e4che gesch\u00fctzt, das Handy passt damit aber nicht mehr in jede Handyh\u00fclle. Dieses Panzerglas ist ma\u00dfgefertigt f\u00fcr das Motorola Edge 40 Neo und hat eine Aussparung f\u00fcr die Selfiekamera.<\/p>\n","protected":false},"featured_media":0,"comment_status":"closed","ping_status":"open","template":"","meta":{"_acf_changed":false},"brand":[4982],"product_brand":[],"product_cat":[5188],"product_tag":[13939],"class_list":{"0":"post-79212","1":"product","2":"type-product","3":"status-publish","5":"brand-just-in-case","6":"product_cat-displayschutzfolien-fr-mobiltelefone","7":"product_tag-screenprotectors-voor-motorola","8":"pa_condition-new","9":"pa_coolblue-de-verzending-morgen-gratis-geliefert","10":"pa_ean-19261","11":"pa_mpn-19262","13":"first","14":"instock","15":"product-type-external"},"acf":[],"_links":{"self":[{"href":"https:\/\/onlinehardwareshop.de\/index.php\/wp-json\/wp\/v2\/product\/79212","targetHints":{"allow":["GET"]}}],"collection":[{"href":"https:\/\/onlinehardwareshop.de\/index.php\/wp-json\/wp\/v2\/product"}],"about":[{"href":"https:\/\/onlinehardwareshop.de\/index.php\/wp-json\/wp\/v2\/types\/product"}],"replies":[{"embeddable":true,"href":"https:\/\/onlinehardwareshop.de\/index.php\/wp-json\/wp\/v2\/comments?post=79212"}],"wp:attachment":[{"href":"https:\/\/onlinehardwareshop.de\/index.php\/wp-json\/wp\/v2\/media?parent=79212"}],"wp:term":[{"taxonomy":"brand","embeddable":true,"href":"https:\/\/onlinehardwareshop.de\/index.php\/wp-json\/wp\/v2\/brand?post=79212"},{"taxonomy":"product_brand","embeddable":true,"href":"https:\/\/onlinehardwareshop.de\/index.php\/wp-json\/wp\/v2\/product_brand?post=79212"},{"taxonomy":"product_cat","embeddable":true,"href":"https:\/\/onlinehardwareshop.de\/index.php\/wp-json\/wp\/v2\/product_cat?post=79212"},{"taxonomy":"product_tag","embeddable":true,"href":"https:\/\/onlinehardwareshop.de\/index.php\/wp-json\/wp\/v2\/product_tag?post=79212"}],"curies":[{"name":"wp","href":"https:\/\/api.w.org\/{rel}","templated":true}]}}