{"id":79126,"date":"2025-02-10T16:05:52","date_gmt":"2025-02-10T16:05:52","guid":{"rendered":"https:\/\/onlinehardwareshop.de\/index.php\/produkt\/samsung-t7-portable-ssd-4tb-grau-2\/"},"modified":"2025-05-14T11:21:29","modified_gmt":"2025-05-14T11:21:29","slug":"samsung-t7-portable-ssd-4tb-grau","status":"publish","type":"product","link":"https:\/\/onlinehardwareshop.de\/index.php\/produkt\/samsung-t7-portable-ssd-4tb-grau\/","title":{"rendered":"Samsung T7 Portable SSD 4TB Grau"},"content":{"rendered":"<p>Die Samsung T7 Portable SSD 4\u00a0TB Grau ist eine kompakte und blitzschnelle SSD, die du m\u00fchelos \u00fcberallhin mitnimmst. Mit dieser Geschwindigkeitsheldin \u00fcbertr\u00e4gst du deine Lieblingsfilme und -fotos mit 1\u00a0GB pro Sekunde. Das ist doppelt so schnell wie bei der T5. Ein 4K-Film mit 50\u00a0GB steht deshalb in weniger als einer Minute auf deiner SSD. Dieses Ger\u00e4t ist nur 8,5\u00a0cm lang und wiegt 58 Gramm. Du steckst es also einfach in deine Jacken- oder Hosentasche. F\u00e4llt es versehentlich heraus? Keine Sorge. Dank der Au\u00dfenseite aus Metall und einer Fallbest\u00e4ndigkeit aus bis zu zwei Metern H\u00f6he h\u00e4lt diese SSD das unbeschadet aus. Die T7 funktioniert mit fast jedem Ger\u00e4t mit einem USB-A- oder USB-C-Anschluss. Dar\u00fcber hinaus ist diese externe SSD auch zum Einsatz mit dem iPhone\u00a015, der PlayStation\u00a05 und der Xbox Series XIS geeignet.<\/p>\n","protected":false},"excerpt":{"rendered":"<p>Die Samsung T7 Portable SSD 4\u00a0TB Grau ist eine kompakte und blitzschnelle SSD, die du m\u00fchelos \u00fcberallhin mitnimmst. Mit dieser Geschwindigkeitsheldin \u00fcbertr\u00e4gst du deine Lieblingsfilme und -fotos mit 1\u00a0GB pro Sekunde. Das ist doppelt so schnell wie bei der T5. Ein 4K-Film mit 50\u00a0GB steht deshalb in weniger als einer Minute auf deiner SSD. Dieses Ger\u00e4t ist nur 8,5\u00a0cm lang und wiegt 58 Gramm. Du steckst es also einfach in deine Jacken- oder Hosentasche. F\u00e4llt es versehentlich heraus? Keine Sorge. Dank der Au\u00dfenseite aus Metall und einer Fallbest\u00e4ndigkeit aus bis zu zwei Metern H\u00f6he h\u00e4lt diese SSD das unbeschadet aus. Die T7 funktioniert mit fast jedem Ger\u00e4t mit einem USB-A- oder USB-C-Anschluss. Dar\u00fcber hinaus ist diese externe SSD auch zum Einsatz mit dem iPhone\u00a015, der PlayStation\u00a05 und der Xbox Series XIS geeignet.<\/p>\n","protected":false},"featured_media":0,"comment_status":"closed","ping_status":"open","template":"","meta":{"_acf_changed":false},"brand":[1165],"product_brand":[],"product_cat":[4819],"product_tag":[4820],"class_list":{"0":"post-79126","1":"product","2":"type-product","3":"status-publish","5":"brand-samsung","6":"product_cat-externe-ssds","7":"product_tag-harde-schijven-extern-ssd","8":"pa_condition-new","9":"pa_coolblue-de-verzending-morgen-gratis-geliefert","10":"pa_ean-19064","11":"pa_mpn-mu-pc4t0t-ww","13":"first","14":"instock","15":"product-type-external"},"acf":[],"_links":{"self":[{"href":"https:\/\/onlinehardwareshop.de\/index.php\/wp-json\/wp\/v2\/product\/79126","targetHints":{"allow":["GET"]}}],"collection":[{"href":"https:\/\/onlinehardwareshop.de\/index.php\/wp-json\/wp\/v2\/product"}],"about":[{"href":"https:\/\/onlinehardwareshop.de\/index.php\/wp-json\/wp\/v2\/types\/product"}],"replies":[{"embeddable":true,"href":"https:\/\/onlinehardwareshop.de\/index.php\/wp-json\/wp\/v2\/comments?post=79126"}],"wp:attachment":[{"href":"https:\/\/onlinehardwareshop.de\/index.php\/wp-json\/wp\/v2\/media?parent=79126"}],"wp:term":[{"taxonomy":"brand","embeddable":true,"href":"https:\/\/onlinehardwareshop.de\/index.php\/wp-json\/wp\/v2\/brand?post=79126"},{"taxonomy":"product_brand","embeddable":true,"href":"https:\/\/onlinehardwareshop.de\/index.php\/wp-json\/wp\/v2\/product_brand?post=79126"},{"taxonomy":"product_cat","embeddable":true,"href":"https:\/\/onlinehardwareshop.de\/index.php\/wp-json\/wp\/v2\/product_cat?post=79126"},{"taxonomy":"product_tag","embeddable":true,"href":"https:\/\/onlinehardwareshop.de\/index.php\/wp-json\/wp\/v2\/product_tag?post=79126"}],"curies":[{"name":"wp","href":"https:\/\/api.w.org\/{rel}","templated":true}]}}