{"id":79089,"date":"2025-01-28T14:59:20","date_gmt":"2025-01-28T14:59:20","guid":{"rendered":"https:\/\/onlinehardwareshop.de\/index.php\/produkt\/bluebuilt-magnetischer-datenschutz-displayschutz-fr-das-macbook-air-15-zoll-m2-m3-2\/"},"modified":"2025-05-14T11:18:05","modified_gmt":"2025-05-14T11:18:05","slug":"bluebuilt-magnetischer-datenschutz-displayschutz-fr-das-macbook-air-15-zoll-m2-m3","status":"publish","type":"product","link":"https:\/\/onlinehardwareshop.de\/index.php\/produkt\/bluebuilt-magnetischer-datenschutz-displayschutz-fr-das-macbook-air-15-zoll-m2-m3\/","title":{"rendered":"BlueBuilt Magnetischer Datenschutz-Displayschutz f&#xFC;r das MacBook Air 15 Zoll M2\/M3"},"content":{"rendered":"<p>Mit dem BlueBuilt Displayschutz f\u00fcr das MacBook Air 15 Zoll M2\/M3 sch\u00fctzt du deinen Laptopbildschirm und deine Daten. So bleibt dein Bildschirm so lange wie m\u00f6glich wie neu. Dieser Displayschutz ist magnetisch, sodass du ihn m\u00fchelos auf deinem MacBook befestigst und wieder abnimmst. Dank des Blickschutzfilters liest du nur, was auf dem Display steht, wenn du direkt davor sitzt. Versucht jemand mitzulesen? Dann sieht die Person nur einen schwarzen Bildschirm. Das ist praktisch, wenn du dein MacBook im B\u00fcro oder in der Bahn verwendest. Der Displayschutz ist speziell f\u00fcr das Apple MacBook Air 15 Zoll M2\/M3 gefertigt und Case-freundlich. Er passt somit genau auf dein MacBook, auch wenn du eine Laptoph\u00fclle verwendest.<\/p>\n","protected":false},"excerpt":{"rendered":"<p>Mit dem BlueBuilt Displayschutz f\u00fcr das MacBook Air 15 Zoll M2\/M3 sch\u00fctzt du deinen Laptopbildschirm und deine Daten. So bleibt dein Bildschirm so lange wie m\u00f6glich wie neu. Dieser Displayschutz ist magnetisch, sodass du ihn m\u00fchelos auf deinem MacBook befestigst und wieder abnimmst. Dank des Blickschutzfilters liest du nur, was auf dem Display steht, wenn du direkt davor sitzt. Versucht jemand mitzulesen? Dann sieht die Person nur einen schwarzen Bildschirm. Das ist praktisch, wenn du dein MacBook im B\u00fcro oder in der Bahn verwendest. Der Displayschutz ist speziell f\u00fcr das Apple MacBook Air 15 Zoll M2\/M3 gefertigt und Case-freundlich. Er passt somit genau auf dein MacBook, auch wenn du eine Laptoph\u00fclle verwendest.<\/p>\n","protected":false},"featured_media":0,"comment_status":"closed","ping_status":"open","template":"","meta":{"_acf_changed":false},"brand":[5893],"product_brand":[],"product_cat":[19000],"product_tag":[19001],"class_list":{"0":"post-79089","1":"product","2":"type-product","3":"status-publish","5":"brand-bluebuilt","6":"product_cat-displayschutz-fr-laptops","7":"product_tag-screenprotectors-voor-laptops","8":"pa_condition-new","9":"pa_coolblue-de-verzending-morgen-gratis-geliefert","10":"pa_ean-19004","11":"pa_mpn-bbmb15sp001","13":"first","14":"instock","15":"product-type-external"},"acf":[],"_links":{"self":[{"href":"https:\/\/onlinehardwareshop.de\/index.php\/wp-json\/wp\/v2\/product\/79089","targetHints":{"allow":["GET"]}}],"collection":[{"href":"https:\/\/onlinehardwareshop.de\/index.php\/wp-json\/wp\/v2\/product"}],"about":[{"href":"https:\/\/onlinehardwareshop.de\/index.php\/wp-json\/wp\/v2\/types\/product"}],"replies":[{"embeddable":true,"href":"https:\/\/onlinehardwareshop.de\/index.php\/wp-json\/wp\/v2\/comments?post=79089"}],"wp:attachment":[{"href":"https:\/\/onlinehardwareshop.de\/index.php\/wp-json\/wp\/v2\/media?parent=79089"}],"wp:term":[{"taxonomy":"brand","embeddable":true,"href":"https:\/\/onlinehardwareshop.de\/index.php\/wp-json\/wp\/v2\/brand?post=79089"},{"taxonomy":"product_brand","embeddable":true,"href":"https:\/\/onlinehardwareshop.de\/index.php\/wp-json\/wp\/v2\/product_brand?post=79089"},{"taxonomy":"product_cat","embeddable":true,"href":"https:\/\/onlinehardwareshop.de\/index.php\/wp-json\/wp\/v2\/product_cat?post=79089"},{"taxonomy":"product_tag","embeddable":true,"href":"https:\/\/onlinehardwareshop.de\/index.php\/wp-json\/wp\/v2\/product_tag?post=79089"}],"curies":[{"name":"wp","href":"https:\/\/api.w.org\/{rel}","templated":true}]}}