{"id":79088,"date":"2024-01-26T20:27:56","date_gmt":"2024-01-26T20:27:56","guid":{"rendered":"https:\/\/onlinehardwareshop.de\/index.php\/produkt\/bluebuilt-magnetischer-datenschutz-displayschutz-fr-das-macbook-pro-14-zoll-2\/"},"modified":"2025-05-14T11:18:01","modified_gmt":"2025-05-14T11:18:01","slug":"bluebuilt-magnetischer-datenschutz-displayschutz-fr-das-macbook-pro-14-zoll","status":"publish","type":"product","link":"https:\/\/onlinehardwareshop.de\/index.php\/produkt\/bluebuilt-magnetischer-datenschutz-displayschutz-fr-das-macbook-pro-14-zoll\/","title":{"rendered":"BlueBuilt Magnetischer Datenschutz-Displayschutz f&#xFC;r das MacBook Pro 14 Zoll"},"content":{"rendered":"<p>Mit dem BlueBuilt Displayschutz f\u00fcr das MacBook Pro 14 Zoll sch\u00fctzt du deinen Laptopbildschirm und deine Daten. So bleibt dein Bildschirm so lange wie m\u00f6glich wie neu. Dieser Displayschutz ist magnetisch, sodass du ihn m\u00fchelos auf deinem MacBook befestigst und wieder abnimmst. Dank des Blickschutzfilters liest du nur, was auf dem Display steht, wenn du direkt davor sitzt. Versucht jemand mitzulesen? Dann sieht die Person nur einen schwarzen Bildschirm. Das ist praktisch, wenn du dein MacBook im B\u00fcro oder in der Bahn verwendest. Der Displayschutz ist speziell f\u00fcr das Apple MacBook Pro 14 Zoll gefertigt und ist Case-freundlich. Er passt somit genau auf dein MacBook, auch wenn du eine Laptoph\u00fclle verwendest.<\/p>\n","protected":false},"excerpt":{"rendered":"<p>Mit dem BlueBuilt Displayschutz f\u00fcr das MacBook Pro 14 Zoll sch\u00fctzt du deinen Laptopbildschirm und deine Daten. So bleibt dein Bildschirm so lange wie m\u00f6glich wie neu. Dieser Displayschutz ist magnetisch, sodass du ihn m\u00fchelos auf deinem MacBook befestigst und wieder abnimmst. Dank des Blickschutzfilters liest du nur, was auf dem Display steht, wenn du direkt davor sitzt. Versucht jemand mitzulesen? Dann sieht die Person nur einen schwarzen Bildschirm. Das ist praktisch, wenn du dein MacBook im B\u00fcro oder in der Bahn verwendest. Der Displayschutz ist speziell f\u00fcr das Apple MacBook Pro 14 Zoll gefertigt und ist Case-freundlich. Er passt somit genau auf dein MacBook, auch wenn du eine Laptoph\u00fclle verwendest.<\/p>\n","protected":false},"featured_media":0,"comment_status":"closed","ping_status":"open","template":"","meta":{"_acf_changed":false},"brand":[5893],"product_brand":[],"product_cat":[19000],"product_tag":[19001],"class_list":{"0":"post-79088","1":"product","2":"type-product","3":"status-publish","5":"brand-bluebuilt","6":"product_cat-displayschutz-fr-laptops","7":"product_tag-screenprotectors-voor-laptops","8":"pa_condition-new","9":"pa_coolblue-de-verzending-morgen-gratis-geliefert","10":"pa_ean-19002","11":"pa_mpn-bbmb14sp001","13":"first","14":"instock","15":"product-type-external"},"acf":[],"_links":{"self":[{"href":"https:\/\/onlinehardwareshop.de\/index.php\/wp-json\/wp\/v2\/product\/79088","targetHints":{"allow":["GET"]}}],"collection":[{"href":"https:\/\/onlinehardwareshop.de\/index.php\/wp-json\/wp\/v2\/product"}],"about":[{"href":"https:\/\/onlinehardwareshop.de\/index.php\/wp-json\/wp\/v2\/types\/product"}],"replies":[{"embeddable":true,"href":"https:\/\/onlinehardwareshop.de\/index.php\/wp-json\/wp\/v2\/comments?post=79088"}],"wp:attachment":[{"href":"https:\/\/onlinehardwareshop.de\/index.php\/wp-json\/wp\/v2\/media?parent=79088"}],"wp:term":[{"taxonomy":"brand","embeddable":true,"href":"https:\/\/onlinehardwareshop.de\/index.php\/wp-json\/wp\/v2\/brand?post=79088"},{"taxonomy":"product_brand","embeddable":true,"href":"https:\/\/onlinehardwareshop.de\/index.php\/wp-json\/wp\/v2\/product_brand?post=79088"},{"taxonomy":"product_cat","embeddable":true,"href":"https:\/\/onlinehardwareshop.de\/index.php\/wp-json\/wp\/v2\/product_cat?post=79088"},{"taxonomy":"product_tag","embeddable":true,"href":"https:\/\/onlinehardwareshop.de\/index.php\/wp-json\/wp\/v2\/product_tag?post=79088"}],"curies":[{"name":"wp","href":"https:\/\/api.w.org\/{rel}","templated":true}]}}