{"id":78469,"date":"2025-02-13T10:24:47","date_gmt":"2025-02-13T10:24:47","guid":{"rendered":"https:\/\/onlinehardwareshop.de\/index.php\/produkt\/nilfisk-c-110-7-5-x-tra-car-home-2\/"},"modified":"2025-05-14T10:25:13","modified_gmt":"2025-05-14T10:25:13","slug":"nilfisk-c-110-7-5-x-tra-car-home","status":"publish","type":"product","link":"https:\/\/onlinehardwareshop.de\/index.php\/produkt\/nilfisk-c-110-7-5-x-tra-car-home\/","title":{"rendered":"Nilfisk C 110.7-5 X-TRA Car &#038; Home"},"content":{"rendered":"<p>Mit dem Nilfisk C 110.7-5 X-TRA Car &#038; Home erh\u00e4ltst du zus\u00e4tzlich zum C 110.7-5 X-TRA Hochdruckreinigerset auch einen Fl\u00e4chenreiniger, eine Autowaschb\u00fcrste, eine Schaumd\u00fcse und zwei Reinigungsmittel. Damit legst du sofort mit verschiedenen Reinigungsarbeiten los, wie etwa mit dem Putzen deines Fahrrads, deines Werkzeugs, deiner Terrasse oder deines Autos. Der Arbeitsdruck von 110\u00a0bar eignet sich f\u00fcr leichtere Reinigungsarbeiten. Muss dein Auto oder deine Terrasse einmal ordentlich geputzt werden? Dann verwende die mitgelieferte Waschb\u00fcrste zusammen mit dem Autoreinigungsmittel oder Steinreiniger, um die ben\u00f6tigte Zusatzpower einzusetzen. Der C 110.7-5 X-TRA l\u00e4sst sich dank seiner R\u00e4der problemlos verschieben. Nilfisk bietet eine lebenslange Garantie auf seine Produkte. So bist du beim Kauf immer abgesichert.<\/p>\n","protected":false},"excerpt":{"rendered":"<p>Mit dem Nilfisk C 110.7-5 X-TRA Car &#038; Home erh\u00e4ltst du zus\u00e4tzlich zum C 110.7-5 X-TRA Hochdruckreinigerset auch einen Fl\u00e4chenreiniger, eine Autowaschb\u00fcrste, eine Schaumd\u00fcse und zwei Reinigungsmittel. Damit legst du sofort mit verschiedenen Reinigungsarbeiten los, wie etwa mit dem Putzen deines Fahrrads, deines Werkzeugs, deiner Terrasse oder deines Autos. Der Arbeitsdruck von 110\u00a0bar eignet sich f\u00fcr leichtere Reinigungsarbeiten. Muss dein Auto oder deine Terrasse einmal ordentlich geputzt werden? Dann verwende die mitgelieferte Waschb\u00fcrste zusammen mit dem Autoreinigungsmittel oder Steinreiniger, um die ben\u00f6tigte Zusatzpower einzusetzen. Der C 110.7-5 X-TRA l\u00e4sst sich dank seiner R\u00e4der problemlos verschieben. Nilfisk bietet eine lebenslange Garantie auf seine Produkte. So bist du beim Kauf immer abgesichert.<\/p>\n","protected":false},"featured_media":0,"comment_status":"closed","ping_status":"open","template":"","meta":{"_acf_changed":false},"brand":[289],"product_brand":[],"product_cat":[2722],"product_tag":[2723],"class_list":{"0":"post-78469","1":"product","2":"type-product","3":"status-publish","5":"brand-nilfisk","6":"product_cat-hochdruckreiniger","7":"product_tag-hogedrukreinigers","8":"pa_condition-new","9":"pa_coolblue-de-verzending-morgen-gratis-geliefert","10":"pa_ean-17636","12":"first","13":"instock","14":"product-type-external"},"acf":[],"_links":{"self":[{"href":"https:\/\/onlinehardwareshop.de\/index.php\/wp-json\/wp\/v2\/product\/78469","targetHints":{"allow":["GET"]}}],"collection":[{"href":"https:\/\/onlinehardwareshop.de\/index.php\/wp-json\/wp\/v2\/product"}],"about":[{"href":"https:\/\/onlinehardwareshop.de\/index.php\/wp-json\/wp\/v2\/types\/product"}],"replies":[{"embeddable":true,"href":"https:\/\/onlinehardwareshop.de\/index.php\/wp-json\/wp\/v2\/comments?post=78469"}],"wp:attachment":[{"href":"https:\/\/onlinehardwareshop.de\/index.php\/wp-json\/wp\/v2\/media?parent=78469"}],"wp:term":[{"taxonomy":"brand","embeddable":true,"href":"https:\/\/onlinehardwareshop.de\/index.php\/wp-json\/wp\/v2\/brand?post=78469"},{"taxonomy":"product_brand","embeddable":true,"href":"https:\/\/onlinehardwareshop.de\/index.php\/wp-json\/wp\/v2\/product_brand?post=78469"},{"taxonomy":"product_cat","embeddable":true,"href":"https:\/\/onlinehardwareshop.de\/index.php\/wp-json\/wp\/v2\/product_cat?post=78469"},{"taxonomy":"product_tag","embeddable":true,"href":"https:\/\/onlinehardwareshop.de\/index.php\/wp-json\/wp\/v2\/product_tag?post=78469"}],"curies":[{"name":"wp","href":"https:\/\/api.w.org\/{rel}","templated":true}]}}