{"id":78468,"date":"2024-04-06T08:01:03","date_gmt":"2024-04-06T08:01:03","guid":{"rendered":"https:\/\/onlinehardwareshop.de\/index.php\/produkt\/nilfisk-premium-180-1-10-car-set-2\/"},"modified":"2025-05-14T10:25:08","modified_gmt":"2025-05-14T10:25:08","slug":"nilfisk-premium-180-1-10-car-set","status":"publish","type":"product","link":"https:\/\/onlinehardwareshop.de\/index.php\/produkt\/nilfisk-premium-180-1-10-car-set\/","title":{"rendered":"Nilfisk Premium 180.1-10 Car Set"},"content":{"rendered":"<p>Das Nilfisk Premium 180.1-10 Car Set eignet sich perfekt daf\u00fcr, gro\u00dfe Fl\u00e4chen schnell und m\u00fchelos zu reinigen. Dieser leistungsstarke Hochdruckreiniger arbeitet mit einem Wasserdruck von 180 bar, sodass dein Auto, deine Einfahrt, dein Pool oder dein Traktor rasch wieder strahlend sauber sind. Autowaschb\u00fcrste, Schaumd\u00fcse und Reinigungsmittel sind im Lieferumfang enthalten, sodass alles zur Hand ist, damit du sofort loslegst. Durch den einstellbaren Wasserdruck gelingen dir auch kleinere Arbeiten wie das Abspritzen von Gartenm\u00f6beln, Werkzeug oder deinem Fahrrad. Und auch der Lack deines Autos nimmt keinen Schaden. Nach Gebrauch rollst du den Hochdruckschlauch ganz einfach mit der Trommel auf. Die R\u00e4der und der Griff helfen dir, den Hochdruckreiniger problemlos fortzubewegen. Nilfisk bietet eine lebenslange Garantie auf seine Produkte. So bist du beim Kauf immer abgesichert.<\/p>\n","protected":false},"excerpt":{"rendered":"<p>Das Nilfisk Premium 180.1-10 Car Set eignet sich perfekt daf\u00fcr, gro\u00dfe Fl\u00e4chen schnell und m\u00fchelos zu reinigen. Dieser leistungsstarke Hochdruckreiniger arbeitet mit einem Wasserdruck von 180 bar, sodass dein Auto, deine Einfahrt, dein Pool oder dein Traktor rasch wieder strahlend sauber sind. Autowaschb\u00fcrste, Schaumd\u00fcse und Reinigungsmittel sind im Lieferumfang enthalten, sodass alles zur Hand ist, damit du sofort loslegst. Durch den einstellbaren Wasserdruck gelingen dir auch kleinere Arbeiten wie das Abspritzen von Gartenm\u00f6beln, Werkzeug oder deinem Fahrrad. Und auch der Lack deines Autos nimmt keinen Schaden. Nach Gebrauch rollst du den Hochdruckschlauch ganz einfach mit der Trommel auf. Die R\u00e4der und der Griff helfen dir, den Hochdruckreiniger problemlos fortzubewegen. Nilfisk bietet eine lebenslange Garantie auf seine Produkte. So bist du beim Kauf immer abgesichert.<\/p>\n","protected":false},"featured_media":0,"comment_status":"closed","ping_status":"open","template":"","meta":{"_acf_changed":false},"brand":[289],"product_brand":[],"product_cat":[2722],"product_tag":[2723],"class_list":{"0":"post-78468","1":"product","2":"type-product","3":"status-publish","5":"brand-nilfisk","6":"product_cat-hochdruckreiniger","7":"product_tag-hogedrukreinigers","8":"pa_condition-new","9":"pa_coolblue-de-verzending-morgen-gratis-geliefert","10":"pa_ean-29002","12":"first","13":"instock","14":"product-type-external"},"acf":[],"_links":{"self":[{"href":"https:\/\/onlinehardwareshop.de\/index.php\/wp-json\/wp\/v2\/product\/78468","targetHints":{"allow":["GET"]}}],"collection":[{"href":"https:\/\/onlinehardwareshop.de\/index.php\/wp-json\/wp\/v2\/product"}],"about":[{"href":"https:\/\/onlinehardwareshop.de\/index.php\/wp-json\/wp\/v2\/types\/product"}],"replies":[{"embeddable":true,"href":"https:\/\/onlinehardwareshop.de\/index.php\/wp-json\/wp\/v2\/comments?post=78468"}],"wp:attachment":[{"href":"https:\/\/onlinehardwareshop.de\/index.php\/wp-json\/wp\/v2\/media?parent=78468"}],"wp:term":[{"taxonomy":"brand","embeddable":true,"href":"https:\/\/onlinehardwareshop.de\/index.php\/wp-json\/wp\/v2\/brand?post=78468"},{"taxonomy":"product_brand","embeddable":true,"href":"https:\/\/onlinehardwareshop.de\/index.php\/wp-json\/wp\/v2\/product_brand?post=78468"},{"taxonomy":"product_cat","embeddable":true,"href":"https:\/\/onlinehardwareshop.de\/index.php\/wp-json\/wp\/v2\/product_cat?post=78468"},{"taxonomy":"product_tag","embeddable":true,"href":"https:\/\/onlinehardwareshop.de\/index.php\/wp-json\/wp\/v2\/product_tag?post=78468"}],"curies":[{"name":"wp","href":"https:\/\/api.w.org\/{rel}","templated":true}]}}