{"id":78463,"date":"2024-12-10T21:59:40","date_gmt":"2024-12-10T21:59:40","guid":{"rendered":"https:\/\/onlinehardwareshop.de\/index.php\/produkt\/nilfisk-excellent-160-car-set-2\/"},"modified":"2025-05-14T10:24:47","modified_gmt":"2025-05-14T10:24:47","slug":"nilfisk-excellent-160-car-set","status":"publish","type":"product","link":"https:\/\/onlinehardwareshop.de\/index.php\/produkt\/nilfisk-excellent-160-car-set\/","title":{"rendered":"Nilfisk Excellent 160 Car Set"},"content":{"rendered":"<p>Mit dem Nilfisk Excellent 160 Car Set geht Saubermachen einfach und schnell. Dieses Komplettset besteht aus Hochdruckreiniger, Autowaschb\u00fcrste, Schaumd\u00fcse und Reinigungsmittel. Mit einem Arbeitsdruck von 160 bar ist der Hochdruckreiniger perfekt f\u00fcr mittelgro\u00dfe bis gro\u00dfe Reinigungsaufgaben. M\u00fchelos spritzt du damit deine Gartenwerkzeuge, Mauern, deinen Wohnwagen und sogar dein Auto ab. Durch den einstellbaren Arbeitsdruck und die spezielle Autowaschb\u00fcrste mit weichen Haaren bleibt der Lack deines Autos im Topzustand. Durch seinen Griff und die R\u00e4der l\u00e4sst sich der Excellent 160 ohne Anstrengung fortbewegen. Nach Gebrauch rollst du den Hochdruckschlauch ordentlich auf die Trommel auf, sodass alles gleich wieder wegger\u00e4umt ist. Nilfisk bietet eine lebenslange Garantie auf seine Produkte. So bist du beim Kauf immer abgesichert.<\/p>\n","protected":false},"excerpt":{"rendered":"<p>Mit dem Nilfisk Excellent 160 Car Set geht Saubermachen einfach und schnell. Dieses Komplettset besteht aus Hochdruckreiniger, Autowaschb\u00fcrste, Schaumd\u00fcse und Reinigungsmittel. Mit einem Arbeitsdruck von 160 bar ist der Hochdruckreiniger perfekt f\u00fcr mittelgro\u00dfe bis gro\u00dfe Reinigungsaufgaben. M\u00fchelos spritzt du damit deine Gartenwerkzeuge, Mauern, deinen Wohnwagen und sogar dein Auto ab. Durch den einstellbaren Arbeitsdruck und die spezielle Autowaschb\u00fcrste mit weichen Haaren bleibt der Lack deines Autos im Topzustand. Durch seinen Griff und die R\u00e4der l\u00e4sst sich der Excellent 160 ohne Anstrengung fortbewegen. Nach Gebrauch rollst du den Hochdruckschlauch ordentlich auf die Trommel auf, sodass alles gleich wieder wegger\u00e4umt ist. Nilfisk bietet eine lebenslange Garantie auf seine Produkte. So bist du beim Kauf immer abgesichert.<\/p>\n","protected":false},"featured_media":0,"comment_status":"closed","ping_status":"open","template":"","meta":{"_acf_changed":false},"brand":[289],"product_brand":[],"product_cat":[2722],"product_tag":[2723],"class_list":{"0":"post-78463","1":"product","2":"type-product","3":"status-publish","5":"brand-nilfisk","6":"product_cat-hochdruckreiniger","7":"product_tag-hogedrukreinigers","8":"pa_condition-new","9":"pa_coolblue-de-verzending-morgen-gratis-geliefert","10":"pa_ean-17633","12":"first","13":"instock","14":"product-type-external"},"acf":[],"_links":{"self":[{"href":"https:\/\/onlinehardwareshop.de\/index.php\/wp-json\/wp\/v2\/product\/78463","targetHints":{"allow":["GET"]}}],"collection":[{"href":"https:\/\/onlinehardwareshop.de\/index.php\/wp-json\/wp\/v2\/product"}],"about":[{"href":"https:\/\/onlinehardwareshop.de\/index.php\/wp-json\/wp\/v2\/types\/product"}],"replies":[{"embeddable":true,"href":"https:\/\/onlinehardwareshop.de\/index.php\/wp-json\/wp\/v2\/comments?post=78463"}],"wp:attachment":[{"href":"https:\/\/onlinehardwareshop.de\/index.php\/wp-json\/wp\/v2\/media?parent=78463"}],"wp:term":[{"taxonomy":"brand","embeddable":true,"href":"https:\/\/onlinehardwareshop.de\/index.php\/wp-json\/wp\/v2\/brand?post=78463"},{"taxonomy":"product_brand","embeddable":true,"href":"https:\/\/onlinehardwareshop.de\/index.php\/wp-json\/wp\/v2\/product_brand?post=78463"},{"taxonomy":"product_cat","embeddable":true,"href":"https:\/\/onlinehardwareshop.de\/index.php\/wp-json\/wp\/v2\/product_cat?post=78463"},{"taxonomy":"product_tag","embeddable":true,"href":"https:\/\/onlinehardwareshop.de\/index.php\/wp-json\/wp\/v2\/product_tag?post=78463"}],"curies":[{"name":"wp","href":"https:\/\/api.w.org\/{rel}","templated":true}]}}