{"id":78462,"date":"2024-12-07T08:51:18","date_gmt":"2024-12-07T08:51:18","guid":{"rendered":"https:\/\/onlinehardwareshop.de\/index.php\/produkt\/nilfisk-core-150-powercontrol-car-set-2\/"},"modified":"2025-05-14T10:24:42","modified_gmt":"2025-05-14T10:24:42","slug":"nilfisk-core-150-powercontrol-car-set","status":"publish","type":"product","link":"https:\/\/onlinehardwareshop.de\/index.php\/produkt\/nilfisk-core-150-powercontrol-car-set\/","title":{"rendered":"Nilfisk Core 150 Powercontrol Car Set"},"content":{"rendered":"<p>Mit dem Nilfisk Core 150 PowerControl Car Set legst du sofort los mit dem Putzen. Dieses Set enth\u00e4lt alles, was du f\u00fcr verschiedene Reinigungsaufgaben brauchst. Verwende den Hochdruckreiniger, um dein Auto richtig sauber zu bekommen. Die Autowaschb\u00fcrste entfernt Schmutz ohne Kratzer und mit der Schaumd\u00fcse und dem Reinigungsmittel geh\u00f6rt hartn\u00e4ckiger Schmutz schnell der Vergangenheit an. Auch bei Gartenm\u00f6beln, Werkzeug, deinem Motorrad oder deinem Fahrrad hilft dir der Hochdruckreiniger. Den Wasserdruck passt du in drei Stufen einfach an jede T\u00e4tigkeit an. So verhinderst du beispielsweise Besch\u00e4digungen am Lack deines Autos. Auf seinen R\u00e4dern bewegst du den Hochdruckreiniger ohne Anstrengung von einem Einsatzort zum n\u00e4chsten. Bist du fertig mit dem Saubermachen, dann rollst du den Schlauch ordentlich auf die Trommel auf. Nilfisk bietet eine lebenslange Garantie auf seine Produkte. So bist du beim Kauf immer abgesichert.<\/p>\n","protected":false},"excerpt":{"rendered":"<p>Mit dem Nilfisk Core 150 PowerControl Car Set legst du sofort los mit dem Putzen. Dieses Set enth\u00e4lt alles, was du f\u00fcr verschiedene Reinigungsaufgaben brauchst. Verwende den Hochdruckreiniger, um dein Auto richtig sauber zu bekommen. Die Autowaschb\u00fcrste entfernt Schmutz ohne Kratzer und mit der Schaumd\u00fcse und dem Reinigungsmittel geh\u00f6rt hartn\u00e4ckiger Schmutz schnell der Vergangenheit an. Auch bei Gartenm\u00f6beln, Werkzeug, deinem Motorrad oder deinem Fahrrad hilft dir der Hochdruckreiniger. Den Wasserdruck passt du in drei Stufen einfach an jede T\u00e4tigkeit an. So verhinderst du beispielsweise Besch\u00e4digungen am Lack deines Autos. Auf seinen R\u00e4dern bewegst du den Hochdruckreiniger ohne Anstrengung von einem Einsatzort zum n\u00e4chsten. Bist du fertig mit dem Saubermachen, dann rollst du den Schlauch ordentlich auf die Trommel auf. Nilfisk bietet eine lebenslange Garantie auf seine Produkte. So bist du beim Kauf immer abgesichert.<\/p>\n","protected":false},"featured_media":0,"comment_status":"closed","ping_status":"open","template":"","meta":{"_acf_changed":false},"brand":[289],"product_brand":[],"product_cat":[2722],"product_tag":[2723],"class_list":{"0":"post-78462","1":"product","2":"type-product","3":"status-publish","5":"brand-nilfisk","6":"product_cat-hochdruckreiniger","7":"product_tag-hogedrukreinigers","8":"pa_condition-new","9":"pa_coolblue-de-verzending-morgen-gratis-geliefert","10":"pa_ean-17632","12":"first","13":"instock","14":"product-type-external"},"acf":[],"_links":{"self":[{"href":"https:\/\/onlinehardwareshop.de\/index.php\/wp-json\/wp\/v2\/product\/78462","targetHints":{"allow":["GET"]}}],"collection":[{"href":"https:\/\/onlinehardwareshop.de\/index.php\/wp-json\/wp\/v2\/product"}],"about":[{"href":"https:\/\/onlinehardwareshop.de\/index.php\/wp-json\/wp\/v2\/types\/product"}],"replies":[{"embeddable":true,"href":"https:\/\/onlinehardwareshop.de\/index.php\/wp-json\/wp\/v2\/comments?post=78462"}],"wp:attachment":[{"href":"https:\/\/onlinehardwareshop.de\/index.php\/wp-json\/wp\/v2\/media?parent=78462"}],"wp:term":[{"taxonomy":"brand","embeddable":true,"href":"https:\/\/onlinehardwareshop.de\/index.php\/wp-json\/wp\/v2\/brand?post=78462"},{"taxonomy":"product_brand","embeddable":true,"href":"https:\/\/onlinehardwareshop.de\/index.php\/wp-json\/wp\/v2\/product_brand?post=78462"},{"taxonomy":"product_cat","embeddable":true,"href":"https:\/\/onlinehardwareshop.de\/index.php\/wp-json\/wp\/v2\/product_cat?post=78462"},{"taxonomy":"product_tag","embeddable":true,"href":"https:\/\/onlinehardwareshop.de\/index.php\/wp-json\/wp\/v2\/product_tag?post=78462"}],"curies":[{"name":"wp","href":"https:\/\/api.w.org\/{rel}","templated":true}]}}