{"id":78461,"date":"2024-02-05T15:51:17","date_gmt":"2024-02-05T15:51:17","guid":{"rendered":"https:\/\/onlinehardwareshop.de\/index.php\/produkt\/nilfisk-core-140-powercontrol-in-hand-car-2\/"},"modified":"2025-05-14T10:24:37","modified_gmt":"2025-05-14T10:24:37","slug":"nilfisk-core-140-powercontrol-in-hand-car","status":"publish","type":"product","link":"https:\/\/onlinehardwareshop.de\/index.php\/produkt\/nilfisk-core-140-powercontrol-in-hand-car\/","title":{"rendered":"Nilfisk Core 140 PowerControl In-Hand Car"},"content":{"rendered":"<p>Mit dem Nilfisk Core 140 PowerControl In-Hand Car erh\u00e4ltst du nicht nur einen Hochdruckreiniger, sondern auch eine Autowaschb\u00fcrste sowie Reinigungsmittel. Damit legst du sofort mit dem Putzen deines Autos los. Der Lack des Autos wird nicht besch\u00e4digt, da du den Wasserdruck f\u00fcr dein Projekt selbst anpasst. Zudem erledigst du dank des Arbeitsdrucks von 140\u00a0bar auch problemlos andere Aufgaben. Zum Beispiel spritzt du deine Gartenger\u00e4te, dein Motorrad oder Fahrrad sauber. Im Lieferumfang sind neben einer Autowaschb\u00fcrste und dem Reinigungsmittel auch eine Dreckfr\u00e4se, eine Spr\u00fchlanze und ein Wasserfilter enthalten. Dank seiner R\u00e4der bewegst du den Hochdruckreiniger m\u00fchelos. Nach der Nutzung rollst du den Hochdruckschlauch wieder fest auf die Trommel. Nilfisk bietet eine lebenslange Garantie auf seine Produkte. So bist du beim Kauf immer abgesichert.<\/p>\n","protected":false},"excerpt":{"rendered":"<p>Mit dem Nilfisk Core 140 PowerControl In-Hand Car erh\u00e4ltst du nicht nur einen Hochdruckreiniger, sondern auch eine Autowaschb\u00fcrste sowie Reinigungsmittel. Damit legst du sofort mit dem Putzen deines Autos los. Der Lack des Autos wird nicht besch\u00e4digt, da du den Wasserdruck f\u00fcr dein Projekt selbst anpasst. Zudem erledigst du dank des Arbeitsdrucks von 140\u00a0bar auch problemlos andere Aufgaben. Zum Beispiel spritzt du deine Gartenger\u00e4te, dein Motorrad oder Fahrrad sauber. Im Lieferumfang sind neben einer Autowaschb\u00fcrste und dem Reinigungsmittel auch eine Dreckfr\u00e4se, eine Spr\u00fchlanze und ein Wasserfilter enthalten. Dank seiner R\u00e4der bewegst du den Hochdruckreiniger m\u00fchelos. Nach der Nutzung rollst du den Hochdruckschlauch wieder fest auf die Trommel. Nilfisk bietet eine lebenslange Garantie auf seine Produkte. So bist du beim Kauf immer abgesichert.<\/p>\n","protected":false},"featured_media":0,"comment_status":"closed","ping_status":"open","template":"","meta":{"_acf_changed":false},"brand":[289],"product_brand":[],"product_cat":[2722],"product_tag":[2723],"class_list":{"0":"post-78461","1":"product","2":"type-product","3":"status-publish","5":"brand-nilfisk","6":"product_cat-hochdruckreiniger","7":"product_tag-hogedrukreinigers","8":"pa_condition-new","9":"pa_coolblue-de-verzending-morgen-gratis-geliefert","10":"pa_ean-17631","12":"first","13":"instock","14":"product-type-external"},"acf":[],"_links":{"self":[{"href":"https:\/\/onlinehardwareshop.de\/index.php\/wp-json\/wp\/v2\/product\/78461","targetHints":{"allow":["GET"]}}],"collection":[{"href":"https:\/\/onlinehardwareshop.de\/index.php\/wp-json\/wp\/v2\/product"}],"about":[{"href":"https:\/\/onlinehardwareshop.de\/index.php\/wp-json\/wp\/v2\/types\/product"}],"replies":[{"embeddable":true,"href":"https:\/\/onlinehardwareshop.de\/index.php\/wp-json\/wp\/v2\/comments?post=78461"}],"wp:attachment":[{"href":"https:\/\/onlinehardwareshop.de\/index.php\/wp-json\/wp\/v2\/media?parent=78461"}],"wp:term":[{"taxonomy":"brand","embeddable":true,"href":"https:\/\/onlinehardwareshop.de\/index.php\/wp-json\/wp\/v2\/brand?post=78461"},{"taxonomy":"product_brand","embeddable":true,"href":"https:\/\/onlinehardwareshop.de\/index.php\/wp-json\/wp\/v2\/product_brand?post=78461"},{"taxonomy":"product_cat","embeddable":true,"href":"https:\/\/onlinehardwareshop.de\/index.php\/wp-json\/wp\/v2\/product_cat?post=78461"},{"taxonomy":"product_tag","embeddable":true,"href":"https:\/\/onlinehardwareshop.de\/index.php\/wp-json\/wp\/v2\/product_tag?post=78461"}],"curies":[{"name":"wp","href":"https:\/\/api.w.org\/{rel}","templated":true}]}}