{"id":78460,"date":"2025-04-08T18:07:07","date_gmt":"2025-04-08T18:07:07","guid":{"rendered":"https:\/\/onlinehardwareshop.de\/index.php\/produkt\/nilfisk-core-125-5-car-set-2\/"},"modified":"2025-05-14T10:24:33","modified_gmt":"2025-05-14T10:24:33","slug":"nilfisk-core-125-5-car-set","status":"publish","type":"product","link":"https:\/\/onlinehardwareshop.de\/index.php\/produkt\/nilfisk-core-125-5-car-set\/","title":{"rendered":"Nilfisk Core 125-5 Car Set"},"content":{"rendered":"<p>Beginne sofort mit dem Putzen mit dem Nilfisk Core 125-5 Car Set. Dieser Hochdruckreiniger bekommt dein Auto ohne Anstrengung wieder sauber. Die mitgelieferte Autowaschb\u00fcrste hilft dir, den Lack ohne Besch\u00e4digung zu reinigen. Verwende die Schaumd\u00fcse f\u00fcr das Entfernen von hartn\u00e4ckigem Schmutz. Das Reinigungsmittel sorgt daf\u00fcr, dass du ein optimales Ergebnis erzielst. Du passt den Wasserdruck m\u00fchelos an jede T\u00e4tigkeit an und mit der Spr\u00fchlanze machst du zudem dein Fahrrad oder Gartenwerkzeuge im Nu wieder sauber. Die Dreckfr\u00e4se entfernt sogar den hartn\u00e4ckigsten Schmutz ohne Weiteres. Der Wasserfilter verhindert Verstopfungen. Nach Gebrauch rollst du den Hochdruckschlauch ordentlich im Aufbewahrungsfach des Hochdruckreinigers auf. Nilfisk bietet eine lebenslange Garantie auf seine Produkte. So bist du beim Kauf immer abgesichert.<\/p>\n","protected":false},"excerpt":{"rendered":"<p>Beginne sofort mit dem Putzen mit dem Nilfisk Core 125-5 Car Set. Dieser Hochdruckreiniger bekommt dein Auto ohne Anstrengung wieder sauber. Die mitgelieferte Autowaschb\u00fcrste hilft dir, den Lack ohne Besch\u00e4digung zu reinigen. Verwende die Schaumd\u00fcse f\u00fcr das Entfernen von hartn\u00e4ckigem Schmutz. Das Reinigungsmittel sorgt daf\u00fcr, dass du ein optimales Ergebnis erzielst. Du passt den Wasserdruck m\u00fchelos an jede T\u00e4tigkeit an und mit der Spr\u00fchlanze machst du zudem dein Fahrrad oder Gartenwerkzeuge im Nu wieder sauber. Die Dreckfr\u00e4se entfernt sogar den hartn\u00e4ckigsten Schmutz ohne Weiteres. Der Wasserfilter verhindert Verstopfungen. Nach Gebrauch rollst du den Hochdruckschlauch ordentlich im Aufbewahrungsfach des Hochdruckreinigers auf. Nilfisk bietet eine lebenslange Garantie auf seine Produkte. So bist du beim Kauf immer abgesichert.<\/p>\n","protected":false},"featured_media":0,"comment_status":"closed","ping_status":"open","template":"","meta":{"_acf_changed":false},"brand":[289],"product_brand":[],"product_cat":[2722],"product_tag":[2723],"class_list":{"0":"post-78460","1":"product","2":"type-product","3":"status-publish","5":"brand-nilfisk","6":"product_cat-hochdruckreiniger","7":"product_tag-hogedrukreinigers","8":"pa_condition-new","9":"pa_coolblue-de-verzending-morgen-gratis-geliefert","10":"pa_ean-17630","12":"first","13":"instock","14":"product-type-external"},"acf":[],"_links":{"self":[{"href":"https:\/\/onlinehardwareshop.de\/index.php\/wp-json\/wp\/v2\/product\/78460","targetHints":{"allow":["GET"]}}],"collection":[{"href":"https:\/\/onlinehardwareshop.de\/index.php\/wp-json\/wp\/v2\/product"}],"about":[{"href":"https:\/\/onlinehardwareshop.de\/index.php\/wp-json\/wp\/v2\/types\/product"}],"replies":[{"embeddable":true,"href":"https:\/\/onlinehardwareshop.de\/index.php\/wp-json\/wp\/v2\/comments?post=78460"}],"wp:attachment":[{"href":"https:\/\/onlinehardwareshop.de\/index.php\/wp-json\/wp\/v2\/media?parent=78460"}],"wp:term":[{"taxonomy":"brand","embeddable":true,"href":"https:\/\/onlinehardwareshop.de\/index.php\/wp-json\/wp\/v2\/brand?post=78460"},{"taxonomy":"product_brand","embeddable":true,"href":"https:\/\/onlinehardwareshop.de\/index.php\/wp-json\/wp\/v2\/product_brand?post=78460"},{"taxonomy":"product_cat","embeddable":true,"href":"https:\/\/onlinehardwareshop.de\/index.php\/wp-json\/wp\/v2\/product_cat?post=78460"},{"taxonomy":"product_tag","embeddable":true,"href":"https:\/\/onlinehardwareshop.de\/index.php\/wp-json\/wp\/v2\/product_tag?post=78460"}],"curies":[{"name":"wp","href":"https:\/\/api.w.org\/{rel}","templated":true}]}}