{"id":78454,"date":"2024-07-24T16:01:27","date_gmt":"2024-07-24T16:01:27","guid":{"rendered":"https:\/\/onlinehardwareshop.de\/index.php\/produkt\/nilfisk-excellent-170-home-set-2\/"},"modified":"2025-05-14T10:24:08","modified_gmt":"2025-05-14T10:24:08","slug":"nilfisk-excellent-170-home-set","status":"publish","type":"product","link":"https:\/\/onlinehardwareshop.de\/index.php\/produkt\/nilfisk-excellent-170-home-set\/","title":{"rendered":"Nilfisk Excellent 170 Home Set"},"content":{"rendered":"<p>Mit dem Nilfisk Excellent 170 Home Set beginnst du schnell mit dem Saubermachen. Dieser Hochdruckreiniger kommt mit Fl\u00e4chenreiniger, Schaumd\u00fcse und Reinigungsmittel. So machst du dich gleich ans Werk und erledigst diverse Reinigungsaufgaben. Dank der hohen Kapazit\u00e4t von 60 Quadratmetern ist deine Terrasse oder deine Einfahrt im Nu vorzeigbar. Auch andere T\u00e4tigkeiten erleichtert dir das Ger\u00e4t, zum Beispiel deinen Wohnwagen, deinen Pool oder deinen Sichtschutz abspritzen. Der Arbeitsdruck l\u00e4sst sich einstellen, sodass du auch empfindliche Oberfl\u00e4chen wie den Lack deines Autos besch\u00e4digungsfrei s\u00e4uberst und Sand zwischen Fliesen entfernst. Der Excellent 170 l\u00e4sst sich auf seinen R\u00e4dern m\u00fchelos bewegen und nach Gebrauch rollst du den Schlauch ordentlich auf die Trommel auf. Nilfisk bietet eine lebenslange Garantie auf seine Produkte. So bist du beim Kauf immer abgesichert.<\/p>\n","protected":false},"excerpt":{"rendered":"<p>Mit dem Nilfisk Excellent 170 Home Set beginnst du schnell mit dem Saubermachen. Dieser Hochdruckreiniger kommt mit Fl\u00e4chenreiniger, Schaumd\u00fcse und Reinigungsmittel. So machst du dich gleich ans Werk und erledigst diverse Reinigungsaufgaben. Dank der hohen Kapazit\u00e4t von 60 Quadratmetern ist deine Terrasse oder deine Einfahrt im Nu vorzeigbar. Auch andere T\u00e4tigkeiten erleichtert dir das Ger\u00e4t, zum Beispiel deinen Wohnwagen, deinen Pool oder deinen Sichtschutz abspritzen. Der Arbeitsdruck l\u00e4sst sich einstellen, sodass du auch empfindliche Oberfl\u00e4chen wie den Lack deines Autos besch\u00e4digungsfrei s\u00e4uberst und Sand zwischen Fliesen entfernst. Der Excellent 170 l\u00e4sst sich auf seinen R\u00e4dern m\u00fchelos bewegen und nach Gebrauch rollst du den Schlauch ordentlich auf die Trommel auf. Nilfisk bietet eine lebenslange Garantie auf seine Produkte. So bist du beim Kauf immer abgesichert.<\/p>\n","protected":false},"featured_media":0,"comment_status":"closed","ping_status":"open","template":"","meta":{"_acf_changed":false},"brand":[289],"product_brand":[],"product_cat":[2722],"product_tag":[2723],"class_list":{"0":"post-78454","1":"product","2":"type-product","3":"status-publish","5":"brand-nilfisk","6":"product_cat-hochdruckreiniger","7":"product_tag-hogedrukreinigers","8":"pa_condition-new","9":"pa_coolblue-de-verzending-morgen-gratis-geliefert","10":"pa_ean-28998","12":"first","13":"instock","14":"product-type-external"},"acf":[],"_links":{"self":[{"href":"https:\/\/onlinehardwareshop.de\/index.php\/wp-json\/wp\/v2\/product\/78454","targetHints":{"allow":["GET"]}}],"collection":[{"href":"https:\/\/onlinehardwareshop.de\/index.php\/wp-json\/wp\/v2\/product"}],"about":[{"href":"https:\/\/onlinehardwareshop.de\/index.php\/wp-json\/wp\/v2\/types\/product"}],"replies":[{"embeddable":true,"href":"https:\/\/onlinehardwareshop.de\/index.php\/wp-json\/wp\/v2\/comments?post=78454"}],"wp:attachment":[{"href":"https:\/\/onlinehardwareshop.de\/index.php\/wp-json\/wp\/v2\/media?parent=78454"}],"wp:term":[{"taxonomy":"brand","embeddable":true,"href":"https:\/\/onlinehardwareshop.de\/index.php\/wp-json\/wp\/v2\/brand?post=78454"},{"taxonomy":"product_brand","embeddable":true,"href":"https:\/\/onlinehardwareshop.de\/index.php\/wp-json\/wp\/v2\/product_brand?post=78454"},{"taxonomy":"product_cat","embeddable":true,"href":"https:\/\/onlinehardwareshop.de\/index.php\/wp-json\/wp\/v2\/product_cat?post=78454"},{"taxonomy":"product_tag","embeddable":true,"href":"https:\/\/onlinehardwareshop.de\/index.php\/wp-json\/wp\/v2\/product_tag?post=78454"}],"curies":[{"name":"wp","href":"https:\/\/api.w.org\/{rel}","templated":true}]}}